{"id":9424,"date":"2025-06-26T14:31:32","date_gmt":"2025-06-26T11:31:32","guid":{"rendered":"https:\/\/birimler.atauni.edu.tr\/turk-dili-ve-edebiyati\/?page_id=9424"},"modified":"2025-08-03T14:52:22","modified_gmt":"2025-08-03T11:52:22","slug":"haberler","status":"publish","type":"page","link":"https:\/\/atauni.edu.tr\/turk-dili-ve-edebiyati\/haberler\/","title":{"rendered":"Haberler"},"content":{"rendered":"<form method=\"get\" class=\"row g-3\" style=\"margin-bottom: 20px;\"><div class=\"col-md-3\"><input type=\"text\" name=\"haber_ara\" class=\"form-control\" placeholder=\"Haber ara...\" value=\"\"><\/div><div class=\"col-md-3\"><input type=\"date\" name=\"baslangic_tarihi\" class=\"form-control\" value=\"\"><\/div><div class=\"col-md-3\"><input type=\"date\" name=\"bitis_tarihi\" class=\"form-control\" value=\"\"><\/div><div class=\"col-md-3\"><button type=\"submit\" class=\"btn btn-secondary w-50\">Filtrele<\/button><\/div><\/form><ul class=\"kategori-yazilari-liste\"><li style=\"display: flex; margin-bottom: 10px; align-items: center;\"><div class=\"post-thumbnail\" style=\"margin-right: 15px;\"><a href=\"https:\/\/atauni.edu.tr\/turk-dili-ve-edebiyati\/2025\/11\/07\/ataturk-universitesi-doktora-mezuniyet-ve-en-iyi-tez-odul-torenine-turk-dili-ve-edebiyati-doktora-mezunlari-katildi\/\"><img decoding=\"async\" width=\"150\" height=\"150\" src=\"https:\/\/atauni.edu.tr\/turk-dili-ve-edebiyati\/wp-content\/uploads\/sites\/169\/2025\/11\/WhatsApp-Image-2025-11-12-at-17.10.51-1-150x150.jpeg\" class=\"attachment-thumbnail size-thumbnail wp-post-image\" alt=\"\" \/><\/a><\/div><div class=\"post-content\" style=\"flex-grow: 1;\"><span class=\"post-date habertarih\" style=\"display: block; font-weight: bold; margin-bottom: 5px;\">7 Kas\u0131m 2025<\/span><a class=\"haberbaslik\" href=\"https:\/\/atauni.edu.tr\/turk-dili-ve-edebiyati\/2025\/11\/07\/ataturk-universitesi-doktora-mezuniyet-ve-en-iyi-tez-odul-torenine-turk-dili-ve-edebiyati-doktora-mezunlari-katildi\/\">Atat\u00fcrk \u00dcniversitesi Doktora Mezuniyet ve En \u0130yi Tez \u00d6d\u00fcl T\u00f6renine T\u00fcrk Dili ve Edebiyat\u0131 doktora mezunlar\u0131 kat\u0131ld\u0131.<\/a><\/div><\/li><li style=\"display: flex; margin-bottom: 10px; align-items: center;\"><div class=\"post-thumbnail\" style=\"margin-right: 15px;\"><a href=\"https:\/\/atauni.edu.tr\/turk-dili-ve-edebiyati\/2025\/10\/03\/turk-dili-ve-edebiyati-bolumu-2025-2026-egitim-ogretim-yili-icin-oryantasyon-programi-duzenledi\/\"><img decoding=\"async\" width=\"150\" height=\"150\" src=\"https:\/\/atauni.edu.tr\/turk-dili-ve-edebiyati\/wp-content\/uploads\/sites\/169\/2025\/10\/8f391bfc-cd0f-494e-973f-70281ad39883-150x150.jpg\" class=\"attachment-thumbnail size-thumbnail wp-post-image\" alt=\"\" \/><\/a><\/div><div class=\"post-content\" style=\"flex-grow: 1;\"><span class=\"post-date habertarih\" style=\"display: block; font-weight: bold; margin-bottom: 5px;\">3 Ekim 2025<\/span><a class=\"haberbaslik\" href=\"https:\/\/atauni.edu.tr\/turk-dili-ve-edebiyati\/2025\/10\/03\/turk-dili-ve-edebiyati-bolumu-2025-2026-egitim-ogretim-yili-icin-oryantasyon-programi-duzenledi\/\">T\u00fcrk Dili ve Edebiyat\u0131 b\u00f6l\u00fcm\u00fc 2025-2026 E\u011fitim \u00d6\u011fretim y\u0131l\u0131 i\u00e7in Oryantasyon Program\u0131 d\u00fczenledi.<\/a><\/div><\/li><li style=\"display: flex; margin-bottom: 10px; align-items: center;\"><div class=\"post-thumbnail\" style=\"margin-right: 15px;\"><a href=\"https:\/\/atauni.edu.tr\/turk-dili-ve-edebiyati\/2025\/06\/13\/doc-dr-servet-tiken-ve-ars-gor-dr-ozlem-surucu-bilimsel-tesvik-odulune-layik-goruldu\/\"><img decoding=\"async\" width=\"150\" height=\"150\" src=\"https:\/\/atauni.edu.tr\/turk-dili-ve-edebiyati\/wp-content\/uploads\/sites\/169\/2025\/06\/Ekran-goruntusu-2025-06-12-164626-150x150.png\" class=\"attachment-thumbnail size-thumbnail wp-post-image\" alt=\"\" \/><\/a><\/div><div class=\"post-content\" style=\"flex-grow: 1;\"><span class=\"post-date habertarih\" style=\"display: block; font-weight: bold; margin-bottom: 5px;\">13 Haziran 2025<\/span><a class=\"haberbaslik\" href=\"https:\/\/atauni.edu.tr\/turk-dili-ve-edebiyati\/2025\/06\/13\/doc-dr-servet-tiken-ve-ars-gor-dr-ozlem-surucu-bilimsel-tesvik-odulune-layik-goruldu\/\">Do\u00e7. Dr. Servet Tiken ve Ar\u015f. G\u00f6r. Dr. \u00d6zlem S\u00fcr\u00fcc\u00fc bilimsel te\u015fvik \u00f6d\u00fcl\u00fcne lay\u0131k g\u00f6r\u00fcld\u00fc.<\/a><\/div><\/li><li style=\"display: flex; margin-bottom: 10px; align-items: center;\"><div class=\"post-thumbnail\" style=\"margin-right: 15px;\"><a href=\"https:\/\/atauni.edu.tr\/turk-dili-ve-edebiyati\/2025\/06\/03\/ars-gor-dr-aslihan-sumbullunun-erzurum-mevlit-geleneginde-yasanan-degisimin-incelenmesi-baslikli-projesi-kabul-edildi\/\"><img loading=\"lazy\" decoding=\"async\" width=\"150\" height=\"150\" src=\"https:\/\/atauni.edu.tr\/turk-dili-ve-edebiyati\/wp-content\/uploads\/sites\/169\/2025\/06\/Ekran-goruntusu-2025-06-03-151528-150x150.jpg\" class=\"attachment-thumbnail size-thumbnail wp-post-image\" alt=\"\" \/><\/a><\/div><div class=\"post-content\" style=\"flex-grow: 1;\"><span class=\"post-date habertarih\" style=\"display: block; font-weight: bold; margin-bottom: 5px;\">3 Haziran 2025<\/span><a class=\"haberbaslik\" href=\"https:\/\/atauni.edu.tr\/turk-dili-ve-edebiyati\/2025\/06\/03\/ars-gor-dr-aslihan-sumbullunun-erzurum-mevlit-geleneginde-yasanan-degisimin-incelenmesi-baslikli-projesi-kabul-edildi\/\">Ar\u015f. G\u00f6r. Dr. Asl\u0131han S\u00fcmb\u00fcll\u00fc&#8217;n\u00fcn &#8220;Erzurum Mevlit Gelene\u011finde Ya\u015fanan De\u011fi\u015fimin \u0130ncelenmesi&#8221; ba\u015fl\u0131kl\u0131 projesi kabul edildi.<\/a><\/div><\/li><li style=\"display: flex; margin-bottom: 10px; align-items: center;\"><div class=\"post-thumbnail\" style=\"margin-right: 15px;\"><a href=\"https:\/\/atauni.edu.tr\/turk-dili-ve-edebiyati\/2025\/05\/28\/2024-2025-egitim-ve-ogretim-yili-turk-dili-ve-edebiyati-bolumu-mezuniyet-toreni-yapildi\/\"><img loading=\"lazy\" decoding=\"async\" width=\"150\" height=\"150\" src=\"https:\/\/atauni.edu.tr\/turk-dili-ve-edebiyati\/wp-content\/uploads\/sites\/169\/2025\/05\/WhatsApp-Image-2025-05-28-at-17.03.38-3-150x150.jpeg\" class=\"attachment-thumbnail size-thumbnail wp-post-image\" alt=\"\" \/><\/a><\/div><div class=\"post-content\" style=\"flex-grow: 1;\"><span class=\"post-date habertarih\" style=\"display: block; font-weight: bold; margin-bottom: 5px;\">28 May\u0131s 2025<\/span><a class=\"haberbaslik\" href=\"https:\/\/atauni.edu.tr\/turk-dili-ve-edebiyati\/2025\/05\/28\/2024-2025-egitim-ve-ogretim-yili-turk-dili-ve-edebiyati-bolumu-mezuniyet-toreni-yapildi\/\">2024-2025 E\u011fitim ve \u00d6\u011fretim y\u0131l\u0131 T\u00fcrk Dili ve Edebiyat\u0131 B\u00f6l\u00fcm\u00fc mezuniyet t\u00f6reni yap\u0131ld\u0131.<\/a><\/div><\/li><li style=\"display: flex; margin-bottom: 10px; align-items: center;\"><div class=\"post-thumbnail\" style=\"margin-right: 15px;\"><a href=\"https:\/\/atauni.edu.tr\/turk-dili-ve-edebiyati\/2025\/03\/05\/ars-gor-ozlem-surucu-doktorasini-savundu\/\"><img loading=\"lazy\" decoding=\"async\" width=\"150\" height=\"150\" src=\"https:\/\/atauni.edu.tr\/turk-dili-ve-edebiyati\/wp-content\/uploads\/sites\/169\/2025\/03\/WhatsApp-Image-2025-03-05-at-15.18.43-150x150.jpeg\" class=\"attachment-thumbnail size-thumbnail wp-post-image\" alt=\"\" \/><\/a><\/div><div class=\"post-content\" style=\"flex-grow: 1;\"><span class=\"post-date habertarih\" style=\"display: block; font-weight: bold; margin-bottom: 5px;\">5 Mart 2025<\/span><a class=\"haberbaslik\" href=\"https:\/\/atauni.edu.tr\/turk-dili-ve-edebiyati\/2025\/03\/05\/ars-gor-ozlem-surucu-doktorasini-savundu\/\">Ar\u015f. G\u00f6r. \u00d6zlem S\u00fcr\u00fcc\u00fc, doktoras\u0131n\u0131 savundu.<\/a><\/div><\/li><li style=\"display: flex; margin-bottom: 10px; align-items: center;\"><div class=\"post-thumbnail\" style=\"margin-right: 15px;\"><a href=\"https:\/\/atauni.edu.tr\/turk-dili-ve-edebiyati\/2025\/01\/15\/dr-ogr-uyesi-veli-kilicarslan-hosca-bak-zatina-vefatinin-226-yilinda-seyh-galip-konulu-panele-katildi\/\"><img loading=\"lazy\" decoding=\"async\" width=\"150\" height=\"150\" src=\"https:\/\/atauni.edu.tr\/turk-dili-ve-edebiyati\/wp-content\/uploads\/sites\/169\/2025\/01\/WhatsApp-Image-2025-01-15-at-20.14.46-150x150.jpeg\" class=\"attachment-thumbnail size-thumbnail wp-post-image\" alt=\"\" srcset=\"https:\/\/atauni.edu.tr\/turk-dili-ve-edebiyati\/wp-content\/uploads\/sites\/169\/2025\/01\/WhatsApp-Image-2025-01-15-at-20.14.46-150x150.jpeg 150w, https:\/\/atauni.edu.tr\/turk-dili-ve-edebiyati\/wp-content\/uploads\/sites\/169\/2025\/01\/WhatsApp-Image-2025-01-15-at-20.14.46-300x297.jpeg 300w, https:\/\/atauni.edu.tr\/turk-dili-ve-edebiyati\/wp-content\/uploads\/sites\/169\/2025\/01\/WhatsApp-Image-2025-01-15-at-20.14.46-1024x1014.jpeg 1024w, https:\/\/atauni.edu.tr\/turk-dili-ve-edebiyati\/wp-content\/uploads\/sites\/169\/2025\/01\/WhatsApp-Image-2025-01-15-at-20.14.46-768x761.jpeg 768w, https:\/\/atauni.edu.tr\/turk-dili-ve-edebiyati\/wp-content\/uploads\/sites\/169\/2025\/01\/WhatsApp-Image-2025-01-15-at-20.14.46-600x594.jpeg 600w, https:\/\/atauni.edu.tr\/turk-dili-ve-edebiyati\/wp-content\/uploads\/sites\/169\/2025\/01\/WhatsApp-Image-2025-01-15-at-20.14.46-560x555.jpeg 560w, https:\/\/atauni.edu.tr\/turk-dili-ve-edebiyati\/wp-content\/uploads\/sites\/169\/2025\/01\/WhatsApp-Image-2025-01-15-at-20.14.46.jpeg 1179w\" sizes=\"(max-width: 150px) 100vw, 150px\" \/><\/a><\/div><div class=\"post-content\" style=\"flex-grow: 1;\"><span class=\"post-date habertarih\" style=\"display: block; font-weight: bold; margin-bottom: 5px;\">15 Ocak 2025<\/span><a class=\"haberbaslik\" href=\"https:\/\/atauni.edu.tr\/turk-dili-ve-edebiyati\/2025\/01\/15\/dr-ogr-uyesi-veli-kilicarslan-hosca-bak-zatina-vefatinin-226-yilinda-seyh-galip-konulu-panele-katildi\/\">Dr. \u00d6\u011fr. \u00dcyesi Veli K\u0131l\u0131\u00e7arslan &#8220;Ho\u015f\u00e7a Bak Z\u00e2t\u0131na -Vefat\u0131n\u0131n 226. Y\u0131l\u0131nda \u015eeyh G\u00e2lip-&#8221; konulu panele kat\u0131ld\u0131.<\/a><\/div><\/li><li style=\"display: flex; margin-bottom: 10px; align-items: center;\"><div class=\"post-thumbnail\" style=\"margin-right: 15px;\"><a href=\"https:\/\/atauni.edu.tr\/turk-dili-ve-edebiyati\/2025\/01\/06\/doc-dr-nihangul-dastan-bilimsel-tesvik-odulune-layik-goruldu\/\"><img loading=\"lazy\" decoding=\"async\" width=\"150\" height=\"150\" src=\"https:\/\/atauni.edu.tr\/turk-dili-ve-edebiyati\/wp-content\/uploads\/sites\/169\/2025\/01\/Ekran-goruntusu-2025-01-06-173812-150x150.png\" class=\"attachment-thumbnail size-thumbnail wp-post-image\" alt=\"\" \/><\/a><\/div><div class=\"post-content\" style=\"flex-grow: 1;\"><span class=\"post-date habertarih\" style=\"display: block; font-weight: bold; margin-bottom: 5px;\">6 Ocak 2025<\/span><a class=\"haberbaslik\" href=\"https:\/\/atauni.edu.tr\/turk-dili-ve-edebiyati\/2025\/01\/06\/doc-dr-nihangul-dastan-bilimsel-tesvik-odulune-layik-goruldu\/\">Do\u00e7. Dr. Nihang\u00fcl Da\u015ftan T\u00fcbitak 1001 projesi kapsam\u0131nda bilimsel te\u015fvik \u00f6d\u00fcl\u00fcne lay\u0131k g\u00f6r\u00fcld\u00fc.<\/a><\/div><\/li><li style=\"display: flex; margin-bottom: 10px; align-items: center;\"><div class=\"post-thumbnail\" style=\"margin-right: 15px;\"><a href=\"https:\/\/atauni.edu.tr\/turk-dili-ve-edebiyati\/2024\/11\/12\/ars-gor-ozlem-surucunun-hazirladigi-bir-askin-tarihi-adli-eser-turk-dil-kurumu-tarafindan-basildi\/\"><img loading=\"lazy\" decoding=\"async\" width=\"150\" height=\"150\" src=\"https:\/\/atauni.edu.tr\/turk-dili-ve-edebiyati\/wp-content\/uploads\/sites\/169\/2024\/11\/Ekran-goruntusu-2024-11-12-172020-150x150.png\" class=\"attachment-thumbnail size-thumbnail wp-post-image\" alt=\"\" \/><\/a><\/div><div class=\"post-content\" style=\"flex-grow: 1;\"><span class=\"post-date habertarih\" style=\"display: block; font-weight: bold; margin-bottom: 5px;\">12 Kas\u0131m 2024<\/span><a class=\"haberbaslik\" href=\"https:\/\/atauni.edu.tr\/turk-dili-ve-edebiyati\/2024\/11\/12\/ars-gor-ozlem-surucunun-hazirladigi-bir-askin-tarihi-adli-eser-turk-dil-kurumu-tarafindan-basildi\/\">Ar\u015f. G\u00f6r. \u00d6zlem S\u00fcr\u00fcc\u00fc&#8217;n\u00fcn haz\u0131rlad\u0131\u011f\u0131 &#8220;Bir A\u015fk\u0131n Tarihi&#8221; adl\u0131 eser T\u00fcrk Dil Kurumu taraf\u0131ndan bas\u0131ld\u0131.<\/a><\/div><\/li><li style=\"display: flex; margin-bottom: 10px; align-items: center;\"><div class=\"post-thumbnail\" style=\"margin-right: 15px;\"><a href=\"https:\/\/atauni.edu.tr\/turk-dili-ve-edebiyati\/2024\/11\/11\/doc-dr-servet-tiken-ve-ars-gor-ozlem-surucunun-editorlugunu-ustlendigi-turk-edebiyatinda-ataturk-baslikli-kitap-yayimlandi\/\"><img loading=\"lazy\" decoding=\"async\" width=\"150\" height=\"150\" src=\"https:\/\/atauni.edu.tr\/turk-dili-ve-edebiyati\/wp-content\/uploads\/sites\/169\/2024\/11\/Ekran-goruntusu-2024-11-13-135832-150x150.png\" class=\"attachment-thumbnail size-thumbnail wp-post-image\" alt=\"\" \/><\/a><\/div><div class=\"post-content\" style=\"flex-grow: 1;\"><span class=\"post-date habertarih\" style=\"display: block; font-weight: bold; margin-bottom: 5px;\">11 Kas\u0131m 2024<\/span><a class=\"haberbaslik\" href=\"https:\/\/atauni.edu.tr\/turk-dili-ve-edebiyati\/2024\/11\/11\/doc-dr-servet-tiken-ve-ars-gor-ozlem-surucunun-editorlugunu-ustlendigi-turk-edebiyatinda-ataturk-baslikli-kitap-yayimlandi\/\">Do\u00e7. Dr. Servet Tiken ve Ar\u015f. G\u00f6r. \u00d6zlem S\u00fcr\u00fcc\u00fc&#8217;n\u00fcn edit\u00f6rl\u00fc\u011f\u00fcn\u00fc \u00fcstlendi\u011fi &#8220;T\u00fcrk Edebiyat\u0131nda Atat\u00fcrk&#8221; ba\u015fl\u0131kl\u0131 kitap yay\u0131mland\u0131.<\/a><\/div><\/li><\/ul><nav class=\"pagination\" style=\"margin-top: 20px;\"><ul class='page-numbers'>\n\t<li><span aria-current=\"page\" class=\"page-numbers current\">1<\/span><\/li>\n\t<li><a class=\"page-numbers\" href=\"https:\/\/atauni.edu.tr\/turk-dili-ve-edebiyati\/wp-json\/wp\/v2\/pages\/9424\/page\/2\/\">2<\/a><\/li>\n\t<li><a class=\"page-numbers\" href=\"https:\/\/atauni.edu.tr\/turk-dili-ve-edebiyati\/wp-json\/wp\/v2\/pages\/9424\/page\/3\/\">3<\/a><\/li>\n\t<li><span class=\"page-numbers dots\">&hellip;<\/span><\/li>\n\t<li><a class=\"page-numbers\" href=\"https:\/\/atauni.edu.tr\/turk-dili-ve-edebiyati\/wp-json\/wp\/v2\/pages\/9424\/page\/6\/\">6<\/a><\/li>\n\t<li><a class=\"next page-numbers\" href=\"https:\/\/atauni.edu.tr\/turk-dili-ve-edebiyati\/wp-json\/wp\/v2\/pages\/9424\/page\/2\/\">Sonraki &raquo;<\/a><\/li>\n<\/ul>\n<\/nav>\n\n\n\n<p><\/p>\n","protected":false},"excerpt":{"rendered":"","protected":false},"author":8,"featured_media":0,"parent":0,"menu_order":0,"comment_status":"closed","ping_status":"closed","template":"","meta":{"footnotes":""},"class_list":["post-9424","page","type-page","status-publish","hentry"],"_links":{"self":[{"href":"https:\/\/atauni.edu.tr\/turk-dili-ve-edebiyati\/wp-json\/wp\/v2\/pages\/9424","targetHints":{"allow":["GET"]}}],"collection":[{"href":"https:\/\/atauni.edu.tr\/turk-dili-ve-edebiyati\/wp-json\/wp\/v2\/pages"}],"about":[{"href":"https:\/\/atauni.edu.tr\/turk-dili-ve-edebiyati\/wp-json\/wp\/v2\/types\/page"}],"author":[{"embeddable":true,"href":"https:\/\/atauni.edu.tr\/turk-dili-ve-edebiyati\/wp-json\/wp\/v2\/users\/8"}],"replies":[{"embeddable":true,"href":"https:\/\/atauni.edu.tr\/turk-dili-ve-edebiyati\/wp-json\/wp\/v2\/comments?post=9424"}],"version-history":[{"count":2,"href":"https:\/\/atauni.edu.tr\/turk-dili-ve-edebiyati\/wp-json\/wp\/v2\/pages\/9424\/revisions"}],"predecessor-version":[{"id":9445,"href":"https:\/\/atauni.edu.tr\/turk-dili-ve-edebiyati\/wp-json\/wp\/v2\/pages\/9424\/revisions\/9445"}],"wp:attachment":[{"href":"https:\/\/atauni.edu.tr\/turk-dili-ve-edebiyati\/wp-json\/wp\/v2\/media?parent=9424"}],"curies":[{"name":"wp","href":"https:\/\/api.w.org\/{rel}","templated":true}]}}