{"id":5638,"date":"2021-07-13T09:49:25","date_gmt":"2021-07-13T06:49:25","guid":{"rendered":"https:\/\/portaltest.atauni.edu.tr\/bilgisayar-muhendisligi\/?page_id=5638"},"modified":"2023-08-25T14:23:32","modified_gmt":"2023-08-25T11:23:32","slug":"tarihce","status":"publish","type":"page","link":"https:\/\/atauni.edu.tr\/turk-ermeni-iliskileri-arastirma-merkezi\/tarihce\/","title":{"rendered":"Tarih\u00e7e"},"content":{"rendered":"\t\t<div data-elementor-type=\"wp-page\" data-elementor-id=\"5638\" class=\"elementor elementor-5638\" data-elementor-post-type=\"page\">\n\t\t\t\t\t\t<section class=\"elementor-section elementor-top-section elementor-element elementor-element-730d320 elementor-section-boxed elementor-section-height-default elementor-section-height-default\" data-id=\"730d320\" data-element_type=\"section\">\n\t\t\t\t\t\t<div class=\"elementor-container elementor-column-gap-default\">\n\t\t\t\t\t<div class=\"elementor-column elementor-col-100 elementor-top-column elementor-element elementor-element-753d0860\" data-id=\"753d0860\" data-element_type=\"column\">\n\t\t\t<div class=\"elementor-widget-wrap\">\n\t\t\t\t\t\t\t<\/div>\n\t\t<\/div>\n\t\t\t\t\t<\/div>\n\t\t<\/section>\n\t\t\t\t<section class=\"elementor-section elementor-top-section elementor-element elementor-element-9be811a elementor-section-boxed elementor-section-height-default elementor-section-height-default\" data-id=\"9be811a\" data-element_type=\"section\">\n\t\t\t\t\t\t<div class=\"elementor-container elementor-column-gap-default\">\n\t\t\t\t\t<div class=\"elementor-column elementor-col-100 elementor-top-column elementor-element elementor-element-1ed847b7\" data-id=\"1ed847b7\" data-element_type=\"column\">\n\t\t\t<div class=\"elementor-widget-wrap elementor-element-populated\">\n\t\t\t\t\t\t<div class=\"elementor-element elementor-element-4ce0d07f elementor-widget elementor-widget-heading\" data-id=\"4ce0d07f\" data-element_type=\"widget\" data-widget_type=\"heading.default\">\n\t\t\t\t<div class=\"elementor-widget-container\">\n\t\t\t\t\t<h2 class=\"elementor-heading-title elementor-size-default\">Tarih\u00e7e<\/h2>\t\t\t\t<\/div>\n\t\t\t\t<\/div>\n\t\t\t\t<div class=\"elementor-element elementor-element-63260862 elementor-widget-divider--view-line elementor-widget elementor-widget-divider\" data-id=\"63260862\" data-element_type=\"widget\" data-widget_type=\"divider.default\">\n\t\t\t\t<div class=\"elementor-widget-container\">\n\t\t\t\t\t\t\t<div class=\"elementor-divider\">\n\t\t\t<span class=\"elementor-divider-separator\">\n\t\t\t\t\t\t<\/span>\n\t\t<\/div>\n\t\t\t\t\t\t<\/div>\n\t\t\t\t<\/div>\n\t\t\t\t\t<\/div>\n\t\t<\/div>\n\t\t\t\t\t<\/div>\n\t\t<\/section>\n\t\t\t\t<section class=\"elementor-section elementor-top-section elementor-element elementor-element-681db8b elementor-section-boxed elementor-section-height-default elementor-section-height-default\" data-id=\"681db8b\" data-element_type=\"section\">\n\t\t\t\t\t\t<div class=\"elementor-container elementor-column-gap-default\">\n\t\t\t\t\t<div class=\"elementor-column elementor-col-100 elementor-top-column elementor-element elementor-element-ad4dac5\" data-id=\"ad4dac5\" data-element_type=\"column\">\n\t\t\t<div class=\"elementor-widget-wrap elementor-element-populated\">\n\t\t\t\t\t\t<div class=\"elementor-element elementor-element-2f96b3d elementor-widget elementor-widget-text-editor\" data-id=\"2f96b3d\" data-element_type=\"widget\" data-widget_type=\"text-editor.default\">\n\t\t\t\t<div class=\"elementor-widget-container\">\n\t\t\t\t\t\t\t\t\t<div><p>T\u00fcrk-Ermeni \u0130li\u015fkilerini Ara\u015ft\u0131rma Merkez M\u00fcd\u00fcrl\u00fc\u011f\u00fc Atat\u00fcrk \u00dcniversitesi b\u00fcnyesinde Rekt\u00f6rl\u00fck Makam\u0131na ba\u011fl\u0131 olarak 2547 say\u0131l\u0131 Y\u00fcksek\u00f6\u011fretim Kanununun (2880\/3) 7\/d-2 maddesine uygun olarak sahas\u0131nda bilimsel ara\u015ft\u0131rmalar yapmak \u00fczere T\u00fcrk\u2013Ermeni \u0130li\u015fkileri Ara\u015ft\u0131rma Merkez M\u00fcd\u00fcrl\u00fc\u011f\u00fc ad\u0131 alt\u0131nda kurulmu\u015f bir birimdir.<\/p><p>T\u00fcrk-Ermeni \u0130li\u015fkileri ile ilgili tarihi, siyasi, iktisadi ve k\u00fclt\u00fcrel alanlarda bilimsel \u00e7al\u0131\u015fmalar ve ara\u015ft\u0131rmalarda bulunmak bunun yan\u0131nda e\u011fitim ve yay\u0131n faaliyetlerinde bulunmak, Ermenilerin Do\u011fu Anadolu B\u00f6lgesi\u2019nde T\u00fcrklere y\u00f6nelik yapt\u0131klar\u0131 katliamlar\u0131 kaz\u0131 \u00e7al\u0131\u015fmalar\u0131 ile belgelemek, bu konuda yap\u0131lan bilimsel \u00e7al\u0131\u015fmalar\u0131 ulusal ve uluslararas\u0131 kamuoyunun bilgisine sunmakt\u0131r.<\/p><\/div>\t\t\t\t\t\t\t\t<\/div>\n\t\t\t\t<\/div>\n\t\t\t\t\t<\/div>\n\t\t<\/div>\n\t\t\t\t\t<\/div>\n\t\t<\/section>\n\t\t\t\t<\/div>\n\t\t","protected":false},"excerpt":{"rendered":"<p>Tarih\u00e7e T\u00fcrk-Ermeni \u0130li\u015fkilerini Ara\u015ft\u0131rma Merkez M\u00fcd\u00fcrl\u00fc\u011f\u00fc Atat\u00fcrk \u00dcniversitesi b\u00fcnyesinde Rekt\u00f6rl\u00fck Makam\u0131na ba\u011fl\u0131 olarak 2547 say\u0131l\u0131 Y\u00fcksek\u00f6\u011fretim Kanununun (2880\/3) 7\/d-2 maddesine uygun olarak sahas\u0131nda bilimsel ara\u015ft\u0131rmalar yapmak \u00fczere T\u00fcrk\u2013Ermeni \u0130li\u015fkileri Ara\u015ft\u0131rma Merkez M\u00fcd\u00fcrl\u00fc\u011f\u00fc ad\u0131 alt\u0131nda kurulmu\u015f bir birimdir. T\u00fcrk-Ermeni \u0130li\u015fkileri ile ilgili tarihi, siyasi, iktisadi ve k\u00fclt\u00fcrel alanlarda bilimsel \u00e7al\u0131\u015fmalar ve ara\u015ft\u0131rmalarda bulunmak bunun yan\u0131nda e\u011fitim [&hellip;]<\/p>\n","protected":false},"author":1,"featured_media":0,"parent":0,"menu_order":0,"comment_status":"closed","ping_status":"closed","template":"","meta":{"footnotes":""},"class_list":["post-5638","page","type-page","status-publish","hentry"],"_links":{"self":[{"href":"https:\/\/atauni.edu.tr\/turk-ermeni-iliskileri-arastirma-merkezi\/wp-json\/wp\/v2\/pages\/5638","targetHints":{"allow":["GET"]}}],"collection":[{"href":"https:\/\/atauni.edu.tr\/turk-ermeni-iliskileri-arastirma-merkezi\/wp-json\/wp\/v2\/pages"}],"about":[{"href":"https:\/\/atauni.edu.tr\/turk-ermeni-iliskileri-arastirma-merkezi\/wp-json\/wp\/v2\/types\/page"}],"author":[{"embeddable":true,"href":"https:\/\/atauni.edu.tr\/turk-ermeni-iliskileri-arastirma-merkezi\/wp-json\/wp\/v2\/users\/1"}],"replies":[{"embeddable":true,"href":"https:\/\/atauni.edu.tr\/turk-ermeni-iliskileri-arastirma-merkezi\/wp-json\/wp\/v2\/comments?post=5638"}],"version-history":[{"count":28,"href":"https:\/\/atauni.edu.tr\/turk-ermeni-iliskileri-arastirma-merkezi\/wp-json\/wp\/v2\/pages\/5638\/revisions"}],"predecessor-version":[{"id":6191,"href":"https:\/\/atauni.edu.tr\/turk-ermeni-iliskileri-arastirma-merkezi\/wp-json\/wp\/v2\/pages\/5638\/revisions\/6191"}],"wp:attachment":[{"href":"https:\/\/atauni.edu.tr\/turk-ermeni-iliskileri-arastirma-merkezi\/wp-json\/wp\/v2\/media?parent=5638"}],"curies":[{"name":"wp","href":"https:\/\/api.w.org\/{rel}","templated":true}]}}