{"id":5765,"date":"2021-07-13T12:56:51","date_gmt":"2021-07-13T09:56:51","guid":{"rendered":"https:\/\/portaltest.atauni.edu.tr\/bilgisayar-muhendisligi\/?page_id=5765"},"modified":"2026-02-18T15:36:38","modified_gmt":"2026-02-18T12:36:38","slug":"anabilim-dallari","status":"publish","type":"page","link":"https:\/\/atauni.edu.tr\/uluslararasi-iliskiler-bolumu\/anabilim-dallari\/","title":{"rendered":"Anabilim Dallar\u0131"},"content":{"rendered":"\t\t<div data-elementor-type=\"wp-page\" data-elementor-id=\"5765\" class=\"elementor elementor-5765\" data-elementor-post-type=\"page\">\n\t\t\t\t\t\t<section class=\"elementor-section elementor-top-section elementor-element elementor-element-730d320 elementor-section-boxed elementor-section-height-default elementor-section-height-default\" data-id=\"730d320\" data-element_type=\"section\">\n\t\t\t\t\t\t<div class=\"elementor-container elementor-column-gap-default\">\n\t\t\t\t\t<div class=\"elementor-column elementor-col-100 elementor-top-column elementor-element elementor-element-753d0860\" data-id=\"753d0860\" data-element_type=\"column\">\n\t\t\t<div class=\"elementor-widget-wrap\">\n\t\t\t\t\t\t\t<\/div>\n\t\t<\/div>\n\t\t\t\t\t<\/div>\n\t\t<\/section>\n\t\t\t\t<section class=\"elementor-section elementor-top-section elementor-element elementor-element-9be811a elementor-section-boxed elementor-section-height-default elementor-section-height-default\" data-id=\"9be811a\" data-element_type=\"section\">\n\t\t\t\t\t\t<div class=\"elementor-container elementor-column-gap-default\">\n\t\t\t\t\t<div class=\"elementor-column elementor-col-100 elementor-top-column elementor-element elementor-element-1ed847b7\" data-id=\"1ed847b7\" data-element_type=\"column\">\n\t\t\t<div class=\"elementor-widget-wrap elementor-element-populated\">\n\t\t\t\t\t\t<div class=\"elementor-element elementor-element-4ce0d07f elementor-widget elementor-widget-heading\" data-id=\"4ce0d07f\" data-element_type=\"widget\" data-widget_type=\"heading.default\">\n\t\t\t\t<div class=\"elementor-widget-container\">\n\t\t\t\t\t<h2 class=\"elementor-heading-title elementor-size-default\">Anabilim Dallar\u0131<\/h2>\t\t\t\t<\/div>\n\t\t\t\t<\/div>\n\t\t\t\t<div class=\"elementor-element elementor-element-63260862 elementor-widget-divider--view-line elementor-widget elementor-widget-divider\" data-id=\"63260862\" data-element_type=\"widget\" data-widget_type=\"divider.default\">\n\t\t\t\t<div class=\"elementor-widget-container\">\n\t\t\t\t\t\t\t<div class=\"elementor-divider\">\n\t\t\t<span class=\"elementor-divider-separator\">\n\t\t\t\t\t\t<\/span>\n\t\t<\/div>\n\t\t\t\t\t\t<\/div>\n\t\t\t\t<\/div>\n\t\t\t\t\t<\/div>\n\t\t<\/div>\n\t\t\t\t\t<\/div>\n\t\t<\/section>\n\t\t\t\t<section class=\"elementor-section elementor-top-section elementor-element elementor-element-681db8b elementor-section-boxed elementor-section-height-default elementor-section-height-default\" data-id=\"681db8b\" data-element_type=\"section\">\n\t\t\t\t\t\t<div class=\"elementor-container elementor-column-gap-default\">\n\t\t\t\t\t<div class=\"elementor-column elementor-col-100 elementor-top-column elementor-element elementor-element-ad4dac5\" data-id=\"ad4dac5\" data-element_type=\"column\">\n\t\t\t<div class=\"elementor-widget-wrap elementor-element-populated\">\n\t\t\t\t\t\t<div class=\"elementor-element elementor-element-2f96b3d elementor-widget elementor-widget-text-editor\" data-id=\"2f96b3d\" data-element_type=\"widget\" data-widget_type=\"text-editor.default\">\n\t\t\t\t<div class=\"elementor-widget-container\">\n\t\t\t\t\t\t\t\t\t<p><strong>Uluslararas\u0131 Siyaset<\/strong><\/p><p><a href=\"https:\/\/atauni.edu.tr\/gulsen-aydin\">Do\u00e7. Dr. G\u00fcl\u015fen AYDIN<\/a>\u00a0<\/p><p><a href=\"https:\/\/atauni.edu.tr\/mustafa-tayfun-ustun\">Do\u00e7. Dr. Mustafa Tayfun \u00dcST\u00dcN<\/a><\/p><p><a href=\"https:\/\/atauni.edu.tr\/sinem-tan\">Do\u00e7. Dr. Sinem \u00c7EL\u0130K<\/a><\/p><p><a href=\"https:\/\/atauni.edu.tr\/muge-yuce\">Do\u00e7. Dr. M\u00fcge Y\u00dcCE<\/a><\/p><p><a href=\"https:\/\/atauni.edu.tr\/kemal-gokcay\">Dr. \u00d6\u011fr. \u00dcyesi Kemal G\u00d6K\u00c7AY<\/a><\/p><p><a href=\"https:\/\/avesis.atauni.edu.tr\/nazlionder\">Dr. \u00d6\u011fr. \u00dcyesi Nazl\u0131 M\u00fcge \u00d6NDER<\/a><\/p><p><a href=\"https:\/\/avesis.atauni.edu.tr\/ahmetfozyakar\">Dr. \u00d6\u011fr. \u00dcyesi Ahmet Furkan \u00d6ZYAKAR<\/a><\/p><p><a href=\"https:\/\/avesis.atauni.edu.tr\/busraerimli\">\u00d6\u011fr. G\u00f6r. Dr. B\u00fc\u015fra ER\u0130ML\u0130<\/a><\/p><p><a href=\"https:\/\/avesis.atauni.edu.tr\/selma.imamoglu\/iletisim\">\u00d6\u011fr. G\u00f6r. Dr. Selma \u0130MAMO\u011eLU<\/a><\/p><p><a href=\"https:\/\/avesis.atauni.edu.tr\/lokmancomert\">\u00d6\u011fr. G\u00f6r. Lokman C\u00d6MERT<\/a><\/p><p><a href=\"https:\/\/avesis.atauni.edu.tr\/s.bicerhazir\">\u00d6\u011fr. G\u00f6r. \u015eeyma B\u0130\u00c7ER HAZIR<\/a><\/p><p><a href=\"https:\/\/atauni.edu.tr\/recep-kemal-kuzu\">Ar\u015f. G\u00f6r. Recep Kemal KUZU<\/a><\/p><p><strong>Devletler Hukuku<\/strong><\/p><p><a href=\"https:\/\/atauni.edu.tr\/murat-kurun\">Dr. \u00d6\u011fr. \u00dcyesi Murat KURUN<\/a><\/p><p><a href=\"https:\/\/atauni.edu.tr\/hulusi-ertugrul-umudum\">Dr. \u00d6\u011fr. \u00dcyesi Hulusi Ertu\u011frul UMUDUM<\/a><\/p><p><a href=\"https:\/\/atauni.edu.tr\/mehmet-fahri-danis\">Dr. \u00d6\u011fr. \u00dcyesi Mehmet Fahri DANI\u015e<\/a>\u00a0<\/p><p><a href=\"https:\/\/atauni.edu.tr\/kubra-caglar\">Ar\u015f. G\u00f6r. Dr. K\u00fcbra \u00c7A<\/a>\u011eLAR HEK\u0130<a href=\"https:\/\/atauni.edu.tr\/kubra-caglar\">MO\u011eLU<\/a><\/p><p><a href=\"https:\/\/avesis.atauni.edu.tr\/hasan.bekdes\">Ar\u015f. G\u00f6r. Hasan BEKDE\u015e<\/a><\/p><p><strong>Siyasi Tarih\u00a0<\/strong><\/p><p><a href=\"https:\/\/atauni.edu.tr\/mehmet-sait-dilek\">Prof. Dr. Mehmet Sait D\u0130LEK<\/a><\/p><p><a href=\"https:\/\/atauni.edu.tr\/ali-servet-oncu\">Prof. Dr. Ali Servet \u00d6NC\u00dc<\/a><\/p><p><a href=\"https:\/\/atauni.edu.tr\/oguzhan-ozdemir\">Dr. \u00d6\u011fr. \u00dcyesi <\/a><a href=\"https:\/\/atauni.edu.tr\/oguzhan-ozdemir\">O\u011fuzhan \u00d6ZDEM\u0130R<\/a><\/p><p><a href=\"https:\/\/atauni.edu.tr\/oguzhan-ozdemir\">\u00d6\u011fr. G\u00f6r. <\/a><a href=\"https:\/\/atauni.edu.tr\/oguzhan-ozdemir\">Dr.<\/a><a href=\"https:\/\/atauni.edu.tr\/asiye-simsek-ademi\"> Asiye \u015e\u0130M\u015eEK ADEM\u0130<\/a><\/p><p><a href=\"https:\/\/avesis.atauni.edu.tr\/mehmetakgul\">\u00d6\u011fr. G\u00f6r. Mehmet AKG\u00dcL<\/a><\/p><p><a href=\"https:\/\/avesis.atauni.edu.tr\/mehmetkaradabag\">Ar\u015f. G\u00f6r. Mehmet O\u011fulcan KARADABA\u011e<\/a><\/p>\t\t\t\t\t\t\t\t<\/div>\n\t\t\t\t<\/div>\n\t\t\t\t\t<\/div>\n\t\t<\/div>\n\t\t\t\t\t<\/div>\n\t\t<\/section>\n\t\t\t\t<\/div>\n\t\t","protected":false},"excerpt":{"rendered":"<p>Anabilim Dallar\u0131 Uluslararas\u0131 Siyaset Do\u00e7. Dr. G\u00fcl\u015fen AYDIN\u00a0 Do\u00e7. Dr. Mustafa Tayfun \u00dcST\u00dcN Do\u00e7. Dr. Sinem \u00c7EL\u0130K Do\u00e7. Dr. M\u00fcge Y\u00dcCE Dr. \u00d6\u011fr. \u00dcyesi Kemal G\u00d6K\u00c7AY Dr. \u00d6\u011fr. \u00dcyesi Nazl\u0131 M\u00fcge \u00d6NDER Dr. \u00d6\u011fr. \u00dcyesi Ahmet Furkan \u00d6ZYAKAR \u00d6\u011fr. G\u00f6r. Dr. B\u00fc\u015fra ER\u0130ML\u0130 \u00d6\u011fr. G\u00f6r. Dr. Selma \u0130MAMO\u011eLU \u00d6\u011fr. G\u00f6r. Lokman C\u00d6MERT \u00d6\u011fr. G\u00f6r. \u015eeyma [&hellip;]<\/p>\n","protected":false},"author":1,"featured_media":0,"parent":0,"menu_order":0,"comment_status":"closed","ping_status":"closed","template":"elementor_header_footer","meta":{"footnotes":""},"class_list":["post-5765","page","type-page","status-publish","hentry"],"_links":{"self":[{"href":"https:\/\/atauni.edu.tr\/uluslararasi-iliskiler-bolumu\/wp-json\/wp\/v2\/pages\/5765","targetHints":{"allow":["GET"]}}],"collection":[{"href":"https:\/\/atauni.edu.tr\/uluslararasi-iliskiler-bolumu\/wp-json\/wp\/v2\/pages"}],"about":[{"href":"https:\/\/atauni.edu.tr\/uluslararasi-iliskiler-bolumu\/wp-json\/wp\/v2\/types\/page"}],"author":[{"embeddable":true,"href":"https:\/\/atauni.edu.tr\/uluslararasi-iliskiler-bolumu\/wp-json\/wp\/v2\/users\/1"}],"replies":[{"embeddable":true,"href":"https:\/\/atauni.edu.tr\/uluslararasi-iliskiler-bolumu\/wp-json\/wp\/v2\/comments?post=5765"}],"version-history":[{"count":74,"href":"https:\/\/atauni.edu.tr\/uluslararasi-iliskiler-bolumu\/wp-json\/wp\/v2\/pages\/5765\/revisions"}],"predecessor-version":[{"id":7169,"href":"https:\/\/atauni.edu.tr\/uluslararasi-iliskiler-bolumu\/wp-json\/wp\/v2\/pages\/5765\/revisions\/7169"}],"wp:attachment":[{"href":"https:\/\/atauni.edu.tr\/uluslararasi-iliskiler-bolumu\/wp-json\/wp\/v2\/media?parent=5765"}],"curies":[{"name":"wp","href":"https:\/\/api.w.org\/{rel}","templated":true}]}}