{"id":6448,"date":"2023-06-08T15:14:33","date_gmt":"2023-06-08T12:14:33","guid":{"rendered":"https:\/\/birimler.atauni.edu.tr\/uluslararasi-iliskiler-bolumu\/?page_id=6448"},"modified":"2023-08-31T00:24:11","modified_gmt":"2023-08-30T21:24:11","slug":"program-ogretim-amaclari","status":"publish","type":"page","link":"https:\/\/atauni.edu.tr\/uluslararasi-iliskiler-bolumu\/anasayfa\/program-ogretim-amaclari\/","title":{"rendered":"Program \u00d6\u011fretim Ama\u00e7lar\u0131"},"content":{"rendered":"\t\t<div data-elementor-type=\"wp-page\" data-elementor-id=\"6448\" class=\"elementor elementor-6448\" data-elementor-post-type=\"page\">\n\t\t\t\t\t\t<section class=\"elementor-section elementor-top-section elementor-element elementor-element-2d5ea3c elementor-section-boxed elementor-section-height-default elementor-section-height-default\" data-id=\"2d5ea3c\" data-element_type=\"section\">\n\t\t\t\t\t\t<div class=\"elementor-container elementor-column-gap-default\">\n\t\t\t\t\t<div class=\"elementor-column elementor-col-100 elementor-top-column elementor-element elementor-element-9806841\" data-id=\"9806841\" data-element_type=\"column\">\n\t\t\t<div class=\"elementor-widget-wrap elementor-element-populated\">\n\t\t\t\t\t\t<div class=\"elementor-element elementor-element-c1841e1 elementor-widget elementor-widget-heading\" data-id=\"c1841e1\" data-element_type=\"widget\" data-widget_type=\"heading.default\">\n\t\t\t\t<div class=\"elementor-widget-container\">\n\t\t\t\t\t<h2 class=\"elementor-heading-title elementor-size-default\">Program \u00d6\u011fretim Ama\u00e7lar\u0131<\/h2>\t\t\t\t<\/div>\n\t\t\t\t<\/div>\n\t\t\t\t\t<\/div>\n\t\t<\/div>\n\t\t\t\t\t<\/div>\n\t\t<\/section>\n\t\t\t\t<section class=\"elementor-section elementor-top-section elementor-element elementor-element-4442131 elementor-section-boxed elementor-section-height-default elementor-section-height-default\" data-id=\"4442131\" data-element_type=\"section\">\n\t\t\t\t\t\t<div class=\"elementor-container elementor-column-gap-default\">\n\t\t\t\t\t<div class=\"elementor-column elementor-col-100 elementor-top-column elementor-element elementor-element-9a62b23\" data-id=\"9a62b23\" data-element_type=\"column\">\n\t\t\t<div class=\"elementor-widget-wrap elementor-element-populated\">\n\t\t\t\t\t\t<div class=\"elementor-element elementor-element-6c915de elementor-widget-divider--view-line elementor-widget elementor-widget-divider\" data-id=\"6c915de\" data-element_type=\"widget\" data-widget_type=\"divider.default\">\n\t\t\t\t<div class=\"elementor-widget-container\">\n\t\t\t\t\t\t\t<div class=\"elementor-divider\">\n\t\t\t<span class=\"elementor-divider-separator\">\n\t\t\t\t\t\t<\/span>\n\t\t<\/div>\n\t\t\t\t\t\t<\/div>\n\t\t\t\t<\/div>\n\t\t\t\t\t<\/div>\n\t\t<\/div>\n\t\t\t\t\t<\/div>\n\t\t<\/section>\n\t\t\t\t<section class=\"elementor-section elementor-top-section elementor-element elementor-element-31afabf elementor-section-boxed elementor-section-height-default elementor-section-height-default\" data-id=\"31afabf\" data-element_type=\"section\">\n\t\t\t\t\t\t<div class=\"elementor-container elementor-column-gap-default\">\n\t\t\t\t\t<div class=\"elementor-column elementor-col-100 elementor-top-column elementor-element elementor-element-ac44827\" data-id=\"ac44827\" data-element_type=\"column\">\n\t\t\t<div class=\"elementor-widget-wrap elementor-element-populated\">\n\t\t\t\t\t\t<div class=\"elementor-element elementor-element-d2c54a3 elementor-widget elementor-widget-text-editor\" data-id=\"d2c54a3\" data-element_type=\"widget\" data-widget_type=\"text-editor.default\">\n\t\t\t\t<div class=\"elementor-widget-container\">\n\t\t\t\t\t\t\t\t\t<ol><li>\u00d6\u011frencilerin; ulusal, b\u00f6lgesel ve k\u00fcresel d\u00fczeydeki g\u00fcncel konular\u0131 analiz edebilmelerini sa\u011flamak<\/li><li>Devletlerin ve uluslararas\u0131 \u00f6rg\u00fctlerin birbirleriyle olan ili\u015fkilerini ve uluslararas\u0131 sistemdeki yerlerini a\u00e7\u0131klayabilmelerine katk\u0131da bulunmak<\/li><li>Uluslararas\u0131 Siyaset, Siyasi Tarih ve Uluslararas\u0131 Hukuk alanlar\u0131nda elde ettikleri kazan\u0131mlar\u0131 meslek ya\u015famlar\u0131na aktarabilmelerine destek vermek<\/li><li>Mesleki yabanc\u0131 dil bilgisine sahip bireyler olabilmeleri i\u00e7in fark\u0131ndal\u0131klar olu\u015fturmak<\/li><li>Uluslararas\u0131 ili\u015fkiler alan\u0131na dair teorik ve uygulamal\u0131 bilgileri kullanabilecekleri \u015fekilde toplumsal katk\u0131 \u00fcretebilme yetisi kazand\u0131rmak<\/li><li>Kamu ve \u00f6zel sekt\u00f6r\u00fcn beklentilerini kar\u015f\u0131layabilecekleri bilgi ve beceri donan\u0131m\u0131na sahip olabilmelerine ve etik de\u011ferler ile mesleki sorumluluk bilinci ta\u015f\u0131yabilmelerine rehberlik etmek<\/li><li>Profesyonel ve akademik kariyer y\u00f6netimini nas\u0131l planlay\u0131p uygulayabilecekleri \u00fczerine destekte bulunmak<\/li><li>Mesleki s\u0131navlarda ba\u015far\u0131l\u0131 olabilmeleri i\u00e7in gerekli motivasyonu ve bilgiyi sa\u011flamak.<\/li><\/ol>\t\t\t\t\t\t\t\t<\/div>\n\t\t\t\t<\/div>\n\t\t\t\t\t<\/div>\n\t\t<\/div>\n\t\t\t\t\t<\/div>\n\t\t<\/section>\n\t\t\t\t<\/div>\n\t\t","protected":false},"excerpt":{"rendered":"<p>Program \u00d6\u011fretim Ama\u00e7lar\u0131 \u00d6\u011frencilerin; ulusal, b\u00f6lgesel ve k\u00fcresel d\u00fczeydeki g\u00fcncel konular\u0131 analiz edebilmelerini sa\u011flamak Devletlerin ve uluslararas\u0131 \u00f6rg\u00fctlerin birbirleriyle olan ili\u015fkilerini ve uluslararas\u0131 sistemdeki yerlerini a\u00e7\u0131klayabilmelerine katk\u0131da bulunmak Uluslararas\u0131 Siyaset, Siyasi Tarih ve Uluslararas\u0131 Hukuk alanlar\u0131nda elde ettikleri kazan\u0131mlar\u0131 meslek ya\u015famlar\u0131na aktarabilmelerine destek vermek Mesleki yabanc\u0131 dil bilgisine sahip bireyler olabilmeleri i\u00e7in fark\u0131ndal\u0131klar olu\u015fturmak Uluslararas\u0131 [&hellip;]<\/p>\n","protected":false},"author":513,"featured_media":0,"parent":68,"menu_order":0,"comment_status":"closed","ping_status":"closed","template":"elementor_header_footer","meta":{"footnotes":""},"class_list":["post-6448","page","type-page","status-publish","hentry"],"_links":{"self":[{"href":"https:\/\/atauni.edu.tr\/uluslararasi-iliskiler-bolumu\/wp-json\/wp\/v2\/pages\/6448","targetHints":{"allow":["GET"]}}],"collection":[{"href":"https:\/\/atauni.edu.tr\/uluslararasi-iliskiler-bolumu\/wp-json\/wp\/v2\/pages"}],"about":[{"href":"https:\/\/atauni.edu.tr\/uluslararasi-iliskiler-bolumu\/wp-json\/wp\/v2\/types\/page"}],"author":[{"embeddable":true,"href":"https:\/\/atauni.edu.tr\/uluslararasi-iliskiler-bolumu\/wp-json\/wp\/v2\/users\/513"}],"replies":[{"embeddable":true,"href":"https:\/\/atauni.edu.tr\/uluslararasi-iliskiler-bolumu\/wp-json\/wp\/v2\/comments?post=6448"}],"version-history":[{"count":13,"href":"https:\/\/atauni.edu.tr\/uluslararasi-iliskiler-bolumu\/wp-json\/wp\/v2\/pages\/6448\/revisions"}],"predecessor-version":[{"id":6684,"href":"https:\/\/atauni.edu.tr\/uluslararasi-iliskiler-bolumu\/wp-json\/wp\/v2\/pages\/6448\/revisions\/6684"}],"up":[{"embeddable":true,"href":"https:\/\/atauni.edu.tr\/uluslararasi-iliskiler-bolumu\/wp-json\/wp\/v2\/pages\/68"}],"wp:attachment":[{"href":"https:\/\/atauni.edu.tr\/uluslararasi-iliskiler-bolumu\/wp-json\/wp\/v2\/media?parent=6448"}],"curies":[{"name":"wp","href":"https:\/\/api.w.org\/{rel}","templated":true}]}}