{"id":5682,"date":"2021-07-13T10:10:01","date_gmt":"2021-07-13T07:10:01","guid":{"rendered":"https:\/\/portaltest.atauni.edu.tr\/bilgisayar-muhendisligi\/?page_id=5682"},"modified":"2022-08-24T17:05:08","modified_gmt":"2022-08-24T14:05:08","slug":"misyon-vizyon-ve-temel-degerler","status":"publish","type":"page","link":"https:\/\/atauni.edu.tr\/uluslararasi-ticaret-ve-lojistik-bolumu\/misyon-vizyon-ve-temel-degerler\/","title":{"rendered":"Misyon, Vizyon ve Temel De\u011ferler"},"content":{"rendered":"\t\t<div data-elementor-type=\"wp-page\" data-elementor-id=\"5682\" class=\"elementor elementor-5682\" data-elementor-post-type=\"page\">\n\t\t\t\t\t\t<section class=\"elementor-section elementor-top-section elementor-element elementor-element-730d320 elementor-section-boxed elementor-section-height-default elementor-section-height-default\" data-id=\"730d320\" data-element_type=\"section\">\n\t\t\t\t\t\t<div class=\"elementor-container elementor-column-gap-default\">\n\t\t\t\t\t<div class=\"elementor-column elementor-col-100 elementor-top-column elementor-element elementor-element-753d0860\" data-id=\"753d0860\" data-element_type=\"column\">\n\t\t\t<div class=\"elementor-widget-wrap\">\n\t\t\t\t\t\t\t<\/div>\n\t\t<\/div>\n\t\t\t\t\t<\/div>\n\t\t<\/section>\n\t\t\t\t<section class=\"elementor-section elementor-top-section elementor-element elementor-element-9be811a elementor-section-boxed elementor-section-height-default elementor-section-height-default\" data-id=\"9be811a\" data-element_type=\"section\">\n\t\t\t\t\t\t<div class=\"elementor-container elementor-column-gap-default\">\n\t\t\t\t\t<div class=\"elementor-column elementor-col-100 elementor-top-column elementor-element elementor-element-1ed847b7\" data-id=\"1ed847b7\" data-element_type=\"column\">\n\t\t\t<div class=\"elementor-widget-wrap elementor-element-populated\">\n\t\t\t\t\t\t<div class=\"elementor-element elementor-element-4ce0d07f elementor-widget elementor-widget-heading\" data-id=\"4ce0d07f\" data-element_type=\"widget\" data-widget_type=\"heading.default\">\n\t\t\t\t<div class=\"elementor-widget-container\">\n\t\t\t\t\t<h2 class=\"elementor-heading-title elementor-size-default\">Misyon, Vizyon ve Temel De\u011ferler<\/h2>\t\t\t\t<\/div>\n\t\t\t\t<\/div>\n\t\t\t\t<div class=\"elementor-element elementor-element-63260862 elementor-widget-divider--view-line elementor-widget elementor-widget-divider\" data-id=\"63260862\" data-element_type=\"widget\" data-widget_type=\"divider.default\">\n\t\t\t\t<div class=\"elementor-widget-container\">\n\t\t\t\t\t\t\t<div class=\"elementor-divider\">\n\t\t\t<span class=\"elementor-divider-separator\">\n\t\t\t\t\t\t<\/span>\n\t\t<\/div>\n\t\t\t\t\t\t<\/div>\n\t\t\t\t<\/div>\n\t\t\t\t\t<\/div>\n\t\t<\/div>\n\t\t\t\t\t<\/div>\n\t\t<\/section>\n\t\t\t\t<section class=\"elementor-section elementor-top-section elementor-element elementor-element-681db8b elementor-section-boxed elementor-section-height-default elementor-section-height-default\" data-id=\"681db8b\" data-element_type=\"section\">\n\t\t\t\t\t\t<div class=\"elementor-container elementor-column-gap-default\">\n\t\t\t\t\t<div class=\"elementor-column elementor-col-100 elementor-top-column elementor-element elementor-element-ad4dac5\" data-id=\"ad4dac5\" data-element_type=\"column\">\n\t\t\t<div class=\"elementor-widget-wrap elementor-element-populated\">\n\t\t\t\t\t\t<div class=\"elementor-element elementor-element-2f96b3d elementor-widget elementor-widget-text-editor\" data-id=\"2f96b3d\" data-element_type=\"widget\" data-widget_type=\"text-editor.default\">\n\t\t\t\t<div class=\"elementor-widget-container\">\n\t\t\t\t\t\t\t\t\t<div><h3>Misyon<\/h3><p>Program\u0131m\u0131z\u0131n temel misyonu, Uluslararas\u0131 Ticaret ve Lojistik \u00f6\u011fretimi i\u00e7in gerekli teorik bilgileri, kendi toplumsal bilgi birikimi ve de\u011ferlerinden alarak kendi toplum pratikleriyle birle\u015ftirebilen, alan\u0131nda yeni bilgi ve yakla\u015f\u0131mlar\u0131 izleyebilme becerisi kazanm\u0131\u015f, \u00e7a\u011fda\u015f d\u00fcnya ve \u00fclke ger\u00e7eklerine duyarl\u0131, Uluslararas\u0131 Ticaret ve Lojistik alan\u0131nda yeni metotlar\u0131 geli\u015ftirebilecek D\u0131\u015f Ticaret Uzmanlar\u0131 ve bu alanla ili\u015fkili konularda insan kayna\u011f\u0131 yeti\u015ftirmektir. Bununla birlikte, Atat\u00fcrk \u00a0\u00dcniversitesi\u2019nin e\u011fitim, bilimsel ara\u015ft\u0131rma ve toplum hizmetlerinde m\u00fckemmele ula\u015fma misyonuna katk\u0131da bulunulmas\u0131 ama\u00e7lanmaktad\u0131r.\u00a0<\/p><\/div><div><h3>Vizyon<\/h3><p>Program\u0131m\u0131z\u0131n vizyonu ise;\u00a0E\u011fitim-\u00f6\u011fretim, ara\u015ft\u0131rma kalitesi ve i\u015fbirlikleri ile ilk s\u0131ralarda tercih edilen, T\u00fcrkiye\u2019de yeni bir bak\u0131\u015f a\u00e7\u0131s\u0131yla ticaret politikalar\u0131n\u0131n etkin bir \u015fekilde s\u00fcrd\u00fcr\u00fclmesini sa\u011flayan, kamu-sanayi i\u015fbirli\u011finde katma de\u011fer projeler \u00fcreten, evrensel de\u011ferlere sayg\u0131l\u0131, niteli\u011fi y\u00fcksek ve yenilik\u00e7i bir b\u00f6l\u00fcm olmakt\u0131r.<\/p><h3>Temel De\u011ferler<\/h3><ul><li>Evrensel bilim ilkelerine uymak<\/li><li>Etik ve ahlak de\u011ferlerini \u00f6ncelemek<\/li><li>Kurumsal k\u00fclt\u00fcr\u00fc geli\u015ftirmek<\/li><li>Hesap verebilirlik<\/li><li>S\u00fcrd\u00fcr\u00fclebilir e\u011fitim-\u00f6\u011fretim yap\u0131s\u0131 olu\u015fturmak<\/li><li>S\u00fcrekli daha iyiyi hedeflemek<\/li><li>Payda\u015flarla i\u015fbirli\u011fi<\/li><\/ul><h3>Hedefler<\/h3><ul><li>Atat\u00fcrk \u00dcniversitesinin stratejik hedeflerine katk\u0131 yapmak<\/li><li>Nitelikli b\u00fcy\u00fcme<\/li><li>Toplumsal katk\u0131 d\u00fczeyini art\u0131rmak<\/li><li>Nitelikli insan g\u00fcc\u00fc yeti\u015ftirmek<\/li><li>Bilimsel geli\u015fme<\/li><li>Ulusal ve uluslararas\u0131 \u00fcniversitelerin \u00f6zde\u015f b\u00f6l\u00fcmleriyle i\u015fbirli\u011fi<\/li><li>Payda\u015flarla her konuda ileti\u015fimi geli\u015ftirmek<\/li><li>Ulusal ve uluslararas\u0131 d\u00fczeyde \u00f6\u011frenci hareketlili\u011fini art\u0131rmak<\/li><li>\u00d6\u011frencilerimizin kariyer planlamalar\u0131na aktif katk\u0131 sa\u011flamak<\/li><li>Tercih edilme d\u00fczeyini art\u0131rmak<\/li><li>\u00d6\u011frenci memnuniyet d\u00fczeyini art\u0131rmak<\/li><\/ul><h3>Stratejik Ama\u00e7lar<\/h3><ul><li>Y\u00fcksek nitelikli e\u011fitim ve \u00f6\u011fretim faaliyetleriyle y\u00fcksek bilimsel d\u00fczeye sahip, yenilik\u00e7i, giri\u015fimci ve rekabet\u00e7i \u00f6\u011frenciler yeti\u015ftirmek.<\/li><li>\u015eehir, b\u00f6lge ve \u00fclke ekonomisine katma de\u011fer olu\u015fturacak ve evrensel bilime katk\u0131 sa\u011flayacak nitelikli ara\u015ft\u0131rma faaliyetlerini y\u00fcr\u00fctmek ve destek olmak.<\/li><li>Toplumsal katk\u0131 hizmet alanlar\u0131nda (Ula\u015ft\u0131rma ve Ta\u015f\u0131mac\u0131l\u0131k, Lojistik Merkezler, D\u0131\u015f Ticaret) bilgi deste\u011fi sa\u011flamak, bilimsel ara\u015ft\u0131rma ve \u00e7al\u0131\u015fmalarda \u00f6nc\u00fc rol \u00fcstlenebilmek.<\/li><li>B\u00f6l\u00fcm k\u00fclt\u00fcr\u00fcn\u00fc (Kurumsalla\u015fmay\u0131) g\u00fc\u00e7lendirerek geli\u015ftirmek ve ulusal ve uluslararas\u0131 d\u00fczeyde tan\u0131n\u0131rl\u0131\u011f\u0131n\u0131 y\u00fckseltmek.<\/li><\/ul><\/div>\t\t\t\t\t\t\t\t<\/div>\n\t\t\t\t<\/div>\n\t\t\t\t\t<\/div>\n\t\t<\/div>\n\t\t\t\t\t<\/div>\n\t\t<\/section>\n\t\t\t\t<\/div>\n\t\t","protected":false},"excerpt":{"rendered":"<p>Misyon, Vizyon ve Temel De\u011ferler Misyon Program\u0131m\u0131z\u0131n temel misyonu, Uluslararas\u0131 Ticaret ve Lojistik \u00f6\u011fretimi i\u00e7in gerekli teorik bilgileri, kendi toplumsal bilgi birikimi ve de\u011ferlerinden alarak kendi toplum pratikleriyle birle\u015ftirebilen, alan\u0131nda yeni bilgi ve yakla\u015f\u0131mlar\u0131 izleyebilme becerisi kazanm\u0131\u015f, \u00e7a\u011fda\u015f d\u00fcnya ve \u00fclke ger\u00e7eklerine duyarl\u0131, Uluslararas\u0131 Ticaret ve Lojistik alan\u0131nda yeni metotlar\u0131 geli\u015ftirebilecek D\u0131\u015f Ticaret Uzmanlar\u0131 ve [&hellip;]<\/p>\n","protected":false},"author":1,"featured_media":0,"parent":0,"menu_order":0,"comment_status":"closed","ping_status":"closed","template":"elementor_header_footer","meta":{"footnotes":""},"class_list":["post-5682","page","type-page","status-publish","hentry"],"_links":{"self":[{"href":"https:\/\/atauni.edu.tr\/uluslararasi-ticaret-ve-lojistik-bolumu\/wp-json\/wp\/v2\/pages\/5682","targetHints":{"allow":["GET"]}}],"collection":[{"href":"https:\/\/atauni.edu.tr\/uluslararasi-ticaret-ve-lojistik-bolumu\/wp-json\/wp\/v2\/pages"}],"about":[{"href":"https:\/\/atauni.edu.tr\/uluslararasi-ticaret-ve-lojistik-bolumu\/wp-json\/wp\/v2\/types\/page"}],"author":[{"embeddable":true,"href":"https:\/\/atauni.edu.tr\/uluslararasi-ticaret-ve-lojistik-bolumu\/wp-json\/wp\/v2\/users\/1"}],"replies":[{"embeddable":true,"href":"https:\/\/atauni.edu.tr\/uluslararasi-ticaret-ve-lojistik-bolumu\/wp-json\/wp\/v2\/comments?post=5682"}],"version-history":[{"count":23,"href":"https:\/\/atauni.edu.tr\/uluslararasi-ticaret-ve-lojistik-bolumu\/wp-json\/wp\/v2\/pages\/5682\/revisions"}],"predecessor-version":[{"id":6326,"href":"https:\/\/atauni.edu.tr\/uluslararasi-ticaret-ve-lojistik-bolumu\/wp-json\/wp\/v2\/pages\/5682\/revisions\/6326"}],"wp:attachment":[{"href":"https:\/\/atauni.edu.tr\/uluslararasi-ticaret-ve-lojistik-bolumu\/wp-json\/wp\/v2\/media?parent=5682"}],"curies":[{"name":"wp","href":"https:\/\/api.w.org\/{rel}","templated":true}]}}