{"id":10165,"date":"2023-05-20T17:27:56","date_gmt":"2023-05-20T14:27:56","guid":{"rendered":"https:\/\/birimler.atauni.edu.tr\/uygulamali-bilimler-fakultesi\/?page_id=10165"},"modified":"2024-01-04T15:30:52","modified_gmt":"2024-01-04T12:30:52","slug":"formlar-2","status":"publish","type":"page","link":"https:\/\/atauni.edu.tr\/uygulamali-bilimler-fakultesi\/formlar-2\/","title":{"rendered":"Formlar"},"content":{"rendered":"\t\t<div data-elementor-type=\"wp-page\" data-elementor-id=\"10165\" class=\"elementor elementor-10165\" data-elementor-post-type=\"page\">\n\t\t\t\t\t\t<section class=\"elementor-section elementor-top-section elementor-element elementor-element-85c52df elementor-section-boxed elementor-section-height-default elementor-section-height-default\" data-id=\"85c52df\" data-element_type=\"section\">\n\t\t\t\t\t\t<div class=\"elementor-container elementor-column-gap-default\">\n\t\t\t\t\t<div class=\"elementor-column elementor-col-100 elementor-top-column elementor-element elementor-element-e9842af\" data-id=\"e9842af\" data-element_type=\"column\">\n\t\t\t<div class=\"elementor-widget-wrap elementor-element-populated\">\n\t\t\t\t\t\t<div class=\"elementor-element elementor-element-c2f8c15 elementor-widget elementor-widget-text-editor\" data-id=\"c2f8c15\" data-element_type=\"widget\" data-widget_type=\"text-editor.default\">\n\t\t\t\t<div class=\"elementor-widget-container\">\n\t\t\t\t\t\t\t\t\t<p><a href=\"http:\/\/birimler.atauni.edu.tr\/uygulamali-bilimler-fakultesi\/wp-content\/uploads\/sites\/225\/2020\/07\/ek-1-staj-basvuru-formu.docx\">ek-1-staj-basvuru-formu<\/a><\/p><p><a href=\"http:\/\/birimler.atauni.edu.tr\/uygulamali-bilimler-fakultesi\/wp-content\/uploads\/sites\/225\/2020\/07\/ek-2-staj-sozlesmesi.docx\">ek-2-staj-sozlesmesi<\/a><\/p><p><a href=\"http:\/\/birimler.atauni.edu.tr\/uygulamali-bilimler-fakultesi\/wp-content\/uploads\/sites\/225\/2020\/07\/ek-3-staj-defteri.docx\">ek-3-staj-defteri<\/a><\/p><p><a href=\"http:\/\/birimler.atauni.edu.tr\/uygulamali-bilimler-fakultesi\/wp-content\/uploads\/sites\/225\/2020\/07\/ek-4-staj-degerlendirme-formu.docx\">ek-4-staj-degerlendirme-formu<\/a><\/p><p><a href=\"http:\/\/birimler.atauni.edu.tr\/uygulamali-bilimler-fakultesi\/wp-content\/uploads\/sites\/225\/2020\/07\/ek-5-devam-takip-cizelgesi.docx\">ek-5-devam-takip-cizelgesi<\/a><\/p><p><a href=\"http:\/\/birimler.atauni.edu.tr\/uygulamali-bilimler-fakultesi\/wp-content\/uploads\/sites\/225\/2020\/07\/ek-6-staj-puantaj-kayt-cetveli.docx\">ek-6-staj-puantaj-kayt-cetveli<\/a><\/p><p><a href=\"http:\/\/birimler.atauni.edu.tr\/uygulamali-bilimler-fakultesi\/wp-content\/uploads\/sites\/225\/2020\/07\/ek-7-staj-defteri-kapak-sayfasi.docx\">ek-7-staj-defteri-kapak-sayfasi<\/a>\u00a0<\/p><p>\u00a0<\/p><p><strong>Not:<\/strong> Formlar, \u00fczerinde d\u00fczenleme yapabilmeniz i\u00e7in &#8220;Word&#8221; format\u0131nda y\u00fcklenmi\u015ftir. Formlar\u0131 indirmek i\u00e7in fare ile sa\u011f t\u0131klay\u0131p &#8220;\u0130ncele&#8221; se\u00e7ene\u011fi se\u00e7ildikten sonra sa\u011f tarafta a\u00e7\u0131lan ekranda indirme linkine t\u0131klat\u0131ld\u0131\u011f\u0131nda dosya otomatik olarak indirilecektir.<\/p>\t\t\t\t\t\t\t\t<\/div>\n\t\t\t\t<\/div>\n\t\t\t\t\t<\/div>\n\t\t<\/div>\n\t\t\t\t\t<\/div>\n\t\t<\/section>\n\t\t\t\t<section class=\"elementor-section elementor-top-section elementor-element elementor-element-d634246 elementor-section-boxed elementor-section-height-default elementor-section-height-default\" data-id=\"d634246\" data-element_type=\"section\">\n\t\t\t\t\t\t<div class=\"elementor-container elementor-column-gap-default\">\n\t\t\t\t\t<div class=\"elementor-column elementor-col-100 elementor-top-column elementor-element elementor-element-37373a4\" data-id=\"37373a4\" data-element_type=\"column\">\n\t\t\t<div class=\"elementor-widget-wrap elementor-element-populated\">\n\t\t\t\t\t\t<div class=\"elementor-element elementor-element-0cde7b2 elementor-widget elementor-widget-gallery\" data-id=\"0cde7b2\" data-element_type=\"widget\" data-settings=\"{&quot;image_hover_animation&quot;:&quot;grow&quot;,&quot;lazyload&quot;:&quot;yes&quot;,&quot;gallery_layout&quot;:&quot;grid&quot;,&quot;columns&quot;:4,&quot;columns_tablet&quot;:2,&quot;columns_mobile&quot;:1,&quot;gap&quot;:{&quot;unit&quot;:&quot;px&quot;,&quot;size&quot;:10,&quot;sizes&quot;:[]},&quot;gap_tablet&quot;:{&quot;unit&quot;:&quot;px&quot;,&quot;size&quot;:10,&quot;sizes&quot;:[]},&quot;gap_mobile&quot;:{&quot;unit&quot;:&quot;px&quot;,&quot;size&quot;:10,&quot;sizes&quot;:[]},&quot;link_to&quot;:&quot;file&quot;,&quot;aspect_ratio&quot;:&quot;3:2&quot;,&quot;overlay_background&quot;:&quot;yes&quot;,&quot;content_hover_animation&quot;:&quot;fade-in&quot;}\" data-widget_type=\"gallery.default\">\n\t\t\t\t<div class=\"elementor-widget-container\">\n\t\t\t\t\t\t\t<div class=\"elementor-gallery__container\">\n\t\t\t\t\t\t\t<a class=\"e-gallery-item elementor-gallery-item elementor-animated-content\" href=\"https:\/\/atauni.edu.tr\/uygulamali-bilimler-fakultesi\/wp-content\/uploads\/sites\/225\/2020\/07\/1-5.jpg\" data-elementor-open-lightbox=\"yes\" data-elementor-lightbox-slideshow=\"0cde7b2\" data-elementor-lightbox-title=\"1\" data-e-action-hash=\"#elementor-action%3Aaction%3Dlightbox%26settings%3DeyJpZCI6MTA4NDQsInVybCI6Imh0dHBzOlwvXC9hdGF1bmkuZWR1LnRyXC91eWd1bGFtYWxpLWJpbGltbGVyLWZha3VsdGVzaVwvd3AtY29udGVudFwvdXBsb2Fkc1wvc2l0ZXNcLzIyNVwvMjAyMFwvMDdcLzEtNS5qcGciLCJzbGlkZXNob3ciOiIwY2RlN2IyIn0%3D\">\n\t\t\t\t\t<div class=\"e-gallery-image elementor-gallery-item__image\" data-thumbnail=\"https:\/\/atauni.edu.tr\/uygulamali-bilimler-fakultesi\/wp-content\/uploads\/sites\/225\/2020\/07\/1-5-300x125.jpg\" data-width=\"300\" data-height=\"125\" aria-label=\"\" role=\"img\" ><\/div>\n\t\t\t\t\t\t\t\t\t\t\t<div class=\"elementor-gallery-item__overlay\"><\/div>\n\t\t\t\t\t\t\t\t\t\t\t\t\t\t<\/a>\n\t\t\t\t\t\t\t<a class=\"e-gallery-item elementor-gallery-item elementor-animated-content\" href=\"https:\/\/atauni.edu.tr\/uygulamali-bilimler-fakultesi\/wp-content\/uploads\/sites\/225\/2020\/07\/2-4.jpg\" data-elementor-open-lightbox=\"yes\" data-elementor-lightbox-slideshow=\"0cde7b2\" data-elementor-lightbox-title=\"2\" data-e-action-hash=\"#elementor-action%3Aaction%3Dlightbox%26settings%3DeyJpZCI6MTA4NDUsInVybCI6Imh0dHBzOlwvXC9hdGF1bmkuZWR1LnRyXC91eWd1bGFtYWxpLWJpbGltbGVyLWZha3VsdGVzaVwvd3AtY29udGVudFwvdXBsb2Fkc1wvc2l0ZXNcLzIyNVwvMjAyMFwvMDdcLzItNC5qcGciLCJzbGlkZXNob3ciOiIwY2RlN2IyIn0%3D\">\n\t\t\t\t\t<div class=\"e-gallery-image elementor-gallery-item__image\" data-thumbnail=\"https:\/\/atauni.edu.tr\/uygulamali-bilimler-fakultesi\/wp-content\/uploads\/sites\/225\/2020\/07\/2-4-300x119.jpg\" data-width=\"300\" data-height=\"119\" aria-label=\"\" role=\"img\" ><\/div>\n\t\t\t\t\t\t\t\t\t\t\t<div class=\"elementor-gallery-item__overlay\"><\/div>\n\t\t\t\t\t\t\t\t\t\t\t\t\t\t<\/a>\n\t\t\t\t\t<\/div>\n\t\t\t\t\t<\/div>\n\t\t\t\t<\/div>\n\t\t\t\t\t<\/div>\n\t\t<\/div>\n\t\t\t\t\t<\/div>\n\t\t<\/section>\n\t\t\t\t<\/div>\n\t\t","protected":false},"excerpt":{"rendered":"<p>ek-1-staj-basvuru-formu ek-2-staj-sozlesmesi ek-3-staj-defteri ek-4-staj-degerlendirme-formu ek-5-devam-takip-cizelgesi ek-6-staj-puantaj-kayt-cetveli ek-7-staj-defteri-kapak-sayfasi\u00a0 \u00a0 Not: Formlar, \u00fczerinde d\u00fczenleme yapabilmeniz i\u00e7in &#8220;Word&#8221; format\u0131nda y\u00fcklenmi\u015ftir. Formlar\u0131 indirmek i\u00e7in fare ile sa\u011f t\u0131klay\u0131p &#8220;\u0130ncele&#8221; se\u00e7ene\u011fi se\u00e7ildikten sonra sa\u011f tarafta a\u00e7\u0131lan ekranda indirme linkine t\u0131klat\u0131ld\u0131\u011f\u0131nda dosya otomatik olarak indirilecektir.<\/p>\n","protected":false},"author":442,"featured_media":0,"parent":0,"menu_order":0,"comment_status":"closed","ping_status":"closed","template":"","meta":{"footnotes":""},"class_list":["post-10165","page","type-page","status-publish","hentry"],"_links":{"self":[{"href":"https:\/\/atauni.edu.tr\/uygulamali-bilimler-fakultesi\/wp-json\/wp\/v2\/pages\/10165","targetHints":{"allow":["GET"]}}],"collection":[{"href":"https:\/\/atauni.edu.tr\/uygulamali-bilimler-fakultesi\/wp-json\/wp\/v2\/pages"}],"about":[{"href":"https:\/\/atauni.edu.tr\/uygulamali-bilimler-fakultesi\/wp-json\/wp\/v2\/types\/page"}],"author":[{"embeddable":true,"href":"https:\/\/atauni.edu.tr\/uygulamali-bilimler-fakultesi\/wp-json\/wp\/v2\/users\/442"}],"replies":[{"embeddable":true,"href":"https:\/\/atauni.edu.tr\/uygulamali-bilimler-fakultesi\/wp-json\/wp\/v2\/comments?post=10165"}],"version-history":[{"count":10,"href":"https:\/\/atauni.edu.tr\/uygulamali-bilimler-fakultesi\/wp-json\/wp\/v2\/pages\/10165\/revisions"}],"predecessor-version":[{"id":10848,"href":"https:\/\/atauni.edu.tr\/uygulamali-bilimler-fakultesi\/wp-json\/wp\/v2\/pages\/10165\/revisions\/10848"}],"wp:attachment":[{"href":"https:\/\/atauni.edu.tr\/uygulamali-bilimler-fakultesi\/wp-json\/wp\/v2\/media?parent=10165"}],"curies":[{"name":"wp","href":"https:\/\/api.w.org\/{rel}","templated":true}]}}