{"id":10194,"date":"2023-05-20T17:35:21","date_gmt":"2023-05-20T14:35:21","guid":{"rendered":"https:\/\/birimler.atauni.edu.tr\/uygulamali-bilimler-fakultesi\/?page_id=10194"},"modified":"2023-05-20T17:37:17","modified_gmt":"2023-05-20T14:37:17","slug":"yonergeler","status":"publish","type":"page","link":"https:\/\/atauni.edu.tr\/uygulamali-bilimler-fakultesi\/yonergeler\/","title":{"rendered":"Y\u00f6nergeler"},"content":{"rendered":"\t\t<div data-elementor-type=\"wp-page\" data-elementor-id=\"10194\" class=\"elementor elementor-10194\" data-elementor-post-type=\"page\">\n\t\t\t\t\t\t<section class=\"elementor-section elementor-top-section elementor-element elementor-element-69df42f elementor-section-boxed elementor-section-height-default elementor-section-height-default\" data-id=\"69df42f\" data-element_type=\"section\">\n\t\t\t\t\t\t<div class=\"elementor-container elementor-column-gap-default\">\n\t\t\t\t\t<div class=\"elementor-column elementor-col-100 elementor-top-column elementor-element elementor-element-ea61ee6\" data-id=\"ea61ee6\" data-element_type=\"column\">\n\t\t\t<div class=\"elementor-widget-wrap elementor-element-populated\">\n\t\t\t\t\t\t<div class=\"elementor-element elementor-element-4dbca79 elementor-widget elementor-widget-text-editor\" data-id=\"4dbca79\" data-element_type=\"widget\" data-widget_type=\"text-editor.default\">\n\t\t\t\t<div class=\"elementor-widget-container\">\n\t\t\t\t\t\t\t\t\t<p><a href=\"http:\/\/birimler.atauni.edu.tr\/uygulamali-bilimler-fakultesi\/wp-content\/uploads\/sites\/225\/2020\/07\/1-Ataturk-Universitesi-Staj-Uygulama-Esaslari.pdf\">1-Atat\u00fcrk \u00dcniversitesi Staj Uygulama Esaslar\u0131<\/a><\/p><p><a href=\"http:\/\/birimler.atauni.edu.tr\/uygulamali-bilimler-fakultesi\/wp-content\/uploads\/sites\/225\/2020\/07\/2-Fakulte-Staj-Yonergesi.pdf\">2-Fak\u00fclte Staj Y\u00f6nergesi<\/a><\/p><p><a href=\"http:\/\/birimler.atauni.edu.tr\/uygulamali-bilimler-fakultesi\/wp-content\/uploads\/sites\/225\/2020\/07\/3.1-Bolum-Staj-Yonergesi-Acil-Yardim-ve-Afet-Yonetimi.pdf\">3.1-B\u00f6l\u00fcm Staj Y\u00f6nergesi-Acil Yard\u0131m ve Afet Y\u00f6netimi<\/a><\/p><p><a href=\"http:\/\/birimler.atauni.edu.tr\/uygulamali-bilimler-fakultesi\/wp-content\/uploads\/sites\/225\/2020\/07\/3.1-Bolum-Staj-Yonergesi-Bilisim-Sistemleri-ve-Teknolojileri.pdf\">3.1-B\u00f6l\u00fcm Staj Y\u00f6nergesi-Bili\u015fim Sistemleri ve Teknolojileri<\/a><\/p><p><a href=\"http:\/\/birimler.atauni.edu.tr\/uygulamali-bilimler-fakultesi\/wp-content\/uploads\/sites\/225\/2020\/07\/4-Ataturk-Universitesi-On-Lisans-ve-Lisans-Egitim-Ogretim-ve-Sinav-Yonetmeligi.pdf\">4-Atat\u00fcrk \u00dcniversitesi \u00d6n Lisans ve Lisans E\u011fitim-\u00d6\u011fretim ve S\u0131nav Y\u00f6netmeli\u011fi<\/a><\/p>\t\t\t\t\t\t\t\t<\/div>\n\t\t\t\t<\/div>\n\t\t\t\t\t<\/div>\n\t\t<\/div>\n\t\t\t\t\t<\/div>\n\t\t<\/section>\n\t\t\t\t<\/div>\n\t\t","protected":false},"excerpt":{"rendered":"<p>1-Atat\u00fcrk \u00dcniversitesi Staj Uygulama Esaslar\u0131 2-Fak\u00fclte Staj Y\u00f6nergesi 3.1-B\u00f6l\u00fcm Staj Y\u00f6nergesi-Acil Yard\u0131m ve Afet Y\u00f6netimi 3.1-B\u00f6l\u00fcm Staj Y\u00f6nergesi-Bili\u015fim Sistemleri ve Teknolojileri 4-Atat\u00fcrk \u00dcniversitesi \u00d6n Lisans ve Lisans E\u011fitim-\u00d6\u011fretim ve S\u0131nav Y\u00f6netmeli\u011fi<\/p>\n","protected":false},"author":442,"featured_media":0,"parent":0,"menu_order":0,"comment_status":"closed","ping_status":"closed","template":"","meta":{"footnotes":""},"class_list":["post-10194","page","type-page","status-publish","hentry"],"_links":{"self":[{"href":"https:\/\/atauni.edu.tr\/uygulamali-bilimler-fakultesi\/wp-json\/wp\/v2\/pages\/10194","targetHints":{"allow":["GET"]}}],"collection":[{"href":"https:\/\/atauni.edu.tr\/uygulamali-bilimler-fakultesi\/wp-json\/wp\/v2\/pages"}],"about":[{"href":"https:\/\/atauni.edu.tr\/uygulamali-bilimler-fakultesi\/wp-json\/wp\/v2\/types\/page"}],"author":[{"embeddable":true,"href":"https:\/\/atauni.edu.tr\/uygulamali-bilimler-fakultesi\/wp-json\/wp\/v2\/users\/442"}],"replies":[{"embeddable":true,"href":"https:\/\/atauni.edu.tr\/uygulamali-bilimler-fakultesi\/wp-json\/wp\/v2\/comments?post=10194"}],"version-history":[{"count":4,"href":"https:\/\/atauni.edu.tr\/uygulamali-bilimler-fakultesi\/wp-json\/wp\/v2\/pages\/10194\/revisions"}],"predecessor-version":[{"id":10208,"href":"https:\/\/atauni.edu.tr\/uygulamali-bilimler-fakultesi\/wp-json\/wp\/v2\/pages\/10194\/revisions\/10208"}],"wp:attachment":[{"href":"https:\/\/atauni.edu.tr\/uygulamali-bilimler-fakultesi\/wp-json\/wp\/v2\/media?parent=10194"}],"curies":[{"name":"wp","href":"https:\/\/api.w.org\/{rel}","templated":true}]}}