{"id":12180,"date":"2025-06-16T15:32:05","date_gmt":"2025-06-16T12:32:05","guid":{"rendered":"https:\/\/birimler.atauni.edu.tr\/uygulamali-bilimler-fakultesi\/?page_id=12180"},"modified":"2026-02-28T11:12:48","modified_gmt":"2026-02-28T08:12:48","slug":"stajgpt","status":"publish","type":"page","link":"https:\/\/atauni.edu.tr\/uygulamali-bilimler-fakultesi\/stajgpt\/","title":{"rendered":"Staj Ba\u015fvuru Asistan\u0131"},"content":{"rendered":"\t\t<div data-elementor-type=\"wp-page\" data-elementor-id=\"12180\" class=\"elementor elementor-12180\" data-elementor-post-type=\"page\">\n\t\t\t\t\t\t<section class=\"elementor-section elementor-top-section elementor-element elementor-element-d74b8e2 elementor-section-boxed elementor-section-height-default elementor-section-height-default\" data-id=\"d74b8e2\" data-element_type=\"section\">\n\t\t\t\t\t\t<div class=\"elementor-container elementor-column-gap-default\">\n\t\t\t\t\t<div class=\"elementor-column elementor-col-100 elementor-top-column elementor-element elementor-element-75b2a8b\" data-id=\"75b2a8b\" data-element_type=\"column\">\n\t\t\t<div class=\"elementor-widget-wrap elementor-element-populated\">\n\t\t\t\t\t\t<div class=\"elementor-element elementor-element-c68d2a3 elementor-widget elementor-widget-text-editor\" data-id=\"c68d2a3\" data-element_type=\"widget\" data-widget_type=\"text-editor.default\">\n\t\t\t\t<div class=\"elementor-widget-container\">\n\t\t\t\t\t\t\t\t\t<p>Bu uygulama yapaca\u011f\u0131n\u0131z zorunlu stajlar ile ilgili sorular\u0131n\u0131z\u0131 cevaplamak i\u00e7in olu\u015fturulmu\u015ftur. Staj ile ilgili detayl\u0131 bilgiyi &#8220;Staj Yol Haritas\u0131&#8221; ve &#8220;Y\u00f6nergeler&#8221; sekmelerinde bulabilirsiniz.<\/p><p><span style=\"text-decoration: underline\"><strong>Ba\u011flant\u0131 Adresi:\u00a0<\/strong><\/span><a href=\"https:\/\/ataunistaj.github.io\/staj\/\">https:\/\/ataunistaj.github.io\/staj\/<\/a><\/p>\t\t\t\t\t\t\t\t<\/div>\n\t\t\t\t<\/div>\n\t\t\t\t\t<\/div>\n\t\t<\/div>\n\t\t\t\t\t<\/div>\n\t\t<\/section>\n\t\t\t\t<\/div>\n\t\t","protected":false},"excerpt":{"rendered":"<p>Bu uygulama yapaca\u011f\u0131n\u0131z zorunlu stajlar ile ilgili sorular\u0131n\u0131z\u0131 cevaplamak i\u00e7in olu\u015fturulmu\u015ftur. Staj ile ilgili detayl\u0131 bilgiyi &#8220;Staj Yol Haritas\u0131&#8221; ve &#8220;Y\u00f6nergeler&#8221; sekmelerinde bulabilirsiniz. Ba\u011flant\u0131 Adresi:\u00a0https:\/\/ataunistaj.github.io\/staj\/<\/p>\n","protected":false},"author":442,"featured_media":0,"parent":0,"menu_order":0,"comment_status":"closed","ping_status":"closed","template":"","meta":{"footnotes":""},"class_list":["post-12180","page","type-page","status-publish","hentry"],"_links":{"self":[{"href":"https:\/\/atauni.edu.tr\/uygulamali-bilimler-fakultesi\/wp-json\/wp\/v2\/pages\/12180","targetHints":{"allow":["GET"]}}],"collection":[{"href":"https:\/\/atauni.edu.tr\/uygulamali-bilimler-fakultesi\/wp-json\/wp\/v2\/pages"}],"about":[{"href":"https:\/\/atauni.edu.tr\/uygulamali-bilimler-fakultesi\/wp-json\/wp\/v2\/types\/page"}],"author":[{"embeddable":true,"href":"https:\/\/atauni.edu.tr\/uygulamali-bilimler-fakultesi\/wp-json\/wp\/v2\/users\/442"}],"replies":[{"embeddable":true,"href":"https:\/\/atauni.edu.tr\/uygulamali-bilimler-fakultesi\/wp-json\/wp\/v2\/comments?post=12180"}],"version-history":[{"count":8,"href":"https:\/\/atauni.edu.tr\/uygulamali-bilimler-fakultesi\/wp-json\/wp\/v2\/pages\/12180\/revisions"}],"predecessor-version":[{"id":12513,"href":"https:\/\/atauni.edu.tr\/uygulamali-bilimler-fakultesi\/wp-json\/wp\/v2\/pages\/12180\/revisions\/12513"}],"wp:attachment":[{"href":"https:\/\/atauni.edu.tr\/uygulamali-bilimler-fakultesi\/wp-json\/wp\/v2\/media?parent=12180"}],"curies":[{"name":"wp","href":"https:\/\/api.w.org\/{rel}","templated":true}]}}