{"id":5674,"date":"2021-07-13T10:47:12","date_gmt":"2021-07-13T07:47:12","guid":{"rendered":"https:\/\/portaltest.atauni.edu.tr\/muhendislik-fakultesi\/?page_id=5674"},"modified":"2026-02-19T13:39:03","modified_gmt":"2026-02-19T10:39:03","slug":"fakulte-kurulu","status":"publish","type":"page","link":"https:\/\/atauni.edu.tr\/uygulamali-bilimler-fakultesi\/fakulte-kurulu\/","title":{"rendered":"Fak\u00fclte Kurulu"},"content":{"rendered":"\t\t<div data-elementor-type=\"wp-page\" data-elementor-id=\"5674\" class=\"elementor elementor-5674\" data-elementor-post-type=\"page\">\n\t\t\t\t\t\t<section class=\"elementor-section elementor-top-section elementor-element elementor-element-46c2cb5d elementor-section-boxed elementor-section-height-default elementor-section-height-default\" data-id=\"46c2cb5d\" data-element_type=\"section\">\n\t\t\t\t\t\t<div class=\"elementor-container elementor-column-gap-default\">\n\t\t\t\t\t<div class=\"elementor-column elementor-col-100 elementor-top-column elementor-element elementor-element-299813e7\" data-id=\"299813e7\" data-element_type=\"column\">\n\t\t\t<div class=\"elementor-widget-wrap elementor-element-populated\">\n\t\t\t\t\t\t<div class=\"elementor-element elementor-element-3ec495a9 elementor-widget elementor-widget-heading\" data-id=\"3ec495a9\" data-element_type=\"widget\" data-widget_type=\"heading.default\">\n\t\t\t\t<div class=\"elementor-widget-container\">\n\t\t\t\t\t<h2 class=\"elementor-heading-title elementor-size-default\">Fak\u00fclte Kurulu<\/h2>\t\t\t\t<\/div>\n\t\t\t\t<\/div>\n\t\t\t\t<div class=\"elementor-element elementor-element-2092e3b3 elementor-widget-divider--view-line elementor-widget elementor-widget-divider\" data-id=\"2092e3b3\" data-element_type=\"widget\" data-widget_type=\"divider.default\">\n\t\t\t\t<div class=\"elementor-widget-container\">\n\t\t\t\t\t\t\t<div class=\"elementor-divider\">\n\t\t\t<span class=\"elementor-divider-separator\">\n\t\t\t\t\t\t<\/span>\n\t\t<\/div>\n\t\t\t\t\t\t<\/div>\n\t\t\t\t<\/div>\n\t\t\t\t\t<\/div>\n\t\t<\/div>\n\t\t\t\t\t<\/div>\n\t\t<\/section>\n\t\t\t\t<section class=\"elementor-section elementor-top-section elementor-element elementor-element-7727b5a elementor-section-boxed elementor-section-height-default elementor-section-height-default\" data-id=\"7727b5a\" data-element_type=\"section\">\n\t\t\t\t\t\t<div class=\"elementor-container elementor-column-gap-default\">\n\t\t\t\t\t<div class=\"elementor-column elementor-col-100 elementor-top-column elementor-element elementor-element-590a86b\" data-id=\"590a86b\" data-element_type=\"column\">\n\t\t\t<div class=\"elementor-widget-wrap elementor-element-populated\">\n\t\t\t\t\t\t<div class=\"elementor-element elementor-element-e02a6b9 elementor-widget elementor-widget-text-editor\" data-id=\"e02a6b9\" data-element_type=\"widget\" data-widget_type=\"text-editor.default\">\n\t\t\t\t<div class=\"elementor-widget-container\">\n\t\t\t\t\t\t\t\t\t<table style=\"border-collapse: collapse;width: 100%;height: 164px\" border=\"1\"><tbody><tr style=\"height: 36px\"><td style=\"width: 50%;height: 36px\">Prof. Dr. Muhammet Dursun KAYA<\/td><td style=\"width: 50%;height: 36px\">Ba\u015fkan<\/td><\/tr><tr style=\"height: 18px\"><td style=\"width: 50%;height: 18px\">Prof. Dr. Hayrunnisa NADARO\u011eLU<\/td><td style=\"width: 50%;height: 18px\">\u00dcye<\/td><\/tr><tr style=\"height: 18px\"><td style=\"width: 50%;height: 18px\">Prof. Dr. Serhat VAN\u00c7EL\u0130K<\/td><td style=\"width: 50%;height: 18px\">\u00dcye<\/td><\/tr><tr style=\"height: 18px\"><td style=\"width: 50%;height: 18px\">Prof. Dr. Zekerya AKKU\u015e<\/td><td style=\"width: 50%;height: 18px\">\u00dcye<\/td><\/tr><tr style=\"height: 18px\"><td style=\"width: 50%;height: 18px\">Do\u00e7. Dr. Abdullatif KABAN<\/td><td style=\"width: 50%;height: 18px\">\u00dcye<\/td><\/tr><tr style=\"height: 18px\"><td style=\"width: 50%;height: 10px\">Do\u00e7. Dr. Hamza POLAT<\/td><td style=\"width: 50%;height: 10px\">\u00dcye<\/td><\/tr><tr style=\"height: 18px\"><td style=\"width: 50%;height: 10px\">Do\u00e7. Dr. Turgay DEM\u0130REL<\/td><td style=\"width: 50%;height: 10px\">\u00dcye<\/td><\/tr><tr style=\"height: 18px\"><td style=\"width: 50%;height: 10px\">Dr. \u00d6\u011fr. \u00dcyesi \u0130brahim CENG\u0130Z<\/td><td style=\"width: 50%;height: 10px\">\u00dcye<\/td><\/tr><tr style=\"height: 18px\"><td style=\"width: 50%;height: 10px\">Dr. \u00d6\u011fr. \u00dcyesi \u00d6mer B\u0130LEN<\/td><td style=\"width: 50%;height: 10px\">\u00dcye<\/td><\/tr><tr style=\"height: 18px\"><td style=\"width: 50%;height: 10px\">Dr. \u00d6\u011fr. \u00dcyesi \u00d6mer \u00c7a\u011fr\u0131 YAVUZ<\/td><td style=\"width: 50%;height: 10px\">\u00dcye<\/td><\/tr><tr style=\"height: 18px\"><td style=\"width: 50%;height: 18px\">Ya\u015far MARAL<\/td><td style=\"width: 50%;height: 18px\">Raport\u00f6r<\/td><\/tr><\/tbody><\/table>\t\t\t\t\t\t\t\t<\/div>\n\t\t\t\t<\/div>\n\t\t\t\t\t<\/div>\n\t\t<\/div>\n\t\t\t\t\t<\/div>\n\t\t<\/section>\n\t\t\t\t<\/div>\n\t\t","protected":false},"excerpt":{"rendered":"<p>Fak\u00fclte Kurulu Prof. Dr. Muhammet Dursun KAYA Ba\u015fkan Prof. Dr. Hayrunnisa NADARO\u011eLU \u00dcye Prof. Dr. Serhat VAN\u00c7EL\u0130K \u00dcye Prof. Dr. Zekerya AKKU\u015e \u00dcye Do\u00e7. Dr. Abdullatif KABAN \u00dcye Do\u00e7. Dr. Hamza POLAT \u00dcye Do\u00e7. Dr. Turgay DEM\u0130REL \u00dcye Dr. \u00d6\u011fr. \u00dcyesi \u0130brahim CENG\u0130Z \u00dcye Dr. \u00d6\u011fr. \u00dcyesi \u00d6mer B\u0130LEN \u00dcye Dr. \u00d6\u011fr. \u00dcyesi \u00d6mer \u00c7a\u011fr\u0131 [&hellip;]<\/p>\n","protected":false},"author":1,"featured_media":0,"parent":0,"menu_order":0,"comment_status":"closed","ping_status":"closed","template":"elementor_header_footer","meta":{"footnotes":""},"class_list":["post-5674","page","type-page","status-publish","hentry"],"_links":{"self":[{"href":"https:\/\/atauni.edu.tr\/uygulamali-bilimler-fakultesi\/wp-json\/wp\/v2\/pages\/5674","targetHints":{"allow":["GET"]}}],"collection":[{"href":"https:\/\/atauni.edu.tr\/uygulamali-bilimler-fakultesi\/wp-json\/wp\/v2\/pages"}],"about":[{"href":"https:\/\/atauni.edu.tr\/uygulamali-bilimler-fakultesi\/wp-json\/wp\/v2\/types\/page"}],"author":[{"embeddable":true,"href":"https:\/\/atauni.edu.tr\/uygulamali-bilimler-fakultesi\/wp-json\/wp\/v2\/users\/1"}],"replies":[{"embeddable":true,"href":"https:\/\/atauni.edu.tr\/uygulamali-bilimler-fakultesi\/wp-json\/wp\/v2\/comments?post=5674"}],"version-history":[{"count":50,"href":"https:\/\/atauni.edu.tr\/uygulamali-bilimler-fakultesi\/wp-json\/wp\/v2\/pages\/5674\/revisions"}],"predecessor-version":[{"id":12492,"href":"https:\/\/atauni.edu.tr\/uygulamali-bilimler-fakultesi\/wp-json\/wp\/v2\/pages\/5674\/revisions\/12492"}],"wp:attachment":[{"href":"https:\/\/atauni.edu.tr\/uygulamali-bilimler-fakultesi\/wp-json\/wp\/v2\/media?parent=5674"}],"curies":[{"name":"wp","href":"https:\/\/api.w.org\/{rel}","templated":true}]}}