{"id":6730,"date":"2021-12-16T12:24:31","date_gmt":"2021-12-16T09:24:31","guid":{"rendered":"https:\/\/birimler.atauni.edu.tr\/uygulamali-bilimler-fakultesi\/?page_id=6730"},"modified":"2024-08-21T13:04:22","modified_gmt":"2024-08-21T10:04:22","slug":"bilisim-sistemleri-ve-teknolojileri","status":"publish","type":"page","link":"https:\/\/atauni.edu.tr\/uygulamali-bilimler-fakultesi\/bilisim-sistemleri-ve-teknolojileri\/","title":{"rendered":"Bili\u015fim Sistemleri ve Teknolojileri B\u00f6l\u00fcm\u00fc"},"content":{"rendered":"\t\t<div data-elementor-type=\"wp-page\" data-elementor-id=\"6730\" class=\"elementor elementor-6730\" data-elementor-post-type=\"page\">\n\t\t\t\t\t\t<section class=\"elementor-section elementor-top-section elementor-element elementor-element-107a5a5 elementor-section-boxed elementor-section-height-default elementor-section-height-default\" data-id=\"107a5a5\" data-element_type=\"section\">\n\t\t\t\t\t\t<div class=\"elementor-container elementor-column-gap-default\">\n\t\t\t\t\t<div class=\"elementor-column elementor-col-100 elementor-top-column elementor-element elementor-element-6b64e13\" data-id=\"6b64e13\" data-element_type=\"column\">\n\t\t\t<div class=\"elementor-widget-wrap elementor-element-populated\">\n\t\t\t\t\t\t<div class=\"elementor-element elementor-element-20e91ab elementor-widget elementor-widget-text-editor\" data-id=\"20e91ab\" data-element_type=\"widget\" data-widget_type=\"text-editor.default\">\n\t\t\t\t<div class=\"elementor-widget-container\">\n\t\t\t\t\t\t\t\t\t<p><strong>B\u00f6l\u00fcm Ba\u015fkan\u0131<\/strong>\u00a0 \u00a0 \u00a0 \u00a0 \u00a0 \u00a0 \u00a0<a style=\"background-color: #ffffff;letter-spacing: 0px\" href=\"https:\/\/avesis.atauni.edu.tr\/nurullah.tas\" target=\"_blank\" rel=\"noopener\">Do\u00e7. Dr. Nurullah TA\u015e<\/a><\/p><p><span style=\"letter-spacing: 0px;font-weight: bolder\">\u00d6\u011fretim \u00dcyesi\u00a0 \u00a0 \u00a0 \u00a0 \u00a0 \u00a0 \u00a0\u00a0<\/span><a style=\"letter-spacing: 0px\" href=\"https:\/\/avesis.atauni.edu.tr\/abdullatif\" target=\"_blank\" rel=\"noopener\">Do\u00e7. Dr. Abdullatif KABAN\u00a0 \u00a0\u00a0<\/a><\/p><p><span style=\"font-weight: bold;letter-spacing: 0px\">\u00d6\u011fretim \u00dcyesi\u00a0 \u00a0 \u00a0 \u00a0 \u00a0 \u00a0 \u00a0\u00a0<\/span><a style=\"letter-spacing: 0px;background-color: #ffffff\" href=\"https:\/\/avesis.atauni.edu.tr\/hamzapolat\">Do\u00e7. Dr. Hamza POLAT<\/a><strong style=\"color: var( --e-global-color-text );letter-spacing: 0px\">\u00a0 <\/strong><\/p><p><strong style=\"color: var( --e-global-color-text );letter-spacing: 0px\"><span style=\"font-weight: bold;letter-spacing: 0px\">\u00d6\u011fretim \u00dcyesi\u00a0 \u00a0 \u00a0 \u00a0 \u00a0 \u00a0 \u00a0<\/span><\/strong><span style=\"letter-spacing: 0px\">\u00a0<\/span><a style=\"letter-spacing: 0px;background-color: #ffffff\" href=\"https:\/\/avesis.atauni.edu.tr\/tdemirel\">Do\u00e7. Dr. Turgay DEM\u0130REL<\/a><\/p><p><b>\u00d6\u011fretim \u00dcyesi\u00a0<\/b>\u00a0 \u00a0 \u00a0 \u00a0 \u00a0 \u00a0 \u00a0\u00a0<a style=\"background-color: #ffffff;letter-spacing: 0px\" href=\"https:\/\/avesis.atauni.edu.tr\/abdulkerim.aydin\" target=\"_blank\" rel=\"noopener\">Dr. \u00d6\u011fr. \u00dcyesi Abdulkerim AYDIN<\/a><\/p><p><strong>\u00d6\u011fretim Eleman\u0131<\/strong>\u00a0 \u00a0 \u00a0 \u00a0 \u00a0\u00a0<a href=\"https:\/\/avesis.atauni.edu.tr\/hasan.kucukoglu\">Ar\u015f. G\u00f6r. Hasan K\u00dc\u00c7\u00dcKO\u011eLU<\/a><\/p>\t\t\t\t\t\t\t\t<\/div>\n\t\t\t\t<\/div>\n\t\t\t\t\t<\/div>\n\t\t<\/div>\n\t\t\t\t\t<\/div>\n\t\t<\/section>\n\t\t\t\t<\/div>\n\t\t","protected":false},"excerpt":{"rendered":"<p>B\u00f6l\u00fcm Ba\u015fkan\u0131\u00a0 \u00a0 \u00a0 \u00a0 \u00a0 \u00a0 \u00a0Do\u00e7. Dr. Nurullah TA\u015e \u00d6\u011fretim \u00dcyesi\u00a0 \u00a0 \u00a0 \u00a0 \u00a0 \u00a0 \u00a0\u00a0Do\u00e7. Dr. Abdullatif KABAN\u00a0 \u00a0\u00a0 \u00d6\u011fretim \u00dcyesi\u00a0 \u00a0 \u00a0 \u00a0 \u00a0 \u00a0 \u00a0\u00a0Do\u00e7. Dr. Hamza POLAT\u00a0 \u00d6\u011fretim \u00dcyesi\u00a0 \u00a0 \u00a0 \u00a0 \u00a0 \u00a0 \u00a0\u00a0Do\u00e7. Dr. Turgay DEM\u0130REL \u00d6\u011fretim \u00dcyesi\u00a0\u00a0 \u00a0 \u00a0 \u00a0 \u00a0 \u00a0 \u00a0\u00a0Dr. \u00d6\u011fr. \u00dcyesi [&hellip;]<\/p>\n","protected":false},"author":442,"featured_media":0,"parent":0,"menu_order":0,"comment_status":"closed","ping_status":"closed","template":"","meta":{"footnotes":""},"class_list":["post-6730","page","type-page","status-publish","hentry"],"_links":{"self":[{"href":"https:\/\/atauni.edu.tr\/uygulamali-bilimler-fakultesi\/wp-json\/wp\/v2\/pages\/6730","targetHints":{"allow":["GET"]}}],"collection":[{"href":"https:\/\/atauni.edu.tr\/uygulamali-bilimler-fakultesi\/wp-json\/wp\/v2\/pages"}],"about":[{"href":"https:\/\/atauni.edu.tr\/uygulamali-bilimler-fakultesi\/wp-json\/wp\/v2\/types\/page"}],"author":[{"embeddable":true,"href":"https:\/\/atauni.edu.tr\/uygulamali-bilimler-fakultesi\/wp-json\/wp\/v2\/users\/442"}],"replies":[{"embeddable":true,"href":"https:\/\/atauni.edu.tr\/uygulamali-bilimler-fakultesi\/wp-json\/wp\/v2\/comments?post=6730"}],"version-history":[{"count":62,"href":"https:\/\/atauni.edu.tr\/uygulamali-bilimler-fakultesi\/wp-json\/wp\/v2\/pages\/6730\/revisions"}],"predecessor-version":[{"id":11115,"href":"https:\/\/atauni.edu.tr\/uygulamali-bilimler-fakultesi\/wp-json\/wp\/v2\/pages\/6730\/revisions\/11115"}],"wp:attachment":[{"href":"https:\/\/atauni.edu.tr\/uygulamali-bilimler-fakultesi\/wp-json\/wp\/v2\/media?parent=6730"}],"curies":[{"name":"wp","href":"https:\/\/api.w.org\/{rel}","templated":true}]}}