{"id":8602,"date":"2022-04-25T14:57:15","date_gmt":"2022-04-25T11:57:15","guid":{"rendered":"https:\/\/birimler.atauni.edu.tr\/uygulamali-bilimler-fakultesi\/?page_id=8602"},"modified":"2024-10-14T17:15:26","modified_gmt":"2024-10-14T14:15:26","slug":"gorev-tanimlari","status":"publish","type":"page","link":"https:\/\/atauni.edu.tr\/uygulamali-bilimler-fakultesi\/gorev-tanimlari\/","title":{"rendered":"G\u00f6rev Tan\u0131mlar\u0131"},"content":{"rendered":"\t\t<div data-elementor-type=\"wp-page\" data-elementor-id=\"8602\" class=\"elementor elementor-8602\" data-elementor-post-type=\"page\">\n\t\t\t\t\t\t<section class=\"elementor-section elementor-top-section elementor-element elementor-element-3ea86cc elementor-section-boxed elementor-section-height-default elementor-section-height-default\" data-id=\"3ea86cc\" data-element_type=\"section\">\n\t\t\t\t\t\t<div class=\"elementor-container elementor-column-gap-default\">\n\t\t\t\t\t<div class=\"elementor-column elementor-col-100 elementor-top-column elementor-element elementor-element-797d4dc\" data-id=\"797d4dc\" data-element_type=\"column\">\n\t\t\t<div class=\"elementor-widget-wrap elementor-element-populated\">\n\t\t\t\t\t\t<div class=\"elementor-element elementor-element-efaed55 elementor-widget elementor-widget-text-editor\" data-id=\"efaed55\" data-element_type=\"widget\" data-widget_type=\"text-editor.default\">\n\t\t\t\t<div class=\"elementor-widget-container\">\n\t\t\t\t\t\t\t\t\t<ol><li><a href=\"http:\/\/birimler.atauni.edu.tr\/uygulamali-bilimler-fakultesi\/wp-content\/uploads\/sites\/225\/2020\/07\/1-Dekan-1.pdf\">Dekan<\/a><\/li><li><a href=\"http:\/\/birimler.atauni.edu.tr\/uygulamali-bilimler-fakultesi\/wp-content\/uploads\/sites\/225\/2020\/07\/2-Dekan-Yardimcisi-1.pdf\">Dekan Yard\u0131mc\u0131s\u0131<\/a><\/li><li><a href=\"http:\/\/birimler.atauni.edu.tr\/uygulamali-bilimler-fakultesi\/wp-content\/uploads\/sites\/225\/2020\/07\/3-Fakulte-Sekreteri-1.pdf\">Fak\u00fclte Sekreteri<\/a><\/li><li><a href=\"http:\/\/birimler.atauni.edu.tr\/uygulamali-bilimler-fakultesi\/wp-content\/uploads\/sites\/225\/2020\/07\/4-lojman-birim-sorumlusu.pdf\">Lojman Birim Sorumlusu<\/a><\/li><li><a href=\"http:\/\/birimler.atauni.edu.tr\/uygulamali-bilimler-fakultesi\/wp-content\/uploads\/sites\/225\/2020\/07\/5-Bolum-Baskani-1.pdf\">B\u00f6l\u00fcm Ba\u015fkan\u0131<\/a><\/li><li><a href=\"http:\/\/birimler.atauni.edu.tr\/uygulamali-bilimler-fakultesi\/wp-content\/uploads\/sites\/225\/2020\/07\/6-Arastirma-Gorevlisi-1.pdf\">Ara\u015ft\u0131rma G\u00f6revlisi<\/a><\/li><li><a href=\"http:\/\/birimler.atauni.edu.tr\/uygulamali-bilimler-fakultesi\/wp-content\/uploads\/sites\/225\/2020\/07\/7-Ogretim-Uyesi.pdf\">\u00d6\u011fretim \u00dcyesi\u00a0<\/a><\/li><li><a href=\"http:\/\/birimler.atauni.edu.tr\/uygulamali-bilimler-fakultesi\/wp-content\/uploads\/sites\/225\/2020\/07\/8-Bel.yon_.ve-ins.kay_.Memuru.pdf\">Belge Y\u00f6netimi ve \u0130nsan Kaynaklar\u0131 Memuru<\/a><\/li><li><a href=\"http:\/\/birimler.atauni.edu.tr\/uygulamali-bilimler-fakultesi\/wp-content\/uploads\/sites\/225\/2020\/07\/9-Ogrenci-Isleri.pdf\">\u00d6\u011frenci \u0130\u015fleri<\/a><\/li><li><a href=\"http:\/\/birimler.atauni.edu.tr\/uygulamali-bilimler-fakultesi\/wp-content\/uploads\/sites\/225\/2020\/07\/10-Satinalma-memuru.pdf\">Sat\u0131nalma Memuru<\/a><\/li><li><a href=\"http:\/\/birimler.atauni.edu.tr\/uygulamali-bilimler-fakultesi\/wp-content\/uploads\/sites\/225\/2020\/07\/11-Mutemet.pdf\">Mutemet<\/a><\/li><li><a href=\"http:\/\/birimler.atauni.edu.tr\/uygulamali-bilimler-fakultesi\/wp-content\/uploads\/sites\/225\/2020\/07\/12-Bilgisayar-Teknikeri.pdf\">Bilgisayar Teknikeri<\/a><\/li><li><a href=\"http:\/\/birimler.atauni.edu.tr\/uygulamali-bilimler-fakultesi\/wp-content\/uploads\/sites\/225\/2020\/07\/13-Ambar-memuru.pdf\">Ambar Memuru<\/a><\/li><li><a href=\"http:\/\/birimler.atauni.edu.tr\/uygulamali-bilimler-fakultesi\/wp-content\/uploads\/sites\/225\/2020\/07\/14-Tasinir-kayit-yetkilisi.pdf\">Ta\u015f\u0131n\u0131r Kay\u0131t Yetkilisi<\/a><\/li><li><a href=\"http:\/\/birimler.atauni.edu.tr\/uygulamali-bilimler-fakultesi\/wp-content\/uploads\/sites\/225\/2020\/07\/15-Bolum-Sekreteri.pdf\">B\u00f6l\u00fcm Sekreteri<\/a><\/li><li><a href=\"http:\/\/birimler.atauni.edu.tr\/uygulamali-bilimler-fakultesi\/wp-content\/uploads\/sites\/225\/2020\/07\/16-Temizlik-Elemani.pdf\">Temizlik Eleman\u0131<\/a><\/li><li><a href=\"http:\/\/birimler.atauni.edu.tr\/uygulamali-bilimler-fakultesi\/wp-content\/uploads\/sites\/225\/2020\/07\/17-Dekan-Ozel-Kalemi.pdf\">Dekan \u00d6zel Kalemi<\/a><\/li><\/ol>\t\t\t\t\t\t\t\t<\/div>\n\t\t\t\t<\/div>\n\t\t\t\t\t<\/div>\n\t\t<\/div>\n\t\t\t\t\t<\/div>\n\t\t<\/section>\n\t\t\t\t<\/div>\n\t\t","protected":false},"excerpt":{"rendered":"<p>Dekan Dekan Yard\u0131mc\u0131s\u0131 Fak\u00fclte Sekreteri Lojman Birim Sorumlusu B\u00f6l\u00fcm Ba\u015fkan\u0131 Ara\u015ft\u0131rma G\u00f6revlisi \u00d6\u011fretim \u00dcyesi\u00a0 Belge Y\u00f6netimi ve \u0130nsan Kaynaklar\u0131 Memuru \u00d6\u011frenci \u0130\u015fleri Sat\u0131nalma Memuru Mutemet Bilgisayar Teknikeri Ambar Memuru Ta\u015f\u0131n\u0131r Kay\u0131t Yetkilisi B\u00f6l\u00fcm Sekreteri Temizlik Eleman\u0131 Dekan \u00d6zel Kalemi<\/p>\n","protected":false},"author":442,"featured_media":0,"parent":0,"menu_order":0,"comment_status":"closed","ping_status":"closed","template":"","meta":{"footnotes":""},"class_list":["post-8602","page","type-page","status-publish","hentry"],"_links":{"self":[{"href":"https:\/\/atauni.edu.tr\/uygulamali-bilimler-fakultesi\/wp-json\/wp\/v2\/pages\/8602","targetHints":{"allow":["GET"]}}],"collection":[{"href":"https:\/\/atauni.edu.tr\/uygulamali-bilimler-fakultesi\/wp-json\/wp\/v2\/pages"}],"about":[{"href":"https:\/\/atauni.edu.tr\/uygulamali-bilimler-fakultesi\/wp-json\/wp\/v2\/types\/page"}],"author":[{"embeddable":true,"href":"https:\/\/atauni.edu.tr\/uygulamali-bilimler-fakultesi\/wp-json\/wp\/v2\/users\/442"}],"replies":[{"embeddable":true,"href":"https:\/\/atauni.edu.tr\/uygulamali-bilimler-fakultesi\/wp-json\/wp\/v2\/comments?post=8602"}],"version-history":[{"count":13,"href":"https:\/\/atauni.edu.tr\/uygulamali-bilimler-fakultesi\/wp-json\/wp\/v2\/pages\/8602\/revisions"}],"predecessor-version":[{"id":11646,"href":"https:\/\/atauni.edu.tr\/uygulamali-bilimler-fakultesi\/wp-json\/wp\/v2\/pages\/8602\/revisions\/11646"}],"wp:attachment":[{"href":"https:\/\/atauni.edu.tr\/uygulamali-bilimler-fakultesi\/wp-json\/wp\/v2\/media?parent=8602"}],"curies":[{"name":"wp","href":"https:\/\/api.w.org\/{rel}","templated":true}]}}