{"id":14997,"date":"2024-06-24T16:50:44","date_gmt":"2024-06-24T13:50:44","guid":{"rendered":"https:\/\/birimler.atauni.edu.tr\/veteriner-fakultesi\/?page_id=14997"},"modified":"2024-06-24T17:59:14","modified_gmt":"2024-06-24T14:59:14","slug":"eaeve","status":"publish","type":"page","link":"https:\/\/atauni.edu.tr\/veteriner-fakultesi\/eaeve\/","title":{"rendered":"EAEVE"},"content":{"rendered":"\t\t<div data-elementor-type=\"wp-page\" data-elementor-id=\"14997\" class=\"elementor elementor-14997\" data-elementor-post-type=\"page\">\n\t\t\t\t<div class=\"elementor-element elementor-element-af21be1 e-flex e-con-boxed e-con e-parent\" data-id=\"af21be1\" data-element_type=\"container\">\n\t\t\t\t\t<div class=\"e-con-inner\">\n\t\t\t\t<div class=\"elementor-element elementor-element-94c2ada elementor-position-top elementor-widget elementor-widget-image-box\" data-id=\"94c2ada\" data-element_type=\"widget\" data-widget_type=\"image-box.default\">\n\t\t\t\t<div class=\"elementor-widget-container\">\n\t\t\t\t\t<div class=\"elementor-image-box-wrapper\"><figure class=\"elementor-image-box-img\"><a href=\"http:\/\/birimler.atauni.edu.tr\/veteriner-fakultesi\/wp-content\/uploads\/sites\/76\/2024\/06\/61ae5bc9a9206c58574fde576ea29057-3-scaled.jpg\" tabindex=\"-1\"><img fetchpriority=\"high\" decoding=\"async\" width=\"2560\" height=\"1810\" src=\"https:\/\/atauni.edu.tr\/veteriner-fakultesi\/wp-content\/uploads\/sites\/76\/2024\/06\/61ae5bc9a9206c58574fde576ea29057-3-scaled.jpg\" class=\"attachment-full size-full wp-image-14931\" alt=\"\" srcset=\"https:\/\/atauni.edu.tr\/veteriner-fakultesi\/wp-content\/uploads\/sites\/76\/2024\/06\/61ae5bc9a9206c58574fde576ea29057-3-scaled.jpg 2560w, https:\/\/atauni.edu.tr\/veteriner-fakultesi\/wp-content\/uploads\/sites\/76\/2024\/06\/61ae5bc9a9206c58574fde576ea29057-3-300x212.jpg 300w, https:\/\/atauni.edu.tr\/veteriner-fakultesi\/wp-content\/uploads\/sites\/76\/2024\/06\/61ae5bc9a9206c58574fde576ea29057-3-1024x724.jpg 1024w, https:\/\/atauni.edu.tr\/veteriner-fakultesi\/wp-content\/uploads\/sites\/76\/2024\/06\/61ae5bc9a9206c58574fde576ea29057-3-768x543.jpg 768w, https:\/\/atauni.edu.tr\/veteriner-fakultesi\/wp-content\/uploads\/sites\/76\/2024\/06\/61ae5bc9a9206c58574fde576ea29057-3-1536x1086.jpg 1536w, https:\/\/atauni.edu.tr\/veteriner-fakultesi\/wp-content\/uploads\/sites\/76\/2024\/06\/61ae5bc9a9206c58574fde576ea29057-3-2048x1448.jpg 2048w, https:\/\/atauni.edu.tr\/veteriner-fakultesi\/wp-content\/uploads\/sites\/76\/2024\/06\/61ae5bc9a9206c58574fde576ea29057-3-600x424.jpg 600w, https:\/\/atauni.edu.tr\/veteriner-fakultesi\/wp-content\/uploads\/sites\/76\/2024\/06\/61ae5bc9a9206c58574fde576ea29057-3-560x396.jpg 560w\" sizes=\"(max-width: 2560px) 100vw, 2560px\" \/><\/a><\/figure><\/div>\t\t\t\t<\/div>\n\t\t\t\t<\/div>\n\t\t\t\t\t<\/div>\n\t\t\t\t<\/div>\n\t\t<div class=\"elementor-element elementor-element-1341db6 e-flex e-con-boxed e-con e-parent\" data-id=\"1341db6\" data-element_type=\"container\">\n\t\t\t\t\t<div class=\"e-con-inner\">\n\t\t\t\t<div class=\"elementor-element elementor-element-29891ad elementor-widget elementor-widget-heading\" data-id=\"29891ad\" data-element_type=\"widget\" data-widget_type=\"heading.default\">\n\t\t\t\t<div class=\"elementor-widget-container\">\n\t\t\t\t\t<h2 class=\"elementor-heading-title elementor-size-default\">Fak\u00fcltemiz 13 Haziran 2024'te EAEVE taraf\u0131ndan akredite edilmi\u015ftir.<\/h2>\t\t\t\t<\/div>\n\t\t\t\t<\/div>\n\t\t\t\t\t<\/div>\n\t\t\t\t<\/div>\n\t\t<div class=\"elementor-element elementor-element-4f9a304 e-flex e-con-boxed e-con e-parent\" data-id=\"4f9a304\" data-element_type=\"container\">\n\t\t\t\t\t<div class=\"e-con-inner\">\n\t\t<div class=\"elementor-element elementor-element-92beb3d e-flex e-con-boxed e-con e-child\" data-id=\"92beb3d\" data-element_type=\"container\">\n\t\t\t\t\t<div class=\"e-con-inner\">\n\t\t\t\t<div class=\"elementor-element elementor-element-635d888 elementor-widget-divider--view-line elementor-widget elementor-widget-divider\" data-id=\"635d888\" data-element_type=\"widget\" data-widget_type=\"divider.default\">\n\t\t\t\t<div class=\"elementor-widget-container\">\n\t\t\t\t\t\t\t<div class=\"elementor-divider\">\n\t\t\t<span class=\"elementor-divider-separator\">\n\t\t\t\t\t\t<\/span>\n\t\t<\/div>\n\t\t\t\t\t\t<\/div>\n\t\t\t\t<\/div>\n\t\t\t\t<div class=\"elementor-element elementor-element-7cd4253 elementor-widget elementor-widget-heading\" data-id=\"7cd4253\" data-element_type=\"widget\" data-widget_type=\"heading.default\">\n\t\t\t\t<div class=\"elementor-widget-container\">\n\t\t\t\t\t<h2 class=\"elementor-heading-title elementor-size-medium\"><a href=\"https:\/\/www.eaeve.org\">EAEVE'nin Kurulu\u015f, Misyon ve Hedefleri<\/a><\/h2>\t\t\t\t<\/div>\n\t\t\t\t<\/div>\n\t\t\t\t<div class=\"elementor-element elementor-element-f683a0d elementor-widget-divider--view-line elementor-widget elementor-widget-divider\" data-id=\"f683a0d\" data-element_type=\"widget\" data-widget_type=\"divider.default\">\n\t\t\t\t<div class=\"elementor-widget-container\">\n\t\t\t\t\t\t\t<div class=\"elementor-divider\">\n\t\t\t<span class=\"elementor-divider-separator\">\n\t\t\t\t\t\t<\/span>\n\t\t<\/div>\n\t\t\t\t\t\t<\/div>\n\t\t\t\t<\/div>\n\t\t\t\t\t<\/div>\n\t\t\t\t<\/div>\n\t\t\t\t\t<\/div>\n\t\t\t\t<\/div>\n\t\t<div class=\"elementor-element elementor-element-1cd04c0 e-flex e-con-boxed e-con e-parent\" data-id=\"1cd04c0\" data-element_type=\"container\">\n\t\t\t\t\t<div class=\"e-con-inner\">\n\t\t\t\t<div class=\"elementor-element elementor-element-9695df4 elementor-widget elementor-widget-text-editor\" data-id=\"9695df4\" data-element_type=\"widget\" data-widget_type=\"text-editor.default\">\n\t\t\t\t<div class=\"elementor-widget-container\">\n\t\t\t\t\t\t\t\t\t<p><span style=\"color: #000000;text-align: var(--text-align);font-size: 17px;font-weight: 400;letter-spacing: 0px\">Avrupa Veteriner E\u011fitim Kurumlar\u0131 Derne\u011fi (EAEVE), 1988 y\u0131l\u0131nda kurulmu\u015f olup ba\u015flang\u0131\u00e7ta Fransa&#8217;n\u0131n Maisons-Alfort \u015fehrinde faaliyet g\u00f6stermekteydi. Daha sonra y\u00f6netim merkezi Br\u00fcksel, Bel\u00e7ika&#8217;ya ta\u015f\u0131nm\u0131\u015f ve 2007 y\u0131l\u0131ndan itibaren EAEVE&#8217;nin merkezi ve ofisleri Avusturya&#8217;n\u0131n Viyana \u015fehrinde bulunmaktad\u0131r.<\/span><\/p><p><span style=\"color: #000000\">Misyon Bildirisi:<\/span><br \/><span style=\"color: #000000\">EAEVE&#8217;nin vizyonu, y\u00fcksek kalite standartlar\u0131na dayal\u0131 olarak, ara\u015ft\u0131rma ve yenili\u011fe odaklanm\u0131\u015f veteriner e\u011fitiminin, One Health hizmetinde veteriner mesle\u011finin temel bile\u015feni oldu\u011fu ve toplum taraf\u0131ndan tan\u0131nd\u0131\u011f\u0131d\u0131r.<\/span><\/p><p><span style=\"color: #000000\">EAEVE&#8217;nin misyonu, Avrupa ve k\u00fcresel d\u00fczeyde \u00fcye kurumlar\u0131n\u0131 temsil etmek ve desteklemek, ara\u015ft\u0131rma odakl\u0131 veteriner e\u011fitiminin ve s\u00fcrekli evriminin toplumsal zorluklar ba\u011flam\u0131nda uyumla\u015ft\u0131r\u0131lmas\u0131n\u0131 sa\u011flamakt\u0131r.<\/span><\/p><p><span style=\"color: #000000\">EAEVE\/FVE de\u011ferlendirme sistemi, \u015fu g\u00fcvenceleri sa\u011flar:<\/span><br \/><span style=\"color: #000000\">&#8211; Kamuoyuna, mezun veteriner cerrahlar\u0131n kalitesine ve sunduklar\u0131 hizmetlere g\u00fcvenebilecekleri bilgisini verir.<\/span><br \/><span style=\"color: #000000\">&#8211; Veteriner \u00f6\u011frencilere, e\u011fitimlerinin kabul edilmi\u015f ve kabul edilebilir standartlara ula\u015ft\u0131\u011f\u0131n\u0131 belirtir.<\/span><br \/><span style=\"color: #000000\">&#8211; Veteriner kurulu\u015flara, m\u00fcfredatlar\u0131n\u0131n ve okullar\u0131n\u0131n kabul edilmi\u015f standartlara ula\u015ft\u0131\u011f\u0131n\u0131 belirtir.<\/span><\/p><p><span style=\"color: #000000\">Hedefler:<\/span><br \/><span style=\"color: #000000\">Ba\u015fl\u0131ca hedef, Avrupa Birli\u011fi Direktifi 2005\/36&#8217;da belirtilen veteriner cerrahlar i\u00e7in e\u011fitim program\u0131 minimum standartlar\u0131n\u0131n uyumla\u015ft\u0131r\u0131lmas\u0131n\u0131 izlemektir. Bu, EAEVE taraf\u0131ndan y\u00f6netilen Avrupa Veteriner E\u011fitiminin De\u011ferlendirilmesi Sistemi arac\u0131l\u0131\u011f\u0131yla ger\u00e7ekle\u015ftirilir, ancak Federasyon Veteriner Hekimler Birli\u011fi (FVE) ile ortak sorumluluk ta\u015f\u0131r. De\u011ferlendirilen ve Onaylanm\u0131\u015f Kurumlar listesi tutulmaktad\u0131r.<\/span><\/p><p><span style=\"color: #000000\">Di\u011fer hedefler, \u00fcye kurumlar aras\u0131ndaki i\u015fbirli\u011fini g\u00fc\u00e7lendirmek ve veteriner e\u011fitimini iyile\u015ftirmek ve uyumla\u015ft\u0131rmak i\u00e7in bir forum olarak hareket etmektir. Ek g\u00f6revler aras\u0131nda bilgi al\u0131\u015fveri\u015fini, personel de\u011fi\u015fimini, \u00f6\u011frenci de\u011fi\u015fimini ve \u00f6\u011fretim materyalleri al\u0131\u015fveri\u015fini kolayla\u015ft\u0131rmak bulunmaktad\u0131r.<\/span><\/p><p><span style=\"color: #000000\">\u00dcyeler, veteriner t\u0131p ve bilim alan\u0131nda \u00f6\u011fretim ve ara\u015ft\u0131rma yapan fak\u00fclteler, okullar ve \u00fcniversitelerdir. 2023 y\u0131l\u0131 itibar\u0131yla, Avrupa&#8217;da mevcut 110 Veteriner E\u011fitim Kurumu&#8217;ndan 96&#8217;s\u0131 EAEVE \u00fcyesidir.<\/span><\/p>\t\t\t\t\t\t\t\t<\/div>\n\t\t\t\t<\/div>\n\t\t\t\t\t<\/div>\n\t\t\t\t<\/div>\n\t\t<div class=\"elementor-element elementor-element-ce85fb0 e-flex e-con-boxed e-con e-parent\" data-id=\"ce85fb0\" data-element_type=\"container\">\n\t\t\t\t\t<div class=\"e-con-inner\">\n\t\t<div class=\"elementor-element elementor-element-7661383 e-flex e-con-boxed e-con e-child\" data-id=\"7661383\" data-element_type=\"container\">\n\t\t\t\t\t<div class=\"e-con-inner\">\n\t\t\t\t<div class=\"elementor-element elementor-element-3027151 elementor-widget-divider--view-line elementor-widget elementor-widget-divider\" data-id=\"3027151\" data-element_type=\"widget\" data-widget_type=\"divider.default\">\n\t\t\t\t<div class=\"elementor-widget-container\">\n\t\t\t\t\t\t\t<div class=\"elementor-divider\">\n\t\t\t<span class=\"elementor-divider-separator\">\n\t\t\t\t\t\t<\/span>\n\t\t<\/div>\n\t\t\t\t\t\t<\/div>\n\t\t\t\t<\/div>\n\t\t\t\t<div class=\"elementor-element elementor-element-90b1eba elementor-widget elementor-widget-heading\" data-id=\"90b1eba\" data-element_type=\"widget\" data-widget_type=\"heading.default\">\n\t\t\t\t<div class=\"elementor-widget-container\">\n\t\t\t\t\t<h2 class=\"elementor-heading-title elementor-size-medium\"><a href=\"http:\/\/birimler.atauni.edu.tr\/veteriner-fakultesi\/wp-content\/uploads\/sites\/76\/2020\/07\/FinalReportErzurumRV2024.pdf\">Final Report of Re-Visitation<\/a><\/h2>\t\t\t\t<\/div>\n\t\t\t\t<\/div>\n\t\t\t\t<div class=\"elementor-element elementor-element-e159c88 elementor-widget-divider--view-line elementor-widget elementor-widget-divider\" data-id=\"e159c88\" data-element_type=\"widget\" data-widget_type=\"divider.default\">\n\t\t\t\t<div class=\"elementor-widget-container\">\n\t\t\t\t\t\t\t<div class=\"elementor-divider\">\n\t\t\t<span class=\"elementor-divider-separator\">\n\t\t\t\t\t\t<\/span>\n\t\t<\/div>\n\t\t\t\t\t\t<\/div>\n\t\t\t\t<\/div>\n\t\t\t\t\t<\/div>\n\t\t\t\t<\/div>\n\t\t\t\t\t<\/div>\n\t\t\t\t<\/div>\n\t\t<div class=\"elementor-element elementor-element-5f721ee e-flex e-con-boxed e-con e-parent\" data-id=\"5f721ee\" data-element_type=\"container\">\n\t\t\t\t\t<div class=\"e-con-inner\">\n\t\t\t\t<div class=\"elementor-element elementor-element-3f20420 elementor-widget elementor-widget-pdf_viewer\" data-id=\"3f20420\" data-element_type=\"widget\" data-widget_type=\"pdf_viewer.default\">\n\t\t\t\t<div class=\"elementor-widget-container\">\n\t\t\t\t\t<iframe src=\"https:\/\/docs.google.com\/viewer?url=http:\/\/birimler.atauni.edu.tr\/veteriner-fakultesi\/wp-content\/uploads\/sites\/76\/2020\/07\/FinalReportErzurumRV2024.pdf&amp;embedded=true\" style=\"display: block; margin-left: auto; margin-right: auto; width: 960px; height: 960px;\" frameborder=\"1\" marginheight=\"0px\" marginwidth=\"0px\" allowfullscreen><\/iframe>\t\t\t\t<\/div>\n\t\t\t\t<\/div>\n\t\t\t\t\t<\/div>\n\t\t\t\t<\/div>\n\t\t<div class=\"elementor-element elementor-element-23b5af5 e-flex e-con-boxed e-con e-parent\" data-id=\"23b5af5\" data-element_type=\"container\">\n\t\t\t\t\t<div class=\"e-con-inner\">\n\t\t<div class=\"elementor-element elementor-element-8bf2411 e-flex e-con-boxed e-con e-child\" data-id=\"8bf2411\" data-element_type=\"container\">\n\t\t\t\t\t<div class=\"e-con-inner\">\n\t\t\t\t<div class=\"elementor-element elementor-element-2eb4cf0 elementor-widget-divider--view-line elementor-widget elementor-widget-divider\" data-id=\"2eb4cf0\" data-element_type=\"widget\" data-widget_type=\"divider.default\">\n\t\t\t\t<div class=\"elementor-widget-container\">\n\t\t\t\t\t\t\t<div class=\"elementor-divider\">\n\t\t\t<span class=\"elementor-divider-separator\">\n\t\t\t\t\t\t<\/span>\n\t\t<\/div>\n\t\t\t\t\t\t<\/div>\n\t\t\t\t<\/div>\n\t\t\t\t<div class=\"elementor-element elementor-element-a0fcb20 elementor-widget elementor-widget-heading\" data-id=\"a0fcb20\" data-element_type=\"widget\" data-widget_type=\"heading.default\">\n\t\t\t\t<div class=\"elementor-widget-container\">\n\t\t\t\t\t<h2 class=\"elementor-heading-title elementor-size-medium\"><a href=\"http:\/\/birimler.atauni.edu.tr\/veteriner-fakultesi\/wp-content\/uploads\/sites\/76\/2020\/07\/FinalReportErzurumRV2024.pdf\">ECOVE Decision Letter<\/a><\/h2>\t\t\t\t<\/div>\n\t\t\t\t<\/div>\n\t\t\t\t<div class=\"elementor-element elementor-element-047bb51 elementor-widget-divider--view-line elementor-widget elementor-widget-divider\" data-id=\"047bb51\" data-element_type=\"widget\" data-widget_type=\"divider.default\">\n\t\t\t\t<div class=\"elementor-widget-container\">\n\t\t\t\t\t\t\t<div class=\"elementor-divider\">\n\t\t\t<span class=\"elementor-divider-separator\">\n\t\t\t\t\t\t<\/span>\n\t\t<\/div>\n\t\t\t\t\t\t<\/div>\n\t\t\t\t<\/div>\n\t\t\t\t\t<\/div>\n\t\t\t\t<\/div>\n\t\t\t\t\t<\/div>\n\t\t\t\t<\/div>\n\t\t<div class=\"elementor-element elementor-element-f8cc8d8 e-flex e-con-boxed e-con e-parent\" data-id=\"f8cc8d8\" data-element_type=\"container\">\n\t\t\t\t\t<div class=\"e-con-inner\">\n\t\t\t\t<div class=\"elementor-element elementor-element-4155631 elementor-widget elementor-widget-image\" data-id=\"4155631\" data-element_type=\"widget\" data-widget_type=\"image.default\">\n\t\t\t\t<div class=\"elementor-widget-container\">\n\t\t\t\t\t\t\t\t\t\t\t\t\t\t\t\t<a href=\"http:\/\/birimler.atauni.edu.tr\/veteriner-fakultesi\/wp-content\/uploads\/sites\/76\/2020\/07\/ECOVE-Decision-Letter.pdf\">\n\t\t\t\t\t\t\t<img decoding=\"async\" src=\"https:\/\/atauni.edu.tr\/veteriner-fakultesi\/wp-content\/uploads\/sites\/76\/2020\/07\/ECOVE-Decision-Letter.jpg\" title=\"ECOVE Decision Letter\" alt=\"ECOVE Decision Letter\" loading=\"lazy\" \/>\t\t\t\t\t\t\t\t<\/a>\n\t\t\t\t\t\t\t\t\t\t\t\t\t\t\t<\/div>\n\t\t\t\t<\/div>\n\t\t\t\t\t<\/div>\n\t\t\t\t<\/div>\n\t\t<div class=\"elementor-element elementor-element-93fc9e4 e-flex e-con-boxed e-con e-parent\" data-id=\"93fc9e4\" data-element_type=\"container\">\n\t\t\t\t\t<div class=\"e-con-inner\">\n\t\t<div class=\"elementor-element elementor-element-6a889c9 e-flex e-con-boxed e-con e-child\" data-id=\"6a889c9\" data-element_type=\"container\">\n\t\t\t\t\t<div class=\"e-con-inner\">\n\t\t\t\t<div class=\"elementor-element elementor-element-98f15cc elementor-widget-divider--view-line elementor-widget elementor-widget-divider\" data-id=\"98f15cc\" data-element_type=\"widget\" data-widget_type=\"divider.default\">\n\t\t\t\t<div class=\"elementor-widget-container\">\n\t\t\t\t\t\t\t<div class=\"elementor-divider\">\n\t\t\t<span class=\"elementor-divider-separator\">\n\t\t\t\t\t\t<\/span>\n\t\t<\/div>\n\t\t\t\t\t\t<\/div>\n\t\t\t\t<\/div>\n\t\t\t\t<div class=\"elementor-element elementor-element-1c7fcbd elementor-widget elementor-widget-heading\" data-id=\"1c7fcbd\" data-element_type=\"widget\" data-widget_type=\"heading.default\">\n\t\t\t\t<div class=\"elementor-widget-container\">\n\t\t\t\t\t<h2 class=\"elementor-heading-title elementor-size-medium\"><a href=\"http:\/\/birimler.atauni.edu.tr\/veteriner-fakultesi\/wp-content\/uploads\/sites\/76\/2020\/07\/Guncel-Revisit.pdf\">Re-Visitation Self Evaluation Report (2024)<\/a><\/h2>\t\t\t\t<\/div>\n\t\t\t\t<\/div>\n\t\t\t\t<div class=\"elementor-element elementor-element-6bf32bd elementor-widget-divider--view-line elementor-widget elementor-widget-divider\" data-id=\"6bf32bd\" data-element_type=\"widget\" data-widget_type=\"divider.default\">\n\t\t\t\t<div class=\"elementor-widget-container\">\n\t\t\t\t\t\t\t<div class=\"elementor-divider\">\n\t\t\t<span class=\"elementor-divider-separator\">\n\t\t\t\t\t\t<\/span>\n\t\t<\/div>\n\t\t\t\t\t\t<\/div>\n\t\t\t\t<\/div>\n\t\t\t\t\t<\/div>\n\t\t\t\t<\/div>\n\t\t\t\t\t<\/div>\n\t\t\t\t<\/div>\n\t\t<div class=\"elementor-element elementor-element-b12c469 e-flex e-con-boxed e-con e-parent\" data-id=\"b12c469\" data-element_type=\"container\">\n\t\t\t\t\t<div class=\"e-con-inner\">\n\t\t\t\t<div class=\"elementor-element elementor-element-65b77a2 elementor-widget elementor-widget-pdf_viewer\" data-id=\"65b77a2\" data-element_type=\"widget\" data-widget_type=\"pdf_viewer.default\">\n\t\t\t\t<div class=\"elementor-widget-container\">\n\t\t\t\t\t<iframe src=\"https:\/\/docs.google.com\/viewer?url=http:\/\/birimler.atauni.edu.tr\/veteriner-fakultesi\/wp-content\/uploads\/sites\/76\/2020\/07\/Guncel-Revisit.pdf&amp;embedded=true\" style=\"display: block; margin-left: auto; margin-right: auto; width: 960px; height: 960px;\" frameborder=\"1\" marginheight=\"0px\" marginwidth=\"0px\" allowfullscreen><\/iframe>\t\t\t\t<\/div>\n\t\t\t\t<\/div>\n\t\t\t\t\t<\/div>\n\t\t\t\t<\/div>\n\t\t\t\t<\/div>\n\t\t","protected":false},"excerpt":{"rendered":"<p>Fak\u00fcltemiz 13 Haziran 2024&#8217;te EAEVE taraf\u0131ndan akredite edilmi\u015ftir. EAEVE&#8217;nin Kurulu\u015f, Misyon ve Hedefleri Avrupa Veteriner E\u011fitim Kurumlar\u0131 Derne\u011fi (EAEVE), 1988 y\u0131l\u0131nda kurulmu\u015f olup ba\u015flang\u0131\u00e7ta Fransa&#8217;n\u0131n Maisons-Alfort \u015fehrinde faaliyet g\u00f6stermekteydi. Daha sonra y\u00f6netim merkezi Br\u00fcksel, Bel\u00e7ika&#8217;ya ta\u015f\u0131nm\u0131\u015f ve 2007 y\u0131l\u0131ndan itibaren EAEVE&#8217;nin merkezi ve ofisleri Avusturya&#8217;n\u0131n Viyana \u015fehrinde bulunmaktad\u0131r. Misyon Bildirisi:EAEVE&#8217;nin vizyonu, y\u00fcksek kalite standartlar\u0131na dayal\u0131 [&hellip;]<\/p>\n","protected":false},"author":65,"featured_media":0,"parent":0,"menu_order":0,"comment_status":"closed","ping_status":"closed","template":"","meta":{"footnotes":""},"class_list":["post-14997","page","type-page","status-publish","hentry"],"_links":{"self":[{"href":"https:\/\/atauni.edu.tr\/veteriner-fakultesi\/wp-json\/wp\/v2\/pages\/14997","targetHints":{"allow":["GET"]}}],"collection":[{"href":"https:\/\/atauni.edu.tr\/veteriner-fakultesi\/wp-json\/wp\/v2\/pages"}],"about":[{"href":"https:\/\/atauni.edu.tr\/veteriner-fakultesi\/wp-json\/wp\/v2\/types\/page"}],"author":[{"embeddable":true,"href":"https:\/\/atauni.edu.tr\/veteriner-fakultesi\/wp-json\/wp\/v2\/users\/65"}],"replies":[{"embeddable":true,"href":"https:\/\/atauni.edu.tr\/veteriner-fakultesi\/wp-json\/wp\/v2\/comments?post=14997"}],"version-history":[{"count":106,"href":"https:\/\/atauni.edu.tr\/veteriner-fakultesi\/wp-json\/wp\/v2\/pages\/14997\/revisions"}],"predecessor-version":[{"id":15110,"href":"https:\/\/atauni.edu.tr\/veteriner-fakultesi\/wp-json\/wp\/v2\/pages\/14997\/revisions\/15110"}],"wp:attachment":[{"href":"https:\/\/atauni.edu.tr\/veteriner-fakultesi\/wp-json\/wp\/v2\/media?parent=14997"}],"curies":[{"name":"wp","href":"https:\/\/api.w.org\/{rel}","templated":true}]}}