{"id":6501,"date":"2022-08-24T11:34:58","date_gmt":"2022-08-24T08:34:58","guid":{"rendered":"https:\/\/birimler.atauni.edu.tr\/yabanci-diller-yuksekokulu\/?page_id=6501"},"modified":"2025-07-07T12:43:08","modified_gmt":"2025-07-07T09:43:08","slug":"ogrenciler","status":"publish","type":"page","link":"https:\/\/atauni.edu.tr\/yabanci-diller-yuksekokulu\/ogrenciler\/","title":{"rendered":"\u00d6\u011frenciler"},"content":{"rendered":"\t\t<div data-elementor-type=\"wp-page\" data-elementor-id=\"6501\" class=\"elementor elementor-6501\" data-elementor-post-type=\"page\">\n\t\t\t\t\t\t<section class=\"elementor-section elementor-top-section elementor-element elementor-element-4def723 elementor-section-boxed elementor-section-height-default elementor-section-height-default\" data-id=\"4def723\" data-element_type=\"section\">\n\t\t\t\t\t\t<div class=\"elementor-container elementor-column-gap-default\">\n\t\t\t\t\t<div class=\"elementor-column elementor-col-50 elementor-top-column elementor-element elementor-element-3002782\" data-id=\"3002782\" data-element_type=\"column\">\n\t\t\t<div class=\"elementor-widget-wrap elementor-element-populated\">\n\t\t\t\t\t\t<div class=\"elementor-element elementor-element-617848a elementor-widget elementor-widget-text-editor\" data-id=\"617848a\" data-element_type=\"widget\" data-widget_type=\"text-editor.default\">\n\t\t\t\t<div class=\"elementor-widget-container\">\n\t\t\t\t\t\t\t\t\t<p><a href=\"https:\/\/birimler.atauni.edu.tr\/yabanci-diller-yuksekokulu\/wp-content\/uploads\/sites\/34\/2025\/03\/Lotus-Fanzine-1st-Issue-1.pdf\">Lotus Fanzine 1st Issue<\/a><\/p>\t\t\t\t\t\t\t\t<\/div>\n\t\t\t\t<\/div>\n\t\t\t\t\t<\/div>\n\t\t<\/div>\n\t\t\t\t<div class=\"elementor-column elementor-col-50 elementor-top-column elementor-element elementor-element-dc92ae1\" data-id=\"dc92ae1\" data-element_type=\"column\">\n\t\t\t<div class=\"elementor-widget-wrap elementor-element-populated\">\n\t\t\t\t\t\t<div class=\"elementor-element elementor-element-5d744dc elementor-widget elementor-widget-text-editor\" data-id=\"5d744dc\" data-element_type=\"widget\" data-widget_type=\"text-editor.default\">\n\t\t\t\t<div class=\"elementor-widget-container\">\n\t\t\t\t\t\t\t\t\t<p><a href=\"https:\/\/birimler.atauni.edu.tr\/yabanci-diller-yuksekokulu\/wp-content\/uploads\/sites\/34\/2025\/07\/Lotus-Fanzine-2nd-Issue-1.pdf\">Lotus Fanzine 2nd Issue<\/a><\/p>\t\t\t\t\t\t\t\t<\/div>\n\t\t\t\t<\/div>\n\t\t\t\t\t<\/div>\n\t\t<\/div>\n\t\t\t\t\t<\/div>\n\t\t<\/section>\n\t\t\t\t<section class=\"elementor-section elementor-top-section elementor-element elementor-element-d6a1886 elementor-section-boxed elementor-section-height-default elementor-section-height-default\" data-id=\"d6a1886\" data-element_type=\"section\">\n\t\t\t\t\t\t<div class=\"elementor-container elementor-column-gap-default\">\n\t\t\t\t\t<div class=\"elementor-column elementor-col-100 elementor-top-column elementor-element elementor-element-bed22ed\" data-id=\"bed22ed\" data-element_type=\"column\">\n\t\t\t<div class=\"elementor-widget-wrap elementor-element-populated\">\n\t\t\t\t\t\t<div class=\"elementor-element elementor-element-70457f3 elementor-widget elementor-widget-text-editor\" data-id=\"70457f3\" data-element_type=\"widget\" data-widget_type=\"text-editor.default\">\n\t\t\t\t<div class=\"elementor-widget-container\">\n\t\t\t\t\t\t\t\t\t<p><a href=\"https:\/\/birimler.atauni.edu.tr\/yabanci-diller-yuksekokulu\/wp-content\/uploads\/sites\/34\/2020\/07\/YABANCI-DI\u0307L.Y.OKULU-UYGULAMA-ESASLARI.pdf\">YABANCI DI\u0307L.Y.OKULU UYGULAMA ESASLARI<\/a><\/p>\t\t\t\t\t\t\t\t<\/div>\n\t\t\t\t<\/div>\n\t\t\t\t\t<\/div>\n\t\t<\/div>\n\t\t\t\t\t<\/div>\n\t\t<\/section>\n\t\t\t\t<section class=\"elementor-section elementor-top-section elementor-element elementor-element-67848f2 elementor-section-boxed elementor-section-height-default elementor-section-height-default\" data-id=\"67848f2\" data-element_type=\"section\">\n\t\t\t\t\t\t<div class=\"elementor-container elementor-column-gap-default\">\n\t\t\t\t\t<div class=\"elementor-column elementor-col-100 elementor-top-column elementor-element elementor-element-b26b3ed\" data-id=\"b26b3ed\" data-element_type=\"column\">\n\t\t\t<div class=\"elementor-widget-wrap elementor-element-populated\">\n\t\t\t\t\t\t<div class=\"elementor-element elementor-element-ae22b6f elementor-widget elementor-widget-text-editor\" data-id=\"ae22b6f\" data-element_type=\"widget\" data-widget_type=\"text-editor.default\">\n\t\t\t\t<div class=\"elementor-widget-container\">\n\t\t\t\t\t\t\t\t\t<p><strong><a href=\"https:\/\/birimler.atauni.edu.tr\/yabanci-diller-yuksekokulu\/wp-content\/uploads\/sites\/34\/2020\/07\/Hazirlik-Siniflari-ders-ic\u0327erikleri.pdf\">Haz\u0131rl\u0131k S\u0131n\u0131flar\u0131 ders ic\u0327erikler<\/a>i<\/strong><\/p>\t\t\t\t\t\t\t\t<\/div>\n\t\t\t\t<\/div>\n\t\t\t\t\t<\/div>\n\t\t<\/div>\n\t\t\t\t\t<\/div>\n\t\t<\/section>\n\t\t\t\t<section class=\"elementor-section elementor-top-section elementor-element elementor-element-9538935 elementor-section-boxed elementor-section-height-default elementor-section-height-default\" data-id=\"9538935\" data-element_type=\"section\">\n\t\t\t\t\t\t<div class=\"elementor-container elementor-column-gap-default\">\n\t\t\t\t\t<div class=\"elementor-column elementor-col-100 elementor-top-column elementor-element elementor-element-e244363\" data-id=\"e244363\" data-element_type=\"column\">\n\t\t\t<div class=\"elementor-widget-wrap elementor-element-populated\">\n\t\t\t\t\t\t<div class=\"elementor-element elementor-element-5f4a588 elementor-widget elementor-widget-text-editor\" data-id=\"5f4a588\" data-element_type=\"widget\" data-widget_type=\"text-editor.default\">\n\t\t\t\t<div class=\"elementor-widget-container\">\n\t\t\t\t\t\t\t\t\t<p><a href=\"https:\/\/birimler.atauni.edu.tr\/yabanci-diller-yuksekokulu\/wp-content\/uploads\/sites\/34\/2020\/07\/2021-2022-Hazirlik-Muafiyet-Sinavi-Sorulari.pdf\">2021-2022 Haz\u0131rl\u0131k Muafiyet S\u0131nav\u0131 Sorular\u0131<\/a><\/p>\t\t\t\t\t\t\t\t<\/div>\n\t\t\t\t<\/div>\n\t\t\t\t\t<\/div>\n\t\t<\/div>\n\t\t\t\t\t<\/div>\n\t\t<\/section>\n\t\t\t\t<section class=\"elementor-section elementor-top-section elementor-element elementor-element-def79d8 elementor-section-boxed elementor-section-height-default elementor-section-height-default\" data-id=\"def79d8\" data-element_type=\"section\">\n\t\t\t\t\t\t<div class=\"elementor-container elementor-column-gap-default\">\n\t\t\t\t\t<div class=\"elementor-column elementor-col-100 elementor-top-column elementor-element elementor-element-d9201e5\" data-id=\"d9201e5\" data-element_type=\"column\">\n\t\t\t<div class=\"elementor-widget-wrap elementor-element-populated\">\n\t\t\t\t\t\t<div class=\"elementor-element elementor-element-da22830 elementor-widget elementor-widget-text-editor\" data-id=\"da22830\" data-element_type=\"widget\" data-widget_type=\"text-editor.default\">\n\t\t\t\t<div class=\"elementor-widget-container\">\n\t\t\t\t\t\t\t\t\t<p><a href=\"https:\/\/birimler.atauni.edu.tr\/yabanci-diller-yuksekokulu\/wp-content\/uploads\/sites\/34\/2020\/07\/O\u0308G\u0306RENCI\u0307-DI\u0307SI\u0307PLI\u0307N-MEVZUATI.pdf\">O\u0308G\u0306RENCI\u0307 DI\u0307SI\u0307PLI\u0307N MEVZUATI<\/a><\/p>\t\t\t\t\t\t\t\t<\/div>\n\t\t\t\t<\/div>\n\t\t\t\t\t<\/div>\n\t\t<\/div>\n\t\t\t\t\t<\/div>\n\t\t<\/section>\n\t\t\t\t<section class=\"elementor-section elementor-top-section elementor-element elementor-element-a502bda elementor-section-boxed elementor-section-height-default elementor-section-height-default\" data-id=\"a502bda\" data-element_type=\"section\">\n\t\t\t\t\t\t<div class=\"elementor-container elementor-column-gap-default\">\n\t\t\t\t\t<div class=\"elementor-column elementor-col-100 elementor-top-column elementor-element elementor-element-dbaf859\" data-id=\"dbaf859\" data-element_type=\"column\">\n\t\t\t<div class=\"elementor-widget-wrap\">\n\t\t\t\t\t\t\t<\/div>\n\t\t<\/div>\n\t\t\t\t\t<\/div>\n\t\t<\/section>\n\t\t\t\t<\/div>\n\t\t","protected":false},"excerpt":{"rendered":"<p>Lotus Fanzine 1st Issue Lotus Fanzine 2nd Issue YABANCI DI\u0307L.Y.OKULU UYGULAMA ESASLARI Haz\u0131rl\u0131k S\u0131n\u0131flar\u0131 ders ic\u0327erikleri 2021-2022 Haz\u0131rl\u0131k Muafiyet S\u0131nav\u0131 Sorular\u0131 O\u0308G\u0306RENCI\u0307 DI\u0307SI\u0307PLI\u0307N MEVZUATI<\/p>\n","protected":false},"author":19,"featured_media":0,"parent":0,"menu_order":0,"comment_status":"closed","ping_status":"closed","template":"","meta":{"footnotes":""},"class_list":["post-6501","page","type-page","status-publish","hentry"],"_links":{"self":[{"href":"https:\/\/atauni.edu.tr\/yabanci-diller-yuksekokulu\/wp-json\/wp\/v2\/pages\/6501","targetHints":{"allow":["GET"]}}],"collection":[{"href":"https:\/\/atauni.edu.tr\/yabanci-diller-yuksekokulu\/wp-json\/wp\/v2\/pages"}],"about":[{"href":"https:\/\/atauni.edu.tr\/yabanci-diller-yuksekokulu\/wp-json\/wp\/v2\/types\/page"}],"author":[{"embeddable":true,"href":"https:\/\/atauni.edu.tr\/yabanci-diller-yuksekokulu\/wp-json\/wp\/v2\/users\/19"}],"replies":[{"embeddable":true,"href":"https:\/\/atauni.edu.tr\/yabanci-diller-yuksekokulu\/wp-json\/wp\/v2\/comments?post=6501"}],"version-history":[{"count":43,"href":"https:\/\/atauni.edu.tr\/yabanci-diller-yuksekokulu\/wp-json\/wp\/v2\/pages\/6501\/revisions"}],"predecessor-version":[{"id":7077,"href":"https:\/\/atauni.edu.tr\/yabanci-diller-yuksekokulu\/wp-json\/wp\/v2\/pages\/6501\/revisions\/7077"}],"wp:attachment":[{"href":"https:\/\/atauni.edu.tr\/yabanci-diller-yuksekokulu\/wp-json\/wp\/v2\/media?parent=6501"}],"curies":[{"name":"wp","href":"https:\/\/api.w.org\/{rel}","templated":true}]}}