{"id":5682,"date":"2021-07-13T10:10:01","date_gmt":"2021-07-13T07:10:01","guid":{"rendered":"https:\/\/portaltest.atauni.edu.tr\/bilgisayar-muhendisligi\/?page_id=5682"},"modified":"2025-12-16T10:38:29","modified_gmt":"2025-12-16T07:38:29","slug":"misyon-vizyon-ve-temel-degerler","status":"publish","type":"page","link":"https:\/\/atauni.edu.tr\/yapay-zek-ve-makine-ogrenmesi-bolumu\/misyon-vizyon-ve-temel-degerler\/","title":{"rendered":"Misyon, Vizyon ve Temel De\u011ferler"},"content":{"rendered":"\t\t<div data-elementor-type=\"wp-page\" data-elementor-id=\"5682\" class=\"elementor elementor-5682\" data-elementor-post-type=\"page\">\n\t\t\t\t\t\t<section class=\"elementor-section elementor-top-section elementor-element elementor-element-730d320 elementor-section-boxed elementor-section-height-default elementor-section-height-default\" data-id=\"730d320\" data-element_type=\"section\">\n\t\t\t\t\t\t<div class=\"elementor-container elementor-column-gap-default\">\n\t\t\t\t\t<div class=\"elementor-column elementor-col-100 elementor-top-column elementor-element elementor-element-753d0860\" data-id=\"753d0860\" data-element_type=\"column\">\n\t\t\t<div class=\"elementor-widget-wrap\">\n\t\t\t\t\t\t\t<\/div>\n\t\t<\/div>\n\t\t\t\t\t<\/div>\n\t\t<\/section>\n\t\t\t\t<section class=\"elementor-section elementor-top-section elementor-element elementor-element-9be811a elementor-section-boxed elementor-section-height-default elementor-section-height-default\" data-id=\"9be811a\" data-element_type=\"section\">\n\t\t\t\t\t\t<div class=\"elementor-container elementor-column-gap-default\">\n\t\t\t\t\t<div class=\"elementor-column elementor-col-100 elementor-top-column elementor-element elementor-element-1ed847b7\" data-id=\"1ed847b7\" data-element_type=\"column\">\n\t\t\t<div class=\"elementor-widget-wrap elementor-element-populated\">\n\t\t\t\t\t\t<div class=\"elementor-element elementor-element-4ce0d07f elementor-widget elementor-widget-heading\" data-id=\"4ce0d07f\" data-element_type=\"widget\" data-widget_type=\"heading.default\">\n\t\t\t\t<div class=\"elementor-widget-container\">\n\t\t\t\t\t<h2 class=\"elementor-heading-title elementor-size-default\">Misyon, Vizyon ve Temel De\u011ferler<\/h2>\t\t\t\t<\/div>\n\t\t\t\t<\/div>\n\t\t\t\t<div class=\"elementor-element elementor-element-63260862 elementor-widget-divider--view-line elementor-widget elementor-widget-divider\" data-id=\"63260862\" data-element_type=\"widget\" data-widget_type=\"divider.default\">\n\t\t\t\t<div class=\"elementor-widget-container\">\n\t\t\t\t\t\t\t<div class=\"elementor-divider\">\n\t\t\t<span class=\"elementor-divider-separator\">\n\t\t\t\t\t\t<\/span>\n\t\t<\/div>\n\t\t\t\t\t\t<\/div>\n\t\t\t\t<\/div>\n\t\t\t\t\t<\/div>\n\t\t<\/div>\n\t\t\t\t\t<\/div>\n\t\t<\/section>\n\t\t\t\t<section class=\"elementor-section elementor-top-section elementor-element elementor-element-681db8b elementor-section-boxed elementor-section-height-default elementor-section-height-default\" data-id=\"681db8b\" data-element_type=\"section\">\n\t\t\t\t\t\t<div class=\"elementor-container elementor-column-gap-default\">\n\t\t\t\t\t<div class=\"elementor-column elementor-col-100 elementor-top-column elementor-element elementor-element-ad4dac5\" data-id=\"ad4dac5\" data-element_type=\"column\">\n\t\t\t<div class=\"elementor-widget-wrap elementor-element-populated\">\n\t\t\t\t\t\t<div class=\"elementor-element elementor-element-2f96b3d elementor-widget elementor-widget-text-editor\" data-id=\"2f96b3d\" data-element_type=\"widget\" data-widget_type=\"text-editor.default\">\n\t\t\t\t<div class=\"elementor-widget-container\">\n\t\t\t\t\t\t\t\t\t<h3><strong>Misyon<\/strong><\/h3><p>Misyonumuz; karma\u015f\u0131k verileri anlaml\u0131 bilgilere d\u00f6n\u00fc\u015ft\u00fcrebilen, algoritmik d\u00fc\u015f\u00fcnce yap\u0131s\u0131na sahip ve etik de\u011ferleri g\u00f6zeterek teknoloji \u00fcreten bireyler yeti\u015ftirmektir.<\/p><p>Teori de\u011fil Pratik: Sekt\u00f6r\u00fcn ihtiya\u00e7 duydu\u011fu g\u00fcncel yaz\u0131l\u0131m dilleri ve ML (Makine \u00d6\u011frenmesi) teknikleriyle donat\u0131lm\u0131\u015f,<\/p><p>Sorun \u00c7\u00f6z\u00fcc\u00fc: Ger\u00e7ek hayat problemlerine yapay zeka tabanl\u0131 \u00e7\u00f6z\u00fcmler getirebilen,<\/p><p>Yarat\u0131c\u0131: Teknolojiyi sadece t\u00fcketen de\u011fil, yeni algoritmalarla ona y\u00f6n veren uzmanlar mezun etmektir.<\/p><h3><strong>Vizyon<\/strong><\/h3><p>Vizyonumuz; T\u00fcrkiye&#8217;nin Milli Teknoloji Hamlesi&#8217;ne \u00f6nc\u00fcl\u00fck eden, uluslararas\u0131 arenada rekabet edebilen projelerin do\u011fdu\u011fu bir merkez haline gelmektir. Hedefimiz, Atat\u00fcrk \u00dcniversitesi kamp\u00fcs\u00fcnden \u00e7\u0131kan bir kodun veya algoritman\u0131n, d\u00fcnyadaki bir sorunu \u00e7\u00f6zd\u00fc\u011f\u00fc g\u00fcnleri birlikte in\u015fa etmektir. Gelecek tahmin edilmez, tasarlan\u0131r. Biz burada gelece\u011fi tasarl\u0131yoruz.<\/p><h3><strong>Temel De\u011ferler<\/strong><\/h3><ul><li><strong>Bilimsel M\u00fckemmeliyet:<\/strong> Ara\u015ft\u0131rma ve e\u011fitimde y\u00fcksek kaliteyi hedeflemek.<\/li><li><strong>Etik Yakla\u015f\u0131m:<\/strong> Akademik ve teknolojik s\u00fcre\u00e7lerde etik de\u011ferleri \u00f6n planda tutmak.<\/li><li><strong>Toplumsal Fayda:<\/strong> \u00dcretilen bilgi ve teknolojiyi toplumun geli\u015fimine katk\u0131 sa\u011flamak amac\u0131yla kullanmak.<\/li><li><strong>\u0130novasyon:<\/strong> Yeni fikirler ve teknolojilerin geli\u015ftirilmesini te\u015fvik etmek.<\/li><li><strong>\u00c7e\u015fitlilik ve Dahil Etme:<\/strong> Farkl\u0131 perspektifleri bir araya getirerek kapsay\u0131c\u0131 bir \u00f6\u011frenme ve \u00e7al\u0131\u015fma ortam\u0131 sunmak.<\/li><li><strong>S\u00fcrd\u00fcr\u00fclebilirlik:<\/strong> Bilimsel \u00e7al\u0131\u015fmalarda \u00e7evresel ve toplumsal s\u00fcrd\u00fcr\u00fclebilirli\u011fi g\u00f6z \u00f6n\u00fcnde bulundurmak.<\/li><\/ul>\t\t\t\t\t\t\t\t<\/div>\n\t\t\t\t<\/div>\n\t\t\t\t\t<\/div>\n\t\t<\/div>\n\t\t\t\t\t<\/div>\n\t\t<\/section>\n\t\t\t\t<\/div>\n\t\t","protected":false},"excerpt":{"rendered":"<p>Misyon, Vizyon ve Temel De\u011ferler Misyon Misyonumuz; karma\u015f\u0131k verileri anlaml\u0131 bilgilere d\u00f6n\u00fc\u015ft\u00fcrebilen, algoritmik d\u00fc\u015f\u00fcnce yap\u0131s\u0131na sahip ve etik de\u011ferleri g\u00f6zeterek teknoloji \u00fcreten bireyler yeti\u015ftirmektir. Teori de\u011fil Pratik: Sekt\u00f6r\u00fcn ihtiya\u00e7 duydu\u011fu g\u00fcncel yaz\u0131l\u0131m dilleri ve ML (Makine \u00d6\u011frenmesi) teknikleriyle donat\u0131lm\u0131\u015f, Sorun \u00c7\u00f6z\u00fcc\u00fc: Ger\u00e7ek hayat problemlerine yapay zeka tabanl\u0131 \u00e7\u00f6z\u00fcmler getirebilen, Yarat\u0131c\u0131: Teknolojiyi sadece t\u00fcketen de\u011fil, yeni [&hellip;]<\/p>\n","protected":false},"author":1,"featured_media":0,"parent":0,"menu_order":0,"comment_status":"closed","ping_status":"closed","template":"elementor_header_footer","meta":{"footnotes":""},"class_list":["post-5682","page","type-page","status-publish","hentry"],"_links":{"self":[{"href":"https:\/\/atauni.edu.tr\/yapay-zek-ve-makine-ogrenmesi-bolumu\/wp-json\/wp\/v2\/pages\/5682","targetHints":{"allow":["GET"]}}],"collection":[{"href":"https:\/\/atauni.edu.tr\/yapay-zek-ve-makine-ogrenmesi-bolumu\/wp-json\/wp\/v2\/pages"}],"about":[{"href":"https:\/\/atauni.edu.tr\/yapay-zek-ve-makine-ogrenmesi-bolumu\/wp-json\/wp\/v2\/types\/page"}],"author":[{"embeddable":true,"href":"https:\/\/atauni.edu.tr\/yapay-zek-ve-makine-ogrenmesi-bolumu\/wp-json\/wp\/v2\/users\/1"}],"replies":[{"embeddable":true,"href":"https:\/\/atauni.edu.tr\/yapay-zek-ve-makine-ogrenmesi-bolumu\/wp-json\/wp\/v2\/comments?post=5682"}],"version-history":[{"count":14,"href":"https:\/\/atauni.edu.tr\/yapay-zek-ve-makine-ogrenmesi-bolumu\/wp-json\/wp\/v2\/pages\/5682\/revisions"}],"predecessor-version":[{"id":6269,"href":"https:\/\/atauni.edu.tr\/yapay-zek-ve-makine-ogrenmesi-bolumu\/wp-json\/wp\/v2\/pages\/5682\/revisions\/6269"}],"wp:attachment":[{"href":"https:\/\/atauni.edu.tr\/yapay-zek-ve-makine-ogrenmesi-bolumu\/wp-json\/wp\/v2\/media?parent=5682"}],"curies":[{"name":"wp","href":"https:\/\/api.w.org\/{rel}","templated":true}]}}