{"id":5728,"date":"2021-07-13T11:33:38","date_gmt":"2021-07-13T08:33:38","guid":{"rendered":"https:\/\/portaltest.atauni.edu.tr\/bilgisayar-muhendisligi\/?page_id=5728"},"modified":"2024-07-31T17:06:51","modified_gmt":"2024-07-31T14:06:51","slug":"bolum-tanitimi","status":"publish","type":"page","link":"https:\/\/atauni.edu.tr\/yapay-zeka-ve-veri-muhendisligi\/bolum-tanitimi\/","title":{"rendered":"B\u00f6l\u00fcm Tan\u0131t\u0131m\u0131"},"content":{"rendered":"\t\t<div data-elementor-type=\"wp-page\" data-elementor-id=\"5728\" class=\"elementor elementor-5728\" data-elementor-post-type=\"page\">\n\t\t\t\t\t\t<section class=\"elementor-section elementor-top-section elementor-element elementor-element-730d320 elementor-section-boxed elementor-section-height-default elementor-section-height-default\" data-id=\"730d320\" data-element_type=\"section\">\n\t\t\t\t\t\t<div class=\"elementor-container elementor-column-gap-default\">\n\t\t\t\t\t<div class=\"elementor-column elementor-col-100 elementor-top-column elementor-element elementor-element-753d0860\" data-id=\"753d0860\" data-element_type=\"column\">\n\t\t\t<div class=\"elementor-widget-wrap\">\n\t\t\t\t\t\t\t<\/div>\n\t\t<\/div>\n\t\t\t\t\t<\/div>\n\t\t<\/section>\n\t\t\t\t<section class=\"elementor-section elementor-top-section elementor-element elementor-element-9be811a elementor-section-boxed elementor-section-height-default elementor-section-height-default\" data-id=\"9be811a\" data-element_type=\"section\">\n\t\t\t\t\t\t<div class=\"elementor-container elementor-column-gap-default\">\n\t\t\t\t\t<div class=\"elementor-column elementor-col-100 elementor-top-column elementor-element elementor-element-1ed847b7\" data-id=\"1ed847b7\" data-element_type=\"column\">\n\t\t\t<div class=\"elementor-widget-wrap elementor-element-populated\">\n\t\t\t\t\t\t<div class=\"elementor-element elementor-element-4ce0d07f elementor-widget elementor-widget-heading\" data-id=\"4ce0d07f\" data-element_type=\"widget\" data-widget_type=\"heading.default\">\n\t\t\t\t<div class=\"elementor-widget-container\">\n\t\t\t\t\t<h2 class=\"elementor-heading-title elementor-size-default\">B\u00f6l\u00fcm Tan\u0131t\u0131m\u0131<br>\n\n<p class=\"MsoNormal\" style=\"text-align:justify\"><b><span style=\"font-size:12.0pt;line-height:107%;,serif\">Atat\u00fcrk \u00dcniversitesi Yapay Zeka ve Veri M\u00fchendisli\u011fi\nB\u00f6l\u00fcm\u00fc<\/span><\/b><\/p><p class=\"MsoNormal\" style=\"text-align:justify\"><span style=\"font-size:12.0pt;line-height:107%;,serif\">Dijital\n\u00e7a\u011f\u0131n h\u0131zla evrildi\u011fi g\u00fcn\u00fcm\u00fczde, yapay zeka ve veri bilimi alanlar\u0131, teknoloji\nve i\u015f d\u00fcnyas\u0131nda devrim yarat\u0131yor. Atat\u00fcrk \u00dcniversitesi olarak, bu alandaki\nyetenekli bireyleri yeti\u015ftirmek amac\u0131yla Yapay Zeka ve Veri M\u00fchendisli\u011fi\nB\u00f6l\u00fcm\u00fc'n\u00fc a\u00e7maktan gurur duyuyoruz. 2024-2025 akademik y\u0131l\u0131nda e\u011fitime\nba\u015flayacak olan bu b\u00f6l\u00fcm, \u00f6\u011frencilerimize en son teknolojik geli\u015fmeleri ve\nuygulamalar\u0131 \u00f6\u011frenme f\u0131rsat\u0131 sunmaktad\u0131r.<\/span><\/p><p class=\"MsoNormal\" style=\"text-align:justify\"><b><span style=\"font-size:12.0pt;line-height:107%;,serif\">B\u00f6l\u00fcm Hakk\u0131nda<\/span><\/b><\/p><p class=\"MsoNormal\" style=\"text-align:justify\"><span style=\"font-size:12.0pt;line-height:107%;,serif\">Yapay\nZeka ve Veri M\u00fchendisli\u011fi B\u00f6l\u00fcm\u00fc, \u00f6\u011frencilere yapay zeka, makine \u00f6\u011frenimi,\nderin \u00f6\u011frenme, veri analiti\u011fi, b\u00fcy\u00fck veri y\u00f6netimi ve do\u011fal dil i\u015fleme gibi\nalanlarda g\u00fc\u00e7l\u00fc bir temel sunar. Program, teorik bilgi ile pratik becerilerin\nharmanlanmas\u0131n\u0131 sa\u011flayarak, \u00f6\u011frencilerin ger\u00e7ek d\u00fcnya problemlerini \u00e7\u00f6zme\nyeteneklerini geli\u015ftirmeyi hedefler.<\/span><\/p><p class=\"MsoNormal\" style=\"text-align:justify\"><b><span style=\"font-size:12.0pt;line-height:107%;,serif\">Kariyer F\u0131rsatlar\u0131<\/span><\/b><\/p><p class=\"MsoNormal\" style=\"text-align:justify\"><span style=\"font-size:12.0pt;line-height:107%;,serif\">Bu\nb\u00f6l\u00fcmden mezun olan \u00f6\u011frenciler, yaz\u0131l\u0131m geli\u015ftirme, veri analizi, yapay zeka\nm\u00fchendisli\u011fi, veri bilimcili\u011fi ve daha bir\u00e7ok alanda geni\u015f kariyer olanaklar\u0131na\nsahip olacaklard\u0131r. Hem ulusal hem de uluslararas\u0131 d\u00fczeyde h\u0131zla b\u00fcy\u00fcyen\nteknoloji sekt\u00f6r\u00fcnde, yapay zeka ve veri bilimi uzmanlar\u0131na olan talep her\nge\u00e7en g\u00fcn artmaktad\u0131r.<\/span><\/p><p class=\"MsoNormal\" style=\"text-align:justify\"><b><span style=\"font-size:12.0pt;line-height:107%;,serif\">E\u011fitim F\u0131rsatlar\u0131 ve Altyap\u0131<\/span><\/b><\/p><p class=\"MsoNormal\" style=\"text-align:justify\"><span style=\"font-size:12.0pt;line-height:107%;,serif\">\u00d6\u011frencilerimiz,\nson teknoloji ile donat\u0131lm\u0131\u015f laboratuvarlar\u0131m\u0131zda uygulamal\u0131 e\u011fitim alacak,\nakademik kadromuzun rehberli\u011finde projeler y\u00fcr\u00fctecek ve end\u00fcstri ile i\u015fbirli\u011fi\ni\u00e7inde \u00e7e\u015fitli staj ve \u00e7al\u0131\u015fma f\u0131rsatlar\u0131ndan yararlanabileceklerdir. Ayr\u0131ca,\nb\u00f6l\u00fcm\u00fcm\u00fcz, \u00f6\u011frencilerin akademik ve profesyonel geli\u015fimlerini desteklemek\namac\u0131yla \u00e7e\u015fitli seminerler, at\u00f6lye \u00e7al\u0131\u015fmalar\u0131 ve konferanslar d\u00fczenleyecektir.<\/span><\/p><p class=\"MsoNormal\" style=\"text-align:justify\"><b><span style=\"font-size:12.0pt;line-height:107%;,serif\">Gelece\u011fin Mimarlar\u0131 Olun<\/span><\/b><\/p><p class=\"MsoNormal\" style=\"text-align:justify\"><span style=\"font-size:12.0pt;line-height:107%;,serif\">Yapay\nZeka ve Veri M\u00fchendisli\u011fi B\u00f6l\u00fcm\u00fc'ne kat\u0131larak, gelece\u011fin teknolojik\ngeli\u015fmelerine y\u00f6n veren bir uzman olma yolunda ilk ad\u0131m\u0131 atabilirsiniz. Atat\u00fcrk\n\u00dcniversitesi'nin sundu\u011fu bu benzersiz e\u011fitim f\u0131rsat\u0131ndan yararlanarak,\nteknoloji d\u00fcnyas\u0131nda fark yaratacak bilgi ve becerilere sahip olabilirsiniz.<\/span><\/p><\/h2>\t\t\t\t<\/div>\n\t\t\t\t<\/div>\n\t\t\t\t<div class=\"elementor-element elementor-element-63260862 elementor-widget-divider--view-line elementor-widget elementor-widget-divider\" data-id=\"63260862\" data-element_type=\"widget\" data-widget_type=\"divider.default\">\n\t\t\t\t<div class=\"elementor-widget-container\">\n\t\t\t\t\t\t\t<div class=\"elementor-divider\">\n\t\t\t<span class=\"elementor-divider-separator\">\n\t\t\t\t\t\t<\/span>\n\t\t<\/div>\n\t\t\t\t\t\t<\/div>\n\t\t\t\t<\/div>\n\t\t\t\t\t<\/div>\n\t\t<\/div>\n\t\t\t\t\t<\/div>\n\t\t<\/section>\n\t\t\t\t<section class=\"elementor-section elementor-top-section elementor-element elementor-element-681db8b elementor-section-boxed elementor-section-height-default elementor-section-height-default\" data-id=\"681db8b\" data-element_type=\"section\">\n\t\t\t\t\t\t<div class=\"elementor-container elementor-column-gap-default\">\n\t\t\t\t\t<div class=\"elementor-column elementor-col-100 elementor-top-column elementor-element elementor-element-ad4dac5\" data-id=\"ad4dac5\" data-element_type=\"column\">\n\t\t\t<div class=\"elementor-widget-wrap elementor-element-populated\">\n\t\t\t\t\t\t\t<\/div>\n\t\t<\/div>\n\t\t\t\t\t<\/div>\n\t\t<\/section>\n\t\t\t\t<\/div>\n\t\t","protected":false},"excerpt":{"rendered":"<p>B\u00f6l\u00fcm Tan\u0131t\u0131m\u0131 Atat\u00fcrk \u00dcniversitesi Yapay Zeka ve Veri M\u00fchendisli\u011fi B\u00f6l\u00fcm\u00fc Dijital \u00e7a\u011f\u0131n h\u0131zla evrildi\u011fi g\u00fcn\u00fcm\u00fczde, yapay zeka ve veri bilimi alanlar\u0131, teknoloji ve i\u015f d\u00fcnyas\u0131nda devrim yarat\u0131yor. Atat\u00fcrk \u00dcniversitesi olarak, bu alandaki yetenekli bireyleri yeti\u015ftirmek amac\u0131yla Yapay Zeka ve Veri M\u00fchendisli\u011fi B\u00f6l\u00fcm\u00fc&#8217;n\u00fc a\u00e7maktan gurur duyuyoruz. 2024-2025 akademik y\u0131l\u0131nda e\u011fitime ba\u015flayacak olan bu b\u00f6l\u00fcm, \u00f6\u011frencilerimize en [&hellip;]<\/p>\n","protected":false},"author":1,"featured_media":0,"parent":0,"menu_order":0,"comment_status":"closed","ping_status":"closed","template":"elementor_header_footer","meta":{"footnotes":""},"class_list":["post-5728","page","type-page","status-publish","hentry"],"_links":{"self":[{"href":"https:\/\/atauni.edu.tr\/yapay-zeka-ve-veri-muhendisligi\/wp-json\/wp\/v2\/pages\/5728","targetHints":{"allow":["GET"]}}],"collection":[{"href":"https:\/\/atauni.edu.tr\/yapay-zeka-ve-veri-muhendisligi\/wp-json\/wp\/v2\/pages"}],"about":[{"href":"https:\/\/atauni.edu.tr\/yapay-zeka-ve-veri-muhendisligi\/wp-json\/wp\/v2\/types\/page"}],"author":[{"embeddable":true,"href":"https:\/\/atauni.edu.tr\/yapay-zeka-ve-veri-muhendisligi\/wp-json\/wp\/v2\/users\/1"}],"replies":[{"embeddable":true,"href":"https:\/\/atauni.edu.tr\/yapay-zeka-ve-veri-muhendisligi\/wp-json\/wp\/v2\/comments?post=5728"}],"version-history":[{"count":23,"href":"https:\/\/atauni.edu.tr\/yapay-zeka-ve-veri-muhendisligi\/wp-json\/wp\/v2\/pages\/5728\/revisions"}],"predecessor-version":[{"id":6325,"href":"https:\/\/atauni.edu.tr\/yapay-zeka-ve-veri-muhendisligi\/wp-json\/wp\/v2\/pages\/5728\/revisions\/6325"}],"wp:attachment":[{"href":"https:\/\/atauni.edu.tr\/yapay-zeka-ve-veri-muhendisligi\/wp-json\/wp\/v2\/media?parent=5728"}],"curies":[{"name":"wp","href":"https:\/\/api.w.org\/{rel}","templated":true}]}}