{"id":6231,"date":"2025-05-22T14:27:32","date_gmt":"2025-05-22T11:27:32","guid":{"rendered":"https:\/\/birimler.atauni.edu.tr\/yapi-isleri-ve-teknik-daire-baskanligi\/?page_id=6231"},"modified":"2025-05-25T23:37:04","modified_gmt":"2025-05-25T20:37:04","slug":"bagli-mudurlukler","status":"publish","type":"page","link":"https:\/\/atauni.edu.tr\/yapi-isleri-ve-teknik-daire-baskanligi\/bagli-mudurlukler\/","title":{"rendered":"Ba\u011fl\u0131 M\u00fcd\u00fcrl\u00fckler"},"content":{"rendered":"\t\t<div data-elementor-type=\"wp-page\" data-elementor-id=\"6231\" class=\"elementor elementor-6231\" data-elementor-post-type=\"page\">\n\t\t\t\t\t\t<section class=\"elementor-section elementor-top-section elementor-element elementor-element-744301b4 elementor-section-boxed elementor-section-height-default elementor-section-height-default\" data-id=\"744301b4\" data-element_type=\"section\">\n\t\t\t\t\t\t<div class=\"elementor-container elementor-column-gap-default\">\n\t\t\t\t\t<div class=\"elementor-column elementor-col-100 elementor-top-column elementor-element elementor-element-3772044e\" data-id=\"3772044e\" data-element_type=\"column\">\n\t\t\t<div class=\"elementor-widget-wrap elementor-element-populated\">\n\t\t\t\t\t\t<div class=\"elementor-element elementor-element-7731f4d7 elementor-widget elementor-widget-text-editor\" data-id=\"7731f4d7\" data-element_type=\"widget\" data-widget_type=\"text-editor.default\">\n\t\t\t\t<div class=\"elementor-widget-container\">\n\t\t\t\t\t\t\t\t\t\n<ol class=\"wp-block-list\" style=\"list-style-type: lower-alpha\">\n<li><a href=\"http:\/\/avesis.atauni.edu.tr\/mustafa.pekdemir\">Yap\u0131m \u0130\u015fleri ve Yat\u0131r\u0131mlar \u015eube M\u00fcd\u00fcrl\u00fc\u011f\u00fc<\/a><\/li>\n\n<li><a href=\"http:\/\/avesis.atauni.edu.tr\/lokman.hidiroglu\">\u0130dari \u0130\u015fler \u015eube M\u00fcd\u00fcrl\u00fc\u011f\u00fc<\/a><\/li>\n\n<li><a href=\"http:\/\/avesis.atauni.edu.tr\/senyurt.sezer\">Merkezi Is\u0131 Santrali ve Su \u0130\u015fletme \u015eube M\u00fcd\u00fcrl\u00fc\u011f\u00fc<\/a><\/li>\n\n<li><a href=\"http:\/\/avesis.atauni.edu.tr\/sahset.karahan\">Merkezi At\u00f6lyeler ve Bak\u0131m Onar\u0131m \u0130\u015fletme \u015eube M\u00fcd\u00fcrl\u00fc\u011f\u00fc<\/a><\/li>\n\n<li><a href=\"http:\/\/avesis.atauni.edu.tr\/burak.rusen\">Elektrik ve \u0130leti\u015fim \u0130\u015fletme \u015eube M\u00fcd\u00fcrl\u00fc\u011f\u00fc<\/a><\/li>\n<\/ol>\n\t\t\t\t\t\t\t\t<\/div>\n\t\t\t\t<\/div>\n\t\t\t\t\t<\/div>\n\t\t<\/div>\n\t\t\t\t\t<\/div>\n\t\t<\/section>\n\t\t\t\t<\/div>\n\t\t","protected":false},"excerpt":{"rendered":"","protected":false},"author":660,"featured_media":0,"parent":0,"menu_order":0,"comment_status":"closed","ping_status":"closed","template":"","meta":{"footnotes":""},"class_list":["post-6231","page","type-page","status-publish","hentry"],"_links":{"self":[{"href":"https:\/\/atauni.edu.tr\/yapi-isleri-ve-teknik-daire-baskanligi\/wp-json\/wp\/v2\/pages\/6231","targetHints":{"allow":["GET"]}}],"collection":[{"href":"https:\/\/atauni.edu.tr\/yapi-isleri-ve-teknik-daire-baskanligi\/wp-json\/wp\/v2\/pages"}],"about":[{"href":"https:\/\/atauni.edu.tr\/yapi-isleri-ve-teknik-daire-baskanligi\/wp-json\/wp\/v2\/types\/page"}],"author":[{"embeddable":true,"href":"https:\/\/atauni.edu.tr\/yapi-isleri-ve-teknik-daire-baskanligi\/wp-json\/wp\/v2\/users\/660"}],"replies":[{"embeddable":true,"href":"https:\/\/atauni.edu.tr\/yapi-isleri-ve-teknik-daire-baskanligi\/wp-json\/wp\/v2\/comments?post=6231"}],"version-history":[{"count":5,"href":"https:\/\/atauni.edu.tr\/yapi-isleri-ve-teknik-daire-baskanligi\/wp-json\/wp\/v2\/pages\/6231\/revisions"}],"predecessor-version":[{"id":6396,"href":"https:\/\/atauni.edu.tr\/yapi-isleri-ve-teknik-daire-baskanligi\/wp-json\/wp\/v2\/pages\/6231\/revisions\/6396"}],"wp:attachment":[{"href":"https:\/\/atauni.edu.tr\/yapi-isleri-ve-teknik-daire-baskanligi\/wp-json\/wp\/v2\/media?parent=6231"}],"curies":[{"name":"wp","href":"https:\/\/api.w.org\/{rel}","templated":true}]}}