{"id":6456,"date":"2025-08-09T23:28:38","date_gmt":"2025-08-09T20:28:38","guid":{"rendered":"https:\/\/birimler.atauni.edu.tr\/yasli-bakimi\/?page_id=6456"},"modified":"2025-08-09T23:28:38","modified_gmt":"2025-08-09T20:28:38","slug":"haberler","status":"publish","type":"page","link":"https:\/\/atauni.edu.tr\/yasli-bakimi\/haberler\/","title":{"rendered":"Haberler"},"content":{"rendered":"<form method=\"get\" class=\"row g-3\" style=\"margin-bottom: 20px;\"><div class=\"col-md-3\"><input type=\"text\" name=\"haber_ara\" class=\"form-control\" placeholder=\"Haber ara...\" value=\"\"><\/div><div class=\"col-md-3\"><input type=\"date\" name=\"baslangic_tarihi\" class=\"form-control\" value=\"\"><\/div><div class=\"col-md-3\"><input type=\"date\" name=\"bitis_tarihi\" class=\"form-control\" value=\"\"><\/div><div class=\"col-md-3\"><button type=\"submit\" class=\"btn btn-secondary w-50\">Filtrele<\/button><\/div><\/form><ul class=\"kategori-yazilari-liste\"><li style=\"display: flex; margin-bottom: 10px; align-items: center;\"><div class=\"post-content\" style=\"flex-grow: 1;\"><span class=\"post-date habertarih\" style=\"display: block; font-weight: bold; margin-bottom: 5px;\">27 Mart 2026<\/span><a class=\"haberbaslik\" href=\"https:\/\/atauni.edu.tr\/yasli-bakimi\/2026\/03\/27\/yasli-bakimi-programi-akreditasyon-sureci-devam-etmektedir\/\">Ya\u015fl\u0131 Bak\u0131m\u0131 Program\u0131 Akreditasyon S\u00fcreci Devam Etmektedir<\/a><\/div><\/li><\/ul>\n\n\n\n<p><\/p>\n","protected":false},"excerpt":{"rendered":"","protected":false},"author":1,"featured_media":0,"parent":0,"menu_order":0,"comment_status":"closed","ping_status":"closed","template":"","meta":{"footnotes":""},"class_list":["post-6456","page","type-page","status-publish","hentry"],"_links":{"self":[{"href":"https:\/\/atauni.edu.tr\/yasli-bakimi\/wp-json\/wp\/v2\/pages\/6456","targetHints":{"allow":["GET"]}}],"collection":[{"href":"https:\/\/atauni.edu.tr\/yasli-bakimi\/wp-json\/wp\/v2\/pages"}],"about":[{"href":"https:\/\/atauni.edu.tr\/yasli-bakimi\/wp-json\/wp\/v2\/types\/page"}],"author":[{"embeddable":true,"href":"https:\/\/atauni.edu.tr\/yasli-bakimi\/wp-json\/wp\/v2\/users\/1"}],"replies":[{"embeddable":true,"href":"https:\/\/atauni.edu.tr\/yasli-bakimi\/wp-json\/wp\/v2\/comments?post=6456"}],"version-history":[{"count":1,"href":"https:\/\/atauni.edu.tr\/yasli-bakimi\/wp-json\/wp\/v2\/pages\/6456\/revisions"}],"predecessor-version":[{"id":6466,"href":"https:\/\/atauni.edu.tr\/yasli-bakimi\/wp-json\/wp\/v2\/pages\/6456\/revisions\/6466"}],"wp:attachment":[{"href":"https:\/\/atauni.edu.tr\/yasli-bakimi\/wp-json\/wp\/v2\/media?parent=6456"}],"curies":[{"name":"wp","href":"https:\/\/api.w.org\/{rel}","templated":true}]}}