{"id":5728,"date":"2021-07-13T11:33:38","date_gmt":"2021-07-13T08:33:38","guid":{"rendered":"https:\/\/portaltest.atauni.edu.tr\/bilgisayar-muhendisligi\/?page_id=5728"},"modified":"2022-04-22T14:36:34","modified_gmt":"2022-04-22T11:36:34","slug":"bolum-tanitimi","status":"publish","type":"page","link":"https:\/\/atauni.edu.tr\/yazilim-muhendisligi\/bolum-tanitimi\/","title":{"rendered":"B\u00f6l\u00fcm Tan\u0131t\u0131m\u0131"},"content":{"rendered":"\t\t<div data-elementor-type=\"wp-page\" data-elementor-id=\"5728\" class=\"elementor elementor-5728\" data-elementor-post-type=\"page\">\n\t\t\t\t\t\t<section class=\"elementor-section elementor-top-section elementor-element elementor-element-9be811a elementor-section-boxed elementor-section-height-default elementor-section-height-default\" data-id=\"9be811a\" data-element_type=\"section\">\n\t\t\t\t\t\t<div class=\"elementor-container elementor-column-gap-default\">\n\t\t\t\t\t<div class=\"elementor-column elementor-col-100 elementor-top-column elementor-element elementor-element-1ed847b7\" data-id=\"1ed847b7\" data-element_type=\"column\">\n\t\t\t<div class=\"elementor-widget-wrap elementor-element-populated\">\n\t\t\t\t\t\t<div class=\"elementor-element elementor-element-4ce0d07f elementor-widget elementor-widget-heading\" data-id=\"4ce0d07f\" data-element_type=\"widget\" data-widget_type=\"heading.default\">\n\t\t\t\t<div class=\"elementor-widget-container\">\n\t\t\t\t\t<h2 class=\"elementor-heading-title elementor-size-default\">B\u00f6l\u00fcm Tan\u0131t\u0131m\u0131<\/h2>\t\t\t\t<\/div>\n\t\t\t\t<\/div>\n\t\t\t\t<div class=\"elementor-element elementor-element-63260862 elementor-widget-divider--view-line elementor-widget elementor-widget-divider\" data-id=\"63260862\" data-element_type=\"widget\" data-widget_type=\"divider.default\">\n\t\t\t\t<div class=\"elementor-widget-container\">\n\t\t\t\t\t\t\t<div class=\"elementor-divider\">\n\t\t\t<span class=\"elementor-divider-separator\">\n\t\t\t\t\t\t<\/span>\n\t\t<\/div>\n\t\t\t\t\t\t<\/div>\n\t\t\t\t<\/div>\n\t\t\t\t\t<\/div>\n\t\t<\/div>\n\t\t\t\t\t<\/div>\n\t\t<\/section>\n\t\t\t\t<section class=\"elementor-section elementor-top-section elementor-element elementor-element-681db8b elementor-section-boxed elementor-section-height-default elementor-section-height-default\" data-id=\"681db8b\" data-element_type=\"section\">\n\t\t\t\t\t\t<div class=\"elementor-container elementor-column-gap-default\">\n\t\t\t\t\t<div class=\"elementor-column elementor-col-100 elementor-top-column elementor-element elementor-element-ad4dac5\" data-id=\"ad4dac5\" data-element_type=\"column\">\n\t\t\t<div class=\"elementor-widget-wrap elementor-element-populated\">\n\t\t\t\t\t\t<div class=\"elementor-element elementor-element-2f96b3d elementor-widget elementor-widget-text-editor\" data-id=\"2f96b3d\" data-element_type=\"widget\" data-widget_type=\"text-editor.default\">\n\t\t\t\t<div class=\"elementor-widget-container\">\n\t\t\t\t\t\t\t\t\t<div><h1>Yaz\u0131l\u0131m M\u00fchendisli\u011fi<\/h1><\/div>\t\t\t\t\t\t\t\t<\/div>\n\t\t\t\t<\/div>\n\t\t\t\t<div class=\"elementor-element elementor-element-9c29f55 elementor-skin-carousel elementor-arrows-yes elementor-pagination-type-bullets elementor-pagination-position-outside elementor-widget elementor-widget-media-carousel\" data-id=\"9c29f55\" data-element_type=\"widget\" data-settings=\"{&quot;skin&quot;:&quot;carousel&quot;,&quot;effect&quot;:&quot;slide&quot;,&quot;show_arrows&quot;:&quot;yes&quot;,&quot;pagination&quot;:&quot;bullets&quot;,&quot;speed&quot;:500,&quot;autoplay&quot;:&quot;yes&quot;,&quot;autoplay_speed&quot;:5000,&quot;loop&quot;:&quot;yes&quot;,&quot;pause_on_hover&quot;:&quot;yes&quot;,&quot;pause_on_interaction&quot;:&quot;yes&quot;,&quot;space_between&quot;:{&quot;unit&quot;:&quot;px&quot;,&quot;size&quot;:10,&quot;sizes&quot;:[]},&quot;space_between_tablet&quot;:{&quot;unit&quot;:&quot;px&quot;,&quot;size&quot;:10,&quot;sizes&quot;:[]},&quot;space_between_mobile&quot;:{&quot;unit&quot;:&quot;px&quot;,&quot;size&quot;:10,&quot;sizes&quot;:[]}}\" data-widget_type=\"media-carousel.default\">\n\t\t\t\t<div class=\"elementor-widget-container\">\n\t\t\t\t\t\t\t\t\t<div class=\"elementor-swiper\">\n\t\t\t\t\t<div class=\"elementor-main-swiper swiper\" role=\"region\" aria-roledescription=\"carousel\" aria-label=\"Slides\">\n\t\t\t\t<div class=\"swiper-wrapper\">\n\t\t\t\t\t\t\t\t\t\t\t<div class=\"swiper-slide\" role=\"group\" aria-roledescription=\"slide\">\n\t\t\t\t\t\t\t\t\t<div class=\"elementor-carousel-image\" role=\"img\" aria-label=\"WhatsApp Image 2022-03-20 at 00.50.19 (1)\" style=\"background-image: url(&#039;https:\/\/atauni.edu.tr\/yazilim-muhendisligi\/wp-content\/uploads\/sites\/472\/2022\/03\/WhatsApp-Image-2022-03-20-at-00.50.19-1.jpeg&#039;)\">\n\n\t\t\t\n\t\t\t\t\t<\/div>\n\t\t\t\t\t\t\t\t<\/div>\n\t\t\t\t\t\t\t\t\t\t\t<div class=\"swiper-slide\" role=\"group\" aria-roledescription=\"slide\">\n\t\t\t\t\t\t\t\t\t<div class=\"elementor-carousel-image\" role=\"img\" aria-label=\"WhatsApp Image 2022-03-20 at 00.50.19\" style=\"background-image: url(&#039;https:\/\/atauni.edu.tr\/yazilim-muhendisligi\/wp-content\/uploads\/sites\/472\/2022\/03\/WhatsApp-Image-2022-03-20-at-00.50.19.jpeg&#039;)\">\n\n\t\t\t\n\t\t\t\t\t<\/div>\n\t\t\t\t\t\t\t\t<\/div>\n\t\t\t\t\t\t\t\t\t\t\t<div class=\"swiper-slide\" role=\"group\" aria-roledescription=\"slide\">\n\t\t\t\t\t\t\t\t\t<div class=\"elementor-carousel-image\" role=\"img\" aria-label=\"WhatsApp Image 2022-03-20 at 00.50.21 (1)\" style=\"background-image: url(&#039;https:\/\/atauni.edu.tr\/yazilim-muhendisligi\/wp-content\/uploads\/sites\/472\/2022\/03\/WhatsApp-Image-2022-03-20-at-00.50.21-1.jpeg&#039;)\">\n\n\t\t\t\n\t\t\t\t\t<\/div>\n\t\t\t\t\t\t\t\t<\/div>\n\t\t\t\t\t\t\t\t\t\t\t<div class=\"swiper-slide\" role=\"group\" aria-roledescription=\"slide\">\n\t\t\t\t\t\t\t\t\t<div class=\"elementor-carousel-image\" role=\"img\" aria-label=\"WhatsApp Image 2022-03-20 at 00.50.20 (2)\" style=\"background-image: url(&#039;https:\/\/atauni.edu.tr\/yazilim-muhendisligi\/wp-content\/uploads\/sites\/472\/2022\/03\/WhatsApp-Image-2022-03-20-at-00.50.20-2.jpeg&#039;)\">\n\n\t\t\t\n\t\t\t\t\t<\/div>\n\t\t\t\t\t\t\t\t<\/div>\n\t\t\t\t\t\t\t\t\t\t\t<div class=\"swiper-slide\" role=\"group\" aria-roledescription=\"slide\">\n\t\t\t\t\t\t\t\t\t<div class=\"elementor-carousel-image\" role=\"img\" aria-label=\"WhatsApp Image 2022-03-20 at 00.50.20 (1)\" style=\"background-image: url(&#039;https:\/\/atauni.edu.tr\/yazilim-muhendisligi\/wp-content\/uploads\/sites\/472\/2022\/03\/WhatsApp-Image-2022-03-20-at-00.50.20-1.jpeg&#039;)\">\n\n\t\t\t\n\t\t\t\t\t<\/div>\n\t\t\t\t\t\t\t\t<\/div>\n\t\t\t\t\t\t\t\t\t<\/div>\n\t\t\t\t\t\t\t\t\t\t\t\t\t\t\t<div class=\"elementor-swiper-button elementor-swiper-button-prev\" role=\"button\" tabindex=\"0\" aria-label=\"Previous\">\n\t\t\t\t\t\t\t<i aria-hidden=\"true\" class=\"eicon-chevron-left\"><\/i>\t\t\t\t\t\t<\/div>\n\t\t\t\t\t\t<div class=\"elementor-swiper-button elementor-swiper-button-next\" role=\"button\" tabindex=\"0\" aria-label=\"Next\">\n\t\t\t\t\t\t\t<i aria-hidden=\"true\" class=\"eicon-chevron-right\"><\/i>\t\t\t\t\t\t<\/div>\n\t\t\t\t\t\t\t\t\t\t\t\t\t\t\t\t<div class=\"swiper-pagination\"><\/div>\n\t\t\t\t\t\t\t\t\t\t\t\t<\/div>\n\t\t\t\t<\/div>\n\t\t\t\t\t\t\t\t<\/div>\n\t\t\t\t<\/div>\n\t\t\t\t\t<\/div>\n\t\t<\/div>\n\t\t\t\t\t<\/div>\n\t\t<\/section>\n\t\t\t\t<section class=\"elementor-section elementor-top-section elementor-element elementor-element-0592fe0 elementor-section-boxed elementor-section-height-default elementor-section-height-default\" data-id=\"0592fe0\" data-element_type=\"section\">\n\t\t\t\t\t\t<div class=\"elementor-container elementor-column-gap-default\">\n\t\t\t\t\t<div class=\"elementor-column elementor-col-100 elementor-top-column elementor-element elementor-element-ddc50df\" data-id=\"ddc50df\" data-element_type=\"column\">\n\t\t\t<div class=\"elementor-widget-wrap elementor-element-populated\">\n\t\t\t\t\t\t<div class=\"elementor-element elementor-element-92f67cb elementor-widget elementor-widget-text-editor\" data-id=\"92f67cb\" data-element_type=\"widget\" data-widget_type=\"text-editor.default\">\n\t\t\t\t<div class=\"elementor-widget-container\">\n\t\t\t\t\t\t\t\t\t<p style=\"text-align: left\"><span style=\"color: #000000\">Atat\u00fcrk \u00dcniversitesi Yaz\u0131l\u0131m M\u00fchendisli\u011fi Program\u0131\u2019n\u0131n amac\u0131, insan ve toplum odakl\u0131 yaz\u0131l\u0131mlar\u0131n geli\u015ftirilmesi, ele\u015ftirel yakla\u015f\u0131mlar\u0131n kullan\u0131larak analizlerin yap\u0131lmas\u0131, tasarlanmas\u0131, \u00fcretilmesi ve de\u011ferlendirilmesine dair teorik ve uygulamal\u0131 bilgilerin \u00f6\u011fretilmesi ve \u00fcretilmesidir. Buradaki temel\u00a0<\/span><span style=\"letter-spacing: 0px;color: #000000\">ama\u00e7 yaz\u0131l\u0131m alan\u0131nda yetkin m\u00fchendisler yeti\u015ftirmek ve yaz\u0131l\u0131m ve bilgi sistemleri d\u00fcnyas\u0131n\u0131n evrensel geli\u015fimine katk\u0131da bulunmakt\u0131r.<\/span><\/p><p style=\"text-align: left\"><span style=\"color: #000000\">Yaz\u0131l\u0131m M\u00fchendisli\u011fi k\u00f6klerini Bilgisayar Bilimleri, Bilgisayar M\u00fchendisli\u011fi ve Sistem M\u00fchendisli\u011finden almaktad\u0131r. Yaz\u0131l\u0131m M\u00fchendisli\u011fi program\u0131nda teorik konularda ve uygulama alanlar\u0131nda konu \u00e7e\u015fitlili\u011fi a\u00e7\u0131s\u0131ndan denge sa\u011flanmaktad\u0131r. Bu ba\u011flamda, \u00f6\u011fretim elemanlar\u0131 ve \u00f6\u011frenciler, kendi \u00fcretti\u011fi veya edindikleri bilimsel, teknolojik, sosyal bilgileri kamuyla payla\u015f\u0131r ve olas\u0131 sonu\u00e7lar\u0131 hakk\u0131nda fikir \u00fcretirler.<\/span><\/p><p style=\"text-align: left\"><span style=\"color: #000000\">Yaz\u0131l\u0131m M\u00fchendisli\u011fi \u00f6\u011frencileri ilk iki y\u0131lda temel m\u00fchendislik dersleri al\u0131p, son iki y\u0131lda \u00e7o\u011funlukla yaz\u0131l\u0131m m\u00fchendisli\u011fi temel ta\u015flar\u0131 olan yaz\u0131l\u0131m ihtiya\u00e7lar\u0131n\u0131n analiz edilmesi, yaz\u0131l\u0131m \u00fcretimi, yaz\u0131l\u0131m tasar\u0131m\u0131, bilgisayar donan\u0131m ve mimarisi, programlama dilleri, veri yap\u0131lar\u0131 ve algoritmalar, i\u015fletim sistemleri ve ileti\u015fim a\u011flar\u0131 gibi konularda e\u011fitilmektedirler. \u00d6\u011frenciler yaz\u0131l\u0131m modelleme, ge\u00e7erleme ve do\u011frulama gibi bir\u00e7ok se\u00e7meli dersler ile teknik bilgi birikimlerini geli\u015ftirip, zenginle\u015ftirebilmektedirler. B\u00f6l\u00fcm derslerimiz teorik ve yo\u011fun pratik \u00e7al\u0131\u015fmalarla desteklenmektedir.\u00a0<\/span><\/p><p style=\"text-align: left\"><span style=\"color: #000000\">Programda mevcut olan (toplam 240 AKTS) derslerin t\u00fcm\u00fcnden ba\u015far\u0131yla ge\u00e7en, bitirme \u00e7al\u0131\u015fmas\u0131n\u0131 ba\u015far\u0131yla tamamlayan ve mesleki staj\u0131 ile haz\u0131rlad\u0131\u011f\u0131 staj raporundan ge\u00e7er not alan \u00f6\u011frenciler \u201c<strong>Yaz\u0131l\u0131m M\u00fchendisi<\/strong>\u201d\u00a0unvan\u0131 ile mezun olmaya hak kazan\u0131rlar.<\/span><\/p>\t\t\t\t\t\t\t\t<\/div>\n\t\t\t\t<\/div>\n\t\t\t\t\t<\/div>\n\t\t<\/div>\n\t\t\t\t\t<\/div>\n\t\t<\/section>\n\t\t\t\t<section class=\"elementor-section elementor-top-section elementor-element elementor-element-9641323 elementor-section-boxed elementor-section-height-default elementor-section-height-default\" data-id=\"9641323\" data-element_type=\"section\">\n\t\t\t\t\t\t<div class=\"elementor-container elementor-column-gap-default\">\n\t\t\t\t\t<div class=\"elementor-column elementor-col-100 elementor-top-column elementor-element elementor-element-fd63733\" data-id=\"fd63733\" data-element_type=\"column\">\n\t\t\t<div class=\"elementor-widget-wrap elementor-element-populated\">\n\t\t\t\t\t\t<div class=\"elementor-element elementor-element-1662ffe elementor-widget elementor-widget-video\" data-id=\"1662ffe\" data-element_type=\"widget\" data-settings=\"{&quot;youtube_url&quot;:&quot;https:\\\/\\\/www.youtube.com\\\/watch?v=qGtUAWzDL44&quot;,&quot;video_type&quot;:&quot;youtube&quot;,&quot;controls&quot;:&quot;yes&quot;}\" data-widget_type=\"video.default\">\n\t\t\t\t<div class=\"elementor-widget-container\">\n\t\t\t\t\t\t\t<div class=\"elementor-wrapper elementor-open-inline\">\n\t\t\t<div class=\"elementor-video\"><\/div>\t\t<\/div>\n\t\t\t\t\t\t<\/div>\n\t\t\t\t<\/div>\n\t\t\t\t\t<\/div>\n\t\t<\/div>\n\t\t\t\t\t<\/div>\n\t\t<\/section>\n\t\t\t\t<section class=\"elementor-section elementor-top-section elementor-element elementor-element-e98fc66 elementor-section-boxed elementor-section-height-default elementor-section-height-default\" data-id=\"e98fc66\" data-element_type=\"section\">\n\t\t\t\t\t\t<div class=\"elementor-container elementor-column-gap-default\">\n\t\t\t\t\t<div class=\"elementor-column elementor-col-100 elementor-top-column elementor-element elementor-element-b4db6aa\" data-id=\"b4db6aa\" data-element_type=\"column\">\n\t\t\t<div class=\"elementor-widget-wrap elementor-element-populated\">\n\t\t\t\t\t\t<div class=\"elementor-element elementor-element-d18a1a3 elementor-widget elementor-widget-spacer\" data-id=\"d18a1a3\" data-element_type=\"widget\" data-widget_type=\"spacer.default\">\n\t\t\t\t<div class=\"elementor-widget-container\">\n\t\t\t\t\t\t\t<div class=\"elementor-spacer\">\n\t\t\t<div class=\"elementor-spacer-inner\"><\/div>\n\t\t<\/div>\n\t\t\t\t\t\t<\/div>\n\t\t\t\t<\/div>\n\t\t\t\t\t<\/div>\n\t\t<\/div>\n\t\t\t\t\t<\/div>\n\t\t<\/section>\n\t\t\t\t<\/div>\n\t\t","protected":false},"excerpt":{"rendered":"<p>B\u00f6l\u00fcm Tan\u0131t\u0131m\u0131 Yaz\u0131l\u0131m M\u00fchendisli\u011fi Previous Next Atat\u00fcrk \u00dcniversitesi Yaz\u0131l\u0131m M\u00fchendisli\u011fi Program\u0131\u2019n\u0131n amac\u0131, insan ve toplum odakl\u0131 yaz\u0131l\u0131mlar\u0131n geli\u015ftirilmesi, ele\u015ftirel yakla\u015f\u0131mlar\u0131n kullan\u0131larak analizlerin yap\u0131lmas\u0131, tasarlanmas\u0131, \u00fcretilmesi ve de\u011ferlendirilmesine dair teorik ve uygulamal\u0131 bilgilerin \u00f6\u011fretilmesi ve \u00fcretilmesidir. Buradaki temel\u00a0ama\u00e7 yaz\u0131l\u0131m alan\u0131nda yetkin m\u00fchendisler yeti\u015ftirmek ve yaz\u0131l\u0131m ve bilgi sistemleri d\u00fcnyas\u0131n\u0131n evrensel geli\u015fimine katk\u0131da bulunmakt\u0131r. Yaz\u0131l\u0131m M\u00fchendisli\u011fi k\u00f6klerini [&hellip;]<\/p>\n","protected":false},"author":1,"featured_media":0,"parent":0,"menu_order":0,"comment_status":"closed","ping_status":"closed","template":"elementor_header_footer","meta":{"footnotes":""},"class_list":["post-5728","page","type-page","status-publish","hentry"],"_links":{"self":[{"href":"https:\/\/atauni.edu.tr\/yazilim-muhendisligi\/wp-json\/wp\/v2\/pages\/5728","targetHints":{"allow":["GET"]}}],"collection":[{"href":"https:\/\/atauni.edu.tr\/yazilim-muhendisligi\/wp-json\/wp\/v2\/pages"}],"about":[{"href":"https:\/\/atauni.edu.tr\/yazilim-muhendisligi\/wp-json\/wp\/v2\/types\/page"}],"author":[{"embeddable":true,"href":"https:\/\/atauni.edu.tr\/yazilim-muhendisligi\/wp-json\/wp\/v2\/users\/1"}],"replies":[{"embeddable":true,"href":"https:\/\/atauni.edu.tr\/yazilim-muhendisligi\/wp-json\/wp\/v2\/comments?post=5728"}],"version-history":[{"count":71,"href":"https:\/\/atauni.edu.tr\/yazilim-muhendisligi\/wp-json\/wp\/v2\/pages\/5728\/revisions"}],"predecessor-version":[{"id":6624,"href":"https:\/\/atauni.edu.tr\/yazilim-muhendisligi\/wp-json\/wp\/v2\/pages\/5728\/revisions\/6624"}],"wp:attachment":[{"href":"https:\/\/atauni.edu.tr\/yazilim-muhendisligi\/wp-json\/wp\/v2\/media?parent=5728"}],"curies":[{"name":"wp","href":"https:\/\/api.w.org\/{rel}","templated":true}]}}