{"id":7394,"date":"2025-02-27T10:14:59","date_gmt":"2025-02-27T07:14:59","guid":{"rendered":"https:\/\/birimler.atauni.edu.tr\/yazilim-muhendisligi\/?page_id=7394"},"modified":"2025-02-27T10:14:59","modified_gmt":"2025-02-27T07:14:59","slug":"program-ciktilari","status":"publish","type":"page","link":"https:\/\/atauni.edu.tr\/yazilim-muhendisligi\/program-ciktilari\/","title":{"rendered":"Program \u00c7\u0131kt\u0131lar\u0131"},"content":{"rendered":"\n<ol class=\"wp-block-list\">\n<li>Matematik, fen bilimleri ve m\u00fchendislik alan\u0131ndaki temel ve ileri d\u00fczey bilgileri edinme; bu bilgileri yaz\u0131l\u0131m m\u00fchendisli\u011fi problemlerinin \u00e7\u00f6z\u00fcm\u00fcnde etkin bir \u015fekilde kullanabilme becerisi.<\/li>\n\n\n\n<li>Karma\u015f\u0131k yaz\u0131l\u0131m m\u00fchendisli\u011fi problemlerini belirleme, analiz etme, modelleme ve \u00e7\u00f6zme becerisi; bu ama\u00e7la uygun m\u00fchendislik tekniklerini, hesaplama y\u00f6ntemlerini ve ara\u00e7lar\u0131n\u0131 kullanabilme yetkinli\u011fi.<\/li>\n\n\n\n<li>Bir yaz\u0131l\u0131m sistemini, s\u00fcreci veya bile\u015fenlerini ger\u00e7ek\u00e7i k\u0131s\u0131tlar ve gereksinimler do\u011frultusunda tasarlama ve geli\u015ftirme becerisi; bu ama\u00e7la modern yaz\u0131l\u0131m geli\u015ftirme metodolojilerini ve ara\u00e7lar\u0131n\u0131 kullanabilme yetene\u011fi.<\/li>\n\n\n\n<li>Yaz\u0131l\u0131m m\u00fchendisli\u011fi uygulamalar\u0131nda kar\u015f\u0131la\u015f\u0131lan problemlerin \u00e7\u00f6z\u00fcm\u00fc i\u00e7in modern m\u00fchendislik ara\u00e7lar\u0131n\u0131 ve bili\u015fim teknolojilerini etkin bir \u015fekilde kullanabilme becerisi.<\/li>\n\n\n\n<li>Bilgiye eri\u015fme, veri toplama, analiz etme ve yorumlama becerisi; yaz\u0131l\u0131m m\u00fchendisli\u011fi ile ilgili deneyler tasarlama, y\u00fcr\u00fctme ve sonu\u00e7lar\u0131n\u0131 de\u011ferlendirme yetkinli\u011fi.<\/li>\n\n\n\n<li>Disiplin i\u00e7i ve disiplinler aras\u0131 ekiplerde etkin \u00e7al\u0131\u015fabilme, i\u015f birli\u011fi yapabilme ve liderlik becerisi; ba\u011f\u0131ms\u0131z \u00e7al\u0131\u015fma ve sorumluluk alma yetkinli\u011fi.<\/li>\n\n\n\n<li>S\u00f6zl\u00fc ve yaz\u0131l\u0131 etkin ileti\u015fim kurabilme yetene\u011fi; en az bir yabanc\u0131 dili mesleki d\u00fczeyde kullanarak teknik rapor yazma, sunum yapma ve bilgi aktar\u0131m\u0131 becerisi.<\/li>\n\n\n\n<li>S\u00fcrekli \u00f6\u011frenmenin ve kendini geli\u015ftirmenin \u00f6nemini kavrama; bilim ve teknolojideki yenilikleri takip etme, yeni bilgileri \u00f6z\u00fcmseme ve yaz\u0131l\u0131m m\u00fchendisli\u011fi alan\u0131nda kendini s\u00fcrekli g\u00fcncelleme yetene\u011fi.<\/li>\n\n\n\n<li>Mesleki ve etik sorumluluk bilinci; yaz\u0131l\u0131m m\u00fchendisli\u011fi uygulamalar\u0131nda etik ilkelere uygun hareket etme ve m\u00fchendislik standartlar\u0131n\u0131 g\u00f6zetme fark\u0131ndal\u0131\u011f\u0131.<\/li>\n\n\n\n<li>Yaz\u0131l\u0131m m\u00fchendisli\u011fi projelerinde proje y\u00f6netimi, risk y\u00f6netimi, de\u011fi\u015fim y\u00f6netimi gibi s\u00fcre\u00e7leri anlama ve uygulama yetkinli\u011fi; giri\u015fimcilik, yenilik\u00e7ilik ve s\u00fcrd\u00fcr\u00fclebilir kalk\u0131nma konular\u0131nda fark\u0131ndal\u0131k.<\/li>\n\n\n\n<li>Yaz\u0131l\u0131m m\u00fchendisli\u011fi uygulamalar\u0131n\u0131n k\u00fcresel, \u00e7evresel, toplumsal ve hukuksal boyutlar\u0131n\u0131 kavrama; yaz\u0131l\u0131m \u00e7\u00f6z\u00fcmlerinin sa\u011fl\u0131k, g\u00fcvenlik ve \u00e7evre \u00fczerindeki etkilerini de\u011ferlendirme yetkinli\u011fi.<\/li>\n\n\n\n<li>Bilgisayar tabanl\u0131 sistemlerin analizi, tasar\u0131m\u0131 ve geli\u015ftirilmesinde algoritmik d\u00fc\u015f\u00fcnme yetene\u011fi; matematiksel modelleri ve bilgisayar bilimleri teorilerini yaz\u0131l\u0131m m\u00fchendisli\u011fi uygulamalar\u0131na entegre edebilme becerisi.<\/li>\n\n\n\n<li>Yaz\u0131l\u0131m sistemlerini analiz etme, tasarlama, geli\u015ftirme, test etme, do\u011frulama ve bak\u0131m s\u00fcre\u00e7lerini y\u00f6netme becerisi; bu s\u00fcre\u00e7leri sistematik bir m\u00fchendislik yakla\u015f\u0131m\u0131yla ele alma yetene\u011fi.<\/li>\n\n\n\n<li>Yapay zeka, b\u00fcy\u00fck veri, siber g\u00fcvenlik, bulut bili\u015fim ve nesnelerin interneti gibi g\u00fcncel yaz\u0131l\u0131m m\u00fchendisli\u011fi alanlar\u0131nda temel bilgiye sahip olma ve bu alanlardaki yenilikleri takip etme yetene\u011fi.<\/li>\n\n\n\n<li>Kullan\u0131c\u0131 odakl\u0131 yaz\u0131l\u0131m geli\u015ftirme prensiplerini uygulama; insan-bilgisayar etkile\u015fimi konusunda fark\u0131ndal\u0131k sahibi olma ve kullan\u0131c\u0131 deneyimini \u00f6n planda tutarak sistemler geli\u015ftirme becerisi.<\/li>\n\n\n\n<li>Yaz\u0131l\u0131m m\u00fchendisli\u011fi \u00e7\u00f6z\u00fcmlerinde kalite g\u00fcvencesi ve yaz\u0131l\u0131m test s\u00fcre\u00e7lerini anlama; g\u00fcvenilir, \u00f6l\u00e7eklenebilir ve s\u00fcrd\u00fcr\u00fclebilir yaz\u0131l\u0131mlar geli\u015ftirme becerisi.<\/li>\n<\/ol>\n","protected":false},"excerpt":{"rendered":"","protected":false},"author":638,"featured_media":0,"parent":0,"menu_order":0,"comment_status":"closed","ping_status":"closed","template":"","meta":{"footnotes":""},"class_list":["post-7394","page","type-page","status-publish","hentry"],"_links":{"self":[{"href":"https:\/\/atauni.edu.tr\/yazilim-muhendisligi\/wp-json\/wp\/v2\/pages\/7394","targetHints":{"allow":["GET"]}}],"collection":[{"href":"https:\/\/atauni.edu.tr\/yazilim-muhendisligi\/wp-json\/wp\/v2\/pages"}],"about":[{"href":"https:\/\/atauni.edu.tr\/yazilim-muhendisligi\/wp-json\/wp\/v2\/types\/page"}],"author":[{"embeddable":true,"href":"https:\/\/atauni.edu.tr\/yazilim-muhendisligi\/wp-json\/wp\/v2\/users\/638"}],"replies":[{"embeddable":true,"href":"https:\/\/atauni.edu.tr\/yazilim-muhendisligi\/wp-json\/wp\/v2\/comments?post=7394"}],"version-history":[{"count":1,"href":"https:\/\/atauni.edu.tr\/yazilim-muhendisligi\/wp-json\/wp\/v2\/pages\/7394\/revisions"}],"predecessor-version":[{"id":7395,"href":"https:\/\/atauni.edu.tr\/yazilim-muhendisligi\/wp-json\/wp\/v2\/pages\/7394\/revisions\/7395"}],"wp:attachment":[{"href":"https:\/\/atauni.edu.tr\/yazilim-muhendisligi\/wp-json\/wp\/v2\/media?parent=7394"}],"curies":[{"name":"wp","href":"https:\/\/api.w.org\/{rel}","templated":true}]}}