{"id":6359,"date":"2023-02-20T12:59:25","date_gmt":"2023-02-20T09:59:25","guid":{"rendered":"https:\/\/birimler.atauni.edu.tr\/yonetim-bilisim-sistemleri-bolumu\/?page_id=6359"},"modified":"2023-02-20T12:59:25","modified_gmt":"2023-02-20T09:59:25","slug":"formasyon-egitimi-yonetmeligi-ve-sikca-sorulan-sorular","status":"publish","type":"page","link":"https:\/\/atauni.edu.tr\/yonetim-bilisim-sistemleri-bolumu\/formasyon-egitimi-yonetmeligi-ve-sikca-sorulan-sorular\/","title":{"rendered":"Formasyon E\u011fitimi Y\u00f6netmeli\u011fi ve S\u0131k\u00e7a Sorulan Sorular"},"content":{"rendered":"\n<div class=\"wp-block-file\"><a id=\"wp-block-file--media-2c6a64b3-b7f9-4ec5-bd4e-155bb89f8fa4\" href=\"https:\/\/birimler.atauni.edu.tr\/yonetim-bilisim-sistemleri-bolumu\/wp-content\/uploads\/sites\/174\/2023\/02\/A.U\u0308-Pedagojik-Formasyon-Eg\u0306itimi-Uygulama-Esaslari_Taslak_14022023.docx\">A.U\u0308-Pedagojik-Formasyon-Eg\u0306itimi-Uygulama-Esaslari_Taslak_14022023<\/a><a href=\"https:\/\/birimler.atauni.edu.tr\/yonetim-bilisim-sistemleri-bolumu\/wp-content\/uploads\/sites\/174\/2023\/02\/A.U\u0308-Pedagojik-Formasyon-Eg\u0306itimi-Uygulama-Esaslari_Taslak_14022023.docx\" class=\"wp-block-file__button wp-element-button\" download aria-describedby=\"wp-block-file--media-2c6a64b3-b7f9-4ec5-bd4e-155bb89f8fa4\">\u0130ndir<\/a><\/div>\n\n\n\n<div data-wp-interactive=\"core\/file\" class=\"wp-block-file\"><object data-wp-bind--hidden=\"!state.hasPdfPreview\" hidden class=\"wp-block-file__embed\" data=\"https:\/\/birimler.atauni.edu.tr\/yonetim-bilisim-sistemleri-bolumu\/wp-content\/uploads\/sites\/174\/2023\/02\/EK-1.pdf\" type=\"application\/pdf\" style=\"width:100%;height:600px\" aria-label=\"EK-1 g\u00f6m\u00fcs\u00fc.\"><\/object><a id=\"wp-block-file--media-16cc7cb7-7782-4c29-9bae-592da55afc08\" href=\"https:\/\/birimler.atauni.edu.tr\/yonetim-bilisim-sistemleri-bolumu\/wp-content\/uploads\/sites\/174\/2023\/02\/EK-1.pdf\">EK-1<\/a><a href=\"https:\/\/birimler.atauni.edu.tr\/yonetim-bilisim-sistemleri-bolumu\/wp-content\/uploads\/sites\/174\/2023\/02\/EK-1.pdf\" class=\"wp-block-file__button wp-element-button\" download aria-describedby=\"wp-block-file--media-16cc7cb7-7782-4c29-9bae-592da55afc08\">\u0130ndir<\/a><\/div>\n","protected":false},"excerpt":{"rendered":"","protected":false},"author":507,"featured_media":0,"parent":0,"menu_order":0,"comment_status":"closed","ping_status":"closed","template":"","meta":{"footnotes":""},"class_list":["post-6359","page","type-page","status-publish","hentry"],"_links":{"self":[{"href":"https:\/\/atauni.edu.tr\/yonetim-bilisim-sistemleri-bolumu\/wp-json\/wp\/v2\/pages\/6359","targetHints":{"allow":["GET"]}}],"collection":[{"href":"https:\/\/atauni.edu.tr\/yonetim-bilisim-sistemleri-bolumu\/wp-json\/wp\/v2\/pages"}],"about":[{"href":"https:\/\/atauni.edu.tr\/yonetim-bilisim-sistemleri-bolumu\/wp-json\/wp\/v2\/types\/page"}],"author":[{"embeddable":true,"href":"https:\/\/atauni.edu.tr\/yonetim-bilisim-sistemleri-bolumu\/wp-json\/wp\/v2\/users\/507"}],"replies":[{"embeddable":true,"href":"https:\/\/atauni.edu.tr\/yonetim-bilisim-sistemleri-bolumu\/wp-json\/wp\/v2\/comments?post=6359"}],"version-history":[{"count":1,"href":"https:\/\/atauni.edu.tr\/yonetim-bilisim-sistemleri-bolumu\/wp-json\/wp\/v2\/pages\/6359\/revisions"}],"predecessor-version":[{"id":6362,"href":"https:\/\/atauni.edu.tr\/yonetim-bilisim-sistemleri-bolumu\/wp-json\/wp\/v2\/pages\/6359\/revisions\/6362"}],"wp:attachment":[{"href":"https:\/\/atauni.edu.tr\/yonetim-bilisim-sistemleri-bolumu\/wp-json\/wp\/v2\/media?parent=6359"}],"curies":[{"name":"wp","href":"https:\/\/api.w.org\/{rel}","templated":true}]}}