{"id":6483,"date":"2023-11-08T16:42:09","date_gmt":"2023-11-08T13:42:09","guid":{"rendered":"https:\/\/birimler.atauni.edu.tr\/yonetim-bilisim-sistemleri-bolumu\/?page_id=6483"},"modified":"2024-05-15T11:57:51","modified_gmt":"2024-05-15T08:57:51","slug":"atasoft-ogrenci-kulubu","status":"publish","type":"page","link":"https:\/\/atauni.edu.tr\/yonetim-bilisim-sistemleri-bolumu\/atasoft-ogrenci-kulubu\/","title":{"rendered":"ATASoft Kul\u00fcb\u00fc"},"content":{"rendered":"\n<h4 class=\"wp-block-heading\">Ama\u00e7<\/h4>\n\n\n\n<p>Atasoft kul\u00fcb\u00fcn\u00fcn amac\u0131 yaz\u0131l\u0131m geli\u015ftirme alan\u0131nda seminerler ,e\u011fitimler ,etkinlikler d\u00fczenlemek; \u00e7al\u0131\u015fma alanlar\u0131nda network olu\u015fturmak; gen\u00e7 bili\u015fimcilerin mental geli\u015fimlerine katk\u0131 sa\u011flayacak etkinlikler d\u00fczenlemek, bili\u015fim alan\u0131ndaki bilgi ve deneyim payla\u015f\u0131m\u0131n\u0131 te\u015fvik etmek ve sosyal sorumluluk projeleri ve akademik \u00e7al\u0131\u015fmalarda y\u00fcr\u00fct\u00fcc\u00fc olmak ve b\u00f6ylece topluma ve akademik \u00e7al\u0131\u015fmalara katk\u0131da bulunmakt\u0131r<\/p>\n\n\n\n<h2 class=\"wp-block-heading\">Kul\u00fcp Y\u00f6netimi<\/h2>\n\n\n\n<h3 class=\"wp-block-heading\">Kul\u00fcp Dan\u0131\u015fman\u0131<\/h3>\n\n\n\n<p>Dr. \u00d6\u011fr. \u00dcyesi \u0130brahim YILDIZ<\/p>\n\n\n\n<h3 class=\"wp-block-heading\">Ba\u015fkan<\/h3>\n\n\n\n<p>Sad\u0131k S\u0130MEKL\u0130O\u011eLU<\/p>\n\n\n\n<h3 class=\"wp-block-heading\">Ba\u015fkan Yard\u0131mc\u0131s\u0131<\/h3>\n\n\n\n<p>Seyfullah Niyazi TOKMAK<\/p>\n\n\n\n<h2 class=\"wp-block-heading has-text-align-center\">Kul\u00fcp Etkinlikleri<\/h2>\n\n\n\n<h3 class=\"wp-block-heading has-text-align-center\">Tan\u0131\u015fma Etkinli\u011fi<\/h3>\n\n\n<div class=\"wp-block-image\">\n<figure class=\"aligncenter size-large is-resized\"><img fetchpriority=\"high\" decoding=\"async\" width=\"1024\" height=\"1024\" src=\"http:\/\/birimler.atauni.edu.tr\/yonetim-bilisim-sistemleri-bolumu\/wp-content\/uploads\/sites\/174\/2024\/05\/WhatsApp-Image-2024-05-15-at-11.00.42-1024x1024.jpeg\" alt=\"\" class=\"wp-image-6629\" style=\"width:376px;height:auto\" srcset=\"https:\/\/atauni.edu.tr\/yonetim-bilisim-sistemleri-bolumu\/wp-content\/uploads\/sites\/174\/2024\/05\/WhatsApp-Image-2024-05-15-at-11.00.42-1024x1024.jpeg 1024w, https:\/\/atauni.edu.tr\/yonetim-bilisim-sistemleri-bolumu\/wp-content\/uploads\/sites\/174\/2024\/05\/WhatsApp-Image-2024-05-15-at-11.00.42-300x300.jpeg 300w, https:\/\/atauni.edu.tr\/yonetim-bilisim-sistemleri-bolumu\/wp-content\/uploads\/sites\/174\/2024\/05\/WhatsApp-Image-2024-05-15-at-11.00.42-150x150.jpeg 150w, https:\/\/atauni.edu.tr\/yonetim-bilisim-sistemleri-bolumu\/wp-content\/uploads\/sites\/174\/2024\/05\/WhatsApp-Image-2024-05-15-at-11.00.42-768x768.jpeg 768w, https:\/\/atauni.edu.tr\/yonetim-bilisim-sistemleri-bolumu\/wp-content\/uploads\/sites\/174\/2024\/05\/WhatsApp-Image-2024-05-15-at-11.00.42-600x600.jpeg 600w, https:\/\/atauni.edu.tr\/yonetim-bilisim-sistemleri-bolumu\/wp-content\/uploads\/sites\/174\/2024\/05\/WhatsApp-Image-2024-05-15-at-11.00.42-560x560.jpeg 560w, https:\/\/atauni.edu.tr\/yonetim-bilisim-sistemleri-bolumu\/wp-content\/uploads\/sites\/174\/2024\/05\/WhatsApp-Image-2024-05-15-at-11.00.42.jpeg 1440w\" sizes=\"(max-width: 1024px) 100vw, 1024px\" \/><\/figure>\n<\/div>\n\n\n<h3 class=\"wp-block-heading has-text-align-center\">Phyton 101<\/h3>\n\n\n\n<figure class=\"wp-block-gallery has-nested-images columns-default is-cropped wp-block-gallery-1 is-layout-flex wp-block-gallery-is-layout-flex\">\n<figure class=\"wp-block-image size-large\"><img decoding=\"async\" width=\"768\" height=\"1024\" data-id=\"6641\" src=\"http:\/\/birimler.atauni.edu.tr\/yonetim-bilisim-sistemleri-bolumu\/wp-content\/uploads\/sites\/174\/2024\/05\/WhatsApp-Image-2024-05-15-at-11.00.42-2-1-768x1024.jpeg\" alt=\"\" class=\"wp-image-6641\" srcset=\"https:\/\/atauni.edu.tr\/yonetim-bilisim-sistemleri-bolumu\/wp-content\/uploads\/sites\/174\/2024\/05\/WhatsApp-Image-2024-05-15-at-11.00.42-2-1-768x1024.jpeg 768w, https:\/\/atauni.edu.tr\/yonetim-bilisim-sistemleri-bolumu\/wp-content\/uploads\/sites\/174\/2024\/05\/WhatsApp-Image-2024-05-15-at-11.00.42-2-1-225x300.jpeg 225w, https:\/\/atauni.edu.tr\/yonetim-bilisim-sistemleri-bolumu\/wp-content\/uploads\/sites\/174\/2024\/05\/WhatsApp-Image-2024-05-15-at-11.00.42-2-1-1152x1536.jpeg 1152w, https:\/\/atauni.edu.tr\/yonetim-bilisim-sistemleri-bolumu\/wp-content\/uploads\/sites\/174\/2024\/05\/WhatsApp-Image-2024-05-15-at-11.00.42-2-1-1536x2048.jpeg 1536w, https:\/\/atauni.edu.tr\/yonetim-bilisim-sistemleri-bolumu\/wp-content\/uploads\/sites\/174\/2024\/05\/WhatsApp-Image-2024-05-15-at-11.00.42-2-1-450x600.jpeg 450w, https:\/\/atauni.edu.tr\/yonetim-bilisim-sistemleri-bolumu\/wp-content\/uploads\/sites\/174\/2024\/05\/WhatsApp-Image-2024-05-15-at-11.00.42-2-1-420x560.jpeg 420w, https:\/\/atauni.edu.tr\/yonetim-bilisim-sistemleri-bolumu\/wp-content\/uploads\/sites\/174\/2024\/05\/WhatsApp-Image-2024-05-15-at-11.00.42-2-1-scaled.jpeg 1920w\" sizes=\"(max-width: 768px) 100vw, 768px\" \/><\/figure>\n\n\n\n<figure class=\"wp-block-image size-large\"><img decoding=\"async\" width=\"1024\" height=\"768\" data-id=\"6640\" src=\"http:\/\/birimler.atauni.edu.tr\/yonetim-bilisim-sistemleri-bolumu\/wp-content\/uploads\/sites\/174\/2024\/05\/WhatsApp-Image-2024-05-15-at-11.00.42-3-1-1024x768.jpeg\" alt=\"\" class=\"wp-image-6640\" srcset=\"https:\/\/atauni.edu.tr\/yonetim-bilisim-sistemleri-bolumu\/wp-content\/uploads\/sites\/174\/2024\/05\/WhatsApp-Image-2024-05-15-at-11.00.42-3-1-1024x768.jpeg 1024w, https:\/\/atauni.edu.tr\/yonetim-bilisim-sistemleri-bolumu\/wp-content\/uploads\/sites\/174\/2024\/05\/WhatsApp-Image-2024-05-15-at-11.00.42-3-1-300x225.jpeg 300w, https:\/\/atauni.edu.tr\/yonetim-bilisim-sistemleri-bolumu\/wp-content\/uploads\/sites\/174\/2024\/05\/WhatsApp-Image-2024-05-15-at-11.00.42-3-1-768x576.jpeg 768w, https:\/\/atauni.edu.tr\/yonetim-bilisim-sistemleri-bolumu\/wp-content\/uploads\/sites\/174\/2024\/05\/WhatsApp-Image-2024-05-15-at-11.00.42-3-1-1536x1152.jpeg 1536w, https:\/\/atauni.edu.tr\/yonetim-bilisim-sistemleri-bolumu\/wp-content\/uploads\/sites\/174\/2024\/05\/WhatsApp-Image-2024-05-15-at-11.00.42-3-1-2048x1536.jpeg 2048w, https:\/\/atauni.edu.tr\/yonetim-bilisim-sistemleri-bolumu\/wp-content\/uploads\/sites\/174\/2024\/05\/WhatsApp-Image-2024-05-15-at-11.00.42-3-1-600x450.jpeg 600w, https:\/\/atauni.edu.tr\/yonetim-bilisim-sistemleri-bolumu\/wp-content\/uploads\/sites\/174\/2024\/05\/WhatsApp-Image-2024-05-15-at-11.00.42-3-1-560x420.jpeg 560w\" sizes=\"(max-width: 1024px) 100vw, 1024px\" \/><\/figure>\n<\/figure>\n\n\n\n<h3 class=\"wp-block-heading has-text-align-center\">Oryantasyon Kul\u00fcp Stand\u0131<\/h3>\n\n\n<div class=\"wp-block-image\">\n<figure class=\"aligncenter size-large is-resized\"><img loading=\"lazy\" decoding=\"async\" width=\"1024\" height=\"768\" src=\"http:\/\/birimler.atauni.edu.tr\/yonetim-bilisim-sistemleri-bolumu\/wp-content\/uploads\/sites\/174\/2024\/05\/WhatsApp-Image-2024-05-15-at-11.00.43-2-1024x768.jpeg\" alt=\"\" class=\"wp-image-6634\" style=\"width:400px;height:auto\" srcset=\"https:\/\/atauni.edu.tr\/yonetim-bilisim-sistemleri-bolumu\/wp-content\/uploads\/sites\/174\/2024\/05\/WhatsApp-Image-2024-05-15-at-11.00.43-2-1024x768.jpeg 1024w, https:\/\/atauni.edu.tr\/yonetim-bilisim-sistemleri-bolumu\/wp-content\/uploads\/sites\/174\/2024\/05\/WhatsApp-Image-2024-05-15-at-11.00.43-2-300x225.jpeg 300w, https:\/\/atauni.edu.tr\/yonetim-bilisim-sistemleri-bolumu\/wp-content\/uploads\/sites\/174\/2024\/05\/WhatsApp-Image-2024-05-15-at-11.00.43-2-768x576.jpeg 768w, https:\/\/atauni.edu.tr\/yonetim-bilisim-sistemleri-bolumu\/wp-content\/uploads\/sites\/174\/2024\/05\/WhatsApp-Image-2024-05-15-at-11.00.43-2-1536x1152.jpeg 1536w, https:\/\/atauni.edu.tr\/yonetim-bilisim-sistemleri-bolumu\/wp-content\/uploads\/sites\/174\/2024\/05\/WhatsApp-Image-2024-05-15-at-11.00.43-2-600x450.jpeg 600w, https:\/\/atauni.edu.tr\/yonetim-bilisim-sistemleri-bolumu\/wp-content\/uploads\/sites\/174\/2024\/05\/WhatsApp-Image-2024-05-15-at-11.00.43-2-560x420.jpeg 560w, https:\/\/atauni.edu.tr\/yonetim-bilisim-sistemleri-bolumu\/wp-content\/uploads\/sites\/174\/2024\/05\/WhatsApp-Image-2024-05-15-at-11.00.43-2.jpeg 1600w\" sizes=\"(max-width: 1024px) 100vw, 1024px\" \/><\/figure>\n<\/div>\n\n\n<h3 class=\"wp-block-heading has-text-align-center\">KUDAKAF Kul\u00fcp Stand\u0131<\/h3>\n\n\n\n<figure class=\"wp-block-gallery has-nested-images columns-default is-cropped wp-block-gallery-2 is-layout-flex wp-block-gallery-is-layout-flex\">\n<figure class=\"wp-block-image size-large\"><img loading=\"lazy\" decoding=\"async\" width=\"768\" height=\"1024\" data-id=\"6636\" src=\"http:\/\/birimler.atauni.edu.tr\/yonetim-bilisim-sistemleri-bolumu\/wp-content\/uploads\/sites\/174\/2024\/05\/WhatsApp-Image-2024-05-15-at-11.00.43-2-2-768x1024.jpeg\" alt=\"\" class=\"wp-image-6636\" srcset=\"https:\/\/atauni.edu.tr\/yonetim-bilisim-sistemleri-bolumu\/wp-content\/uploads\/sites\/174\/2024\/05\/WhatsApp-Image-2024-05-15-at-11.00.43-2-2-768x1024.jpeg 768w, https:\/\/atauni.edu.tr\/yonetim-bilisim-sistemleri-bolumu\/wp-content\/uploads\/sites\/174\/2024\/05\/WhatsApp-Image-2024-05-15-at-11.00.43-2-2-225x300.jpeg 225w, https:\/\/atauni.edu.tr\/yonetim-bilisim-sistemleri-bolumu\/wp-content\/uploads\/sites\/174\/2024\/05\/WhatsApp-Image-2024-05-15-at-11.00.43-2-2-1152x1536.jpeg 1152w, https:\/\/atauni.edu.tr\/yonetim-bilisim-sistemleri-bolumu\/wp-content\/uploads\/sites\/174\/2024\/05\/WhatsApp-Image-2024-05-15-at-11.00.43-2-2-1536x2048.jpeg 1536w, https:\/\/atauni.edu.tr\/yonetim-bilisim-sistemleri-bolumu\/wp-content\/uploads\/sites\/174\/2024\/05\/WhatsApp-Image-2024-05-15-at-11.00.43-2-2-450x600.jpeg 450w, https:\/\/atauni.edu.tr\/yonetim-bilisim-sistemleri-bolumu\/wp-content\/uploads\/sites\/174\/2024\/05\/WhatsApp-Image-2024-05-15-at-11.00.43-2-2-420x560.jpeg 420w, https:\/\/atauni.edu.tr\/yonetim-bilisim-sistemleri-bolumu\/wp-content\/uploads\/sites\/174\/2024\/05\/WhatsApp-Image-2024-05-15-at-11.00.43-2-2-scaled.jpeg 1920w\" sizes=\"(max-width: 768px) 100vw, 768px\" \/><\/figure>\n\n\n\n<figure class=\"wp-block-image size-large\"><img loading=\"lazy\" decoding=\"async\" width=\"768\" height=\"1024\" data-id=\"6638\" src=\"http:\/\/birimler.atauni.edu.tr\/yonetim-bilisim-sistemleri-bolumu\/wp-content\/uploads\/sites\/174\/2024\/05\/WhatsApp-Image-2024-05-15-at-11.00.44-3-768x1024.jpeg\" alt=\"\" class=\"wp-image-6638\" srcset=\"https:\/\/atauni.edu.tr\/yonetim-bilisim-sistemleri-bolumu\/wp-content\/uploads\/sites\/174\/2024\/05\/WhatsApp-Image-2024-05-15-at-11.00.44-3-768x1024.jpeg 768w, https:\/\/atauni.edu.tr\/yonetim-bilisim-sistemleri-bolumu\/wp-content\/uploads\/sites\/174\/2024\/05\/WhatsApp-Image-2024-05-15-at-11.00.44-3-225x300.jpeg 225w, https:\/\/atauni.edu.tr\/yonetim-bilisim-sistemleri-bolumu\/wp-content\/uploads\/sites\/174\/2024\/05\/WhatsApp-Image-2024-05-15-at-11.00.44-3-1152x1536.jpeg 1152w, https:\/\/atauni.edu.tr\/yonetim-bilisim-sistemleri-bolumu\/wp-content\/uploads\/sites\/174\/2024\/05\/WhatsApp-Image-2024-05-15-at-11.00.44-3-1536x2048.jpeg 1536w, https:\/\/atauni.edu.tr\/yonetim-bilisim-sistemleri-bolumu\/wp-content\/uploads\/sites\/174\/2024\/05\/WhatsApp-Image-2024-05-15-at-11.00.44-3-450x600.jpeg 450w, https:\/\/atauni.edu.tr\/yonetim-bilisim-sistemleri-bolumu\/wp-content\/uploads\/sites\/174\/2024\/05\/WhatsApp-Image-2024-05-15-at-11.00.44-3-420x560.jpeg 420w, https:\/\/atauni.edu.tr\/yonetim-bilisim-sistemleri-bolumu\/wp-content\/uploads\/sites\/174\/2024\/05\/WhatsApp-Image-2024-05-15-at-11.00.44-3-scaled.jpeg 1920w\" sizes=\"(max-width: 768px) 100vw, 768px\" \/><\/figure>\n<\/figure>\n\n\n\n<h2 class=\"wp-block-heading\"><\/h2>\n\n\n\n<h3 class=\"wp-block-heading has-text-align-center\">DevFest<\/h3>\n\n\n\n<figure class=\"wp-block-gallery has-nested-images columns-default is-cropped wp-block-gallery-3 is-layout-flex wp-block-gallery-is-layout-flex\">\n<figure class=\"wp-block-image size-large\"><img loading=\"lazy\" decoding=\"async\" width=\"1024\" height=\"768\" data-id=\"6642\" src=\"http:\/\/birimler.atauni.edu.tr\/yonetim-bilisim-sistemleri-bolumu\/wp-content\/uploads\/sites\/174\/2024\/05\/WhatsApp-Image-2024-05-15-at-11.00.43-3-1024x768.jpeg\" alt=\"\" class=\"wp-image-6642\" srcset=\"https:\/\/atauni.edu.tr\/yonetim-bilisim-sistemleri-bolumu\/wp-content\/uploads\/sites\/174\/2024\/05\/WhatsApp-Image-2024-05-15-at-11.00.43-3-1024x768.jpeg 1024w, https:\/\/atauni.edu.tr\/yonetim-bilisim-sistemleri-bolumu\/wp-content\/uploads\/sites\/174\/2024\/05\/WhatsApp-Image-2024-05-15-at-11.00.43-3-300x225.jpeg 300w, https:\/\/atauni.edu.tr\/yonetim-bilisim-sistemleri-bolumu\/wp-content\/uploads\/sites\/174\/2024\/05\/WhatsApp-Image-2024-05-15-at-11.00.43-3-768x576.jpeg 768w, https:\/\/atauni.edu.tr\/yonetim-bilisim-sistemleri-bolumu\/wp-content\/uploads\/sites\/174\/2024\/05\/WhatsApp-Image-2024-05-15-at-11.00.43-3-1536x1152.jpeg 1536w, https:\/\/atauni.edu.tr\/yonetim-bilisim-sistemleri-bolumu\/wp-content\/uploads\/sites\/174\/2024\/05\/WhatsApp-Image-2024-05-15-at-11.00.43-3-2048x1536.jpeg 2048w, https:\/\/atauni.edu.tr\/yonetim-bilisim-sistemleri-bolumu\/wp-content\/uploads\/sites\/174\/2024\/05\/WhatsApp-Image-2024-05-15-at-11.00.43-3-600x450.jpeg 600w, https:\/\/atauni.edu.tr\/yonetim-bilisim-sistemleri-bolumu\/wp-content\/uploads\/sites\/174\/2024\/05\/WhatsApp-Image-2024-05-15-at-11.00.43-3-560x420.jpeg 560w\" sizes=\"(max-width: 1024px) 100vw, 1024px\" \/><\/figure>\n\n\n\n<figure class=\"wp-block-image size-large\"><img loading=\"lazy\" decoding=\"async\" width=\"768\" height=\"1024\" data-id=\"6643\" src=\"http:\/\/birimler.atauni.edu.tr\/yonetim-bilisim-sistemleri-bolumu\/wp-content\/uploads\/sites\/174\/2024\/05\/WhatsApp-Image-2024-05-15-at-11.00.43-4-1-768x1024.jpeg\" alt=\"\" class=\"wp-image-6643\" srcset=\"https:\/\/atauni.edu.tr\/yonetim-bilisim-sistemleri-bolumu\/wp-content\/uploads\/sites\/174\/2024\/05\/WhatsApp-Image-2024-05-15-at-11.00.43-4-1-768x1024.jpeg 768w, https:\/\/atauni.edu.tr\/yonetim-bilisim-sistemleri-bolumu\/wp-content\/uploads\/sites\/174\/2024\/05\/WhatsApp-Image-2024-05-15-at-11.00.43-4-1-225x300.jpeg 225w, https:\/\/atauni.edu.tr\/yonetim-bilisim-sistemleri-bolumu\/wp-content\/uploads\/sites\/174\/2024\/05\/WhatsApp-Image-2024-05-15-at-11.00.43-4-1-1152x1536.jpeg 1152w, https:\/\/atauni.edu.tr\/yonetim-bilisim-sistemleri-bolumu\/wp-content\/uploads\/sites\/174\/2024\/05\/WhatsApp-Image-2024-05-15-at-11.00.43-4-1-1536x2048.jpeg 1536w, https:\/\/atauni.edu.tr\/yonetim-bilisim-sistemleri-bolumu\/wp-content\/uploads\/sites\/174\/2024\/05\/WhatsApp-Image-2024-05-15-at-11.00.43-4-1-450x600.jpeg 450w, https:\/\/atauni.edu.tr\/yonetim-bilisim-sistemleri-bolumu\/wp-content\/uploads\/sites\/174\/2024\/05\/WhatsApp-Image-2024-05-15-at-11.00.43-4-1-420x560.jpeg 420w, https:\/\/atauni.edu.tr\/yonetim-bilisim-sistemleri-bolumu\/wp-content\/uploads\/sites\/174\/2024\/05\/WhatsApp-Image-2024-05-15-at-11.00.43-4-1-scaled.jpeg 1920w\" sizes=\"(max-width: 768px) 100vw, 768px\" \/><\/figure>\n<\/figure>\n\n\n\n<h3 class=\"wp-block-heading has-text-align-center\">Sinema Etkinli\u011fi<\/h3>\n\n\n\n<figure class=\"wp-block-gallery has-nested-images columns-default is-cropped wp-block-gallery-4 is-layout-flex wp-block-gallery-is-layout-flex\"><div class=\"wp-block-image\">\n<figure class=\"aligncenter size-large\"><img loading=\"lazy\" decoding=\"async\" width=\"1024\" height=\"682\" data-id=\"6644\" src=\"http:\/\/birimler.atauni.edu.tr\/yonetim-bilisim-sistemleri-bolumu\/wp-content\/uploads\/sites\/174\/2024\/05\/WhatsApp-Image-2024-05-15-at-11.00.44-4-1024x682.jpeg\" alt=\"\" class=\"wp-image-6644\" srcset=\"https:\/\/atauni.edu.tr\/yonetim-bilisim-sistemleri-bolumu\/wp-content\/uploads\/sites\/174\/2024\/05\/WhatsApp-Image-2024-05-15-at-11.00.44-4-1024x682.jpeg 1024w, https:\/\/atauni.edu.tr\/yonetim-bilisim-sistemleri-bolumu\/wp-content\/uploads\/sites\/174\/2024\/05\/WhatsApp-Image-2024-05-15-at-11.00.44-4-300x200.jpeg 300w, https:\/\/atauni.edu.tr\/yonetim-bilisim-sistemleri-bolumu\/wp-content\/uploads\/sites\/174\/2024\/05\/WhatsApp-Image-2024-05-15-at-11.00.44-4-768x512.jpeg 768w, https:\/\/atauni.edu.tr\/yonetim-bilisim-sistemleri-bolumu\/wp-content\/uploads\/sites\/174\/2024\/05\/WhatsApp-Image-2024-05-15-at-11.00.44-4-1536x1023.jpeg 1536w, https:\/\/atauni.edu.tr\/yonetim-bilisim-sistemleri-bolumu\/wp-content\/uploads\/sites\/174\/2024\/05\/WhatsApp-Image-2024-05-15-at-11.00.44-4-600x400.jpeg 600w, https:\/\/atauni.edu.tr\/yonetim-bilisim-sistemleri-bolumu\/wp-content\/uploads\/sites\/174\/2024\/05\/WhatsApp-Image-2024-05-15-at-11.00.44-4-560x373.jpeg 560w, https:\/\/atauni.edu.tr\/yonetim-bilisim-sistemleri-bolumu\/wp-content\/uploads\/sites\/174\/2024\/05\/WhatsApp-Image-2024-05-15-at-11.00.44-4.jpeg 1600w\" sizes=\"(max-width: 1024px) 100vw, 1024px\" \/><\/figure>\n<\/div><\/figure>\n\n\n\n<h3 class=\"wp-block-heading has-text-align-center\">C# 101 E\u011fitimi<\/h3>\n\n\n\n<figure class=\"wp-block-gallery has-nested-images columns-default is-cropped wp-block-gallery-5 is-layout-flex wp-block-gallery-is-layout-flex\">\n<figure class=\"wp-block-image size-large\"><img loading=\"lazy\" decoding=\"async\" width=\"1024\" height=\"768\" data-id=\"6645\" src=\"http:\/\/birimler.atauni.edu.tr\/yonetim-bilisim-sistemleri-bolumu\/wp-content\/uploads\/sites\/174\/2024\/05\/WhatsApp-Image-2024-05-15-at-11.00.46-3-1024x768.jpeg\" alt=\"\" class=\"wp-image-6645\" srcset=\"https:\/\/atauni.edu.tr\/yonetim-bilisim-sistemleri-bolumu\/wp-content\/uploads\/sites\/174\/2024\/05\/WhatsApp-Image-2024-05-15-at-11.00.46-3-1024x768.jpeg 1024w, https:\/\/atauni.edu.tr\/yonetim-bilisim-sistemleri-bolumu\/wp-content\/uploads\/sites\/174\/2024\/05\/WhatsApp-Image-2024-05-15-at-11.00.46-3-300x225.jpeg 300w, https:\/\/atauni.edu.tr\/yonetim-bilisim-sistemleri-bolumu\/wp-content\/uploads\/sites\/174\/2024\/05\/WhatsApp-Image-2024-05-15-at-11.00.46-3-768x576.jpeg 768w, https:\/\/atauni.edu.tr\/yonetim-bilisim-sistemleri-bolumu\/wp-content\/uploads\/sites\/174\/2024\/05\/WhatsApp-Image-2024-05-15-at-11.00.46-3-1536x1152.jpeg 1536w, https:\/\/atauni.edu.tr\/yonetim-bilisim-sistemleri-bolumu\/wp-content\/uploads\/sites\/174\/2024\/05\/WhatsApp-Image-2024-05-15-at-11.00.46-3-2048x1536.jpeg 2048w, https:\/\/atauni.edu.tr\/yonetim-bilisim-sistemleri-bolumu\/wp-content\/uploads\/sites\/174\/2024\/05\/WhatsApp-Image-2024-05-15-at-11.00.46-3-600x450.jpeg 600w, https:\/\/atauni.edu.tr\/yonetim-bilisim-sistemleri-bolumu\/wp-content\/uploads\/sites\/174\/2024\/05\/WhatsApp-Image-2024-05-15-at-11.00.46-3-560x420.jpeg 560w\" sizes=\"(max-width: 1024px) 100vw, 1024px\" \/><\/figure>\n<\/figure>\n\n\n\n<h2 class=\"wp-block-heading\">Kul\u00fcp Instagram Adresi<\/h2>\n\n\n\n<ul class=\"wp-block-social-links is-layout-flex wp-block-social-links-is-layout-flex\"><li class=\"wp-social-link wp-social-link-instagram  wp-block-social-link\"><a href=\"https:\/\/www.instagram.com\/atasoft23?igsh=YW1uNnBvaWZ5bHRq\" class=\"wp-block-social-link-anchor\"><svg width=\"24\" height=\"24\" viewBox=\"0 0 24 24\" version=\"1.1\" xmlns=\"http:\/\/www.w3.org\/2000\/svg\" aria-hidden=\"true\" focusable=\"false\"><path d=\"M12,4.622c2.403,0,2.688,0.009,3.637,0.052c0.877,0.04,1.354,0.187,1.671,0.31c0.42,0.163,0.72,0.358,1.035,0.673 c0.315,0.315,0.51,0.615,0.673,1.035c0.123,0.317,0.27,0.794,0.31,1.671c0.043,0.949,0.052,1.234,0.052,3.637 s-0.009,2.688-0.052,3.637c-0.04,0.877-0.187,1.354-0.31,1.671c-0.163,0.42-0.358,0.72-0.673,1.035 c-0.315,0.315-0.615,0.51-1.035,0.673c-0.317,0.123-0.794,0.27-1.671,0.31c-0.949,0.043-1.233,0.052-3.637,0.052 s-2.688-0.009-3.637-0.052c-0.877-0.04-1.354-0.187-1.671-0.31c-0.42-0.163-0.72-0.358-1.035-0.673 c-0.315-0.315-0.51-0.615-0.673-1.035c-0.123-0.317-0.27-0.794-0.31-1.671C4.631,14.688,4.622,14.403,4.622,12 s0.009-2.688,0.052-3.637c0.04-0.877,0.187-1.354,0.31-1.671c0.163-0.42,0.358-0.72,0.673-1.035 c0.315-0.315,0.615-0.51,1.035-0.673c0.317-0.123,0.794-0.27,1.671-0.31C9.312,4.631,9.597,4.622,12,4.622 M12,3 C9.556,3,9.249,3.01,8.289,3.054C7.331,3.098,6.677,3.25,6.105,3.472C5.513,3.702,5.011,4.01,4.511,4.511 c-0.5,0.5-0.808,1.002-1.038,1.594C3.25,6.677,3.098,7.331,3.054,8.289C3.01,9.249,3,9.556,3,12c0,2.444,0.01,2.751,0.054,3.711 c0.044,0.958,0.196,1.612,0.418,2.185c0.23,0.592,0.538,1.094,1.038,1.594c0.5,0.5,1.002,0.808,1.594,1.038 c0.572,0.222,1.227,0.375,2.185,0.418C9.249,20.99,9.556,21,12,21s2.751-0.01,3.711-0.054c0.958-0.044,1.612-0.196,2.185-0.418 c0.592-0.23,1.094-0.538,1.594-1.038c0.5-0.5,0.808-1.002,1.038-1.594c0.222-0.572,0.375-1.227,0.418-2.185 C20.99,14.751,21,14.444,21,12s-0.01-2.751-0.054-3.711c-0.044-0.958-0.196-1.612-0.418-2.185c-0.23-0.592-0.538-1.094-1.038-1.594 c-0.5-0.5-1.002-0.808-1.594-1.038c-0.572-0.222-1.227-0.375-2.185-0.418C14.751,3.01,14.444,3,12,3L12,3z M12,7.378 c-2.552,0-4.622,2.069-4.622,4.622S9.448,16.622,12,16.622s4.622-2.069,4.622-4.622S14.552,7.378,12,7.378z M12,15 c-1.657,0-3-1.343-3-3s1.343-3,3-3s3,1.343,3,3S13.657,15,12,15z M16.804,6.116c-0.596,0-1.08,0.484-1.08,1.08 s0.484,1.08,1.08,1.08c0.596,0,1.08-0.484,1.08-1.08S17.401,6.116,16.804,6.116z\"><\/path><\/svg><span class=\"wp-block-social-link-label screen-reader-text\">Instagram<\/span><\/a><\/li><\/ul>\n","protected":false},"excerpt":{"rendered":"<p>Ama\u00e7 Atasoft kul\u00fcb\u00fcn\u00fcn amac\u0131 yaz\u0131l\u0131m geli\u015ftirme alan\u0131nda seminerler ,e\u011fitimler ,etkinlikler d\u00fczenlemek; \u00e7al\u0131\u015fma alanlar\u0131nda network olu\u015fturmak; gen\u00e7 bili\u015fimcilerin mental geli\u015fimlerine katk\u0131 sa\u011flayacak etkinlikler d\u00fczenlemek, bili\u015fim alan\u0131ndaki bilgi ve deneyim payla\u015f\u0131m\u0131n\u0131 te\u015fvik etmek ve sosyal sorumluluk projeleri ve akademik \u00e7al\u0131\u015fmalarda y\u00fcr\u00fct\u00fcc\u00fc olmak ve b\u00f6ylece topluma ve akademik \u00e7al\u0131\u015fmalara katk\u0131da bulunmakt\u0131r Kul\u00fcp Y\u00f6netimi Kul\u00fcp Dan\u0131\u015fman\u0131 Dr. \u00d6\u011fr. \u00dcyesi [&hellip;]<\/p>\n","protected":false},"author":507,"featured_media":0,"parent":0,"menu_order":0,"comment_status":"closed","ping_status":"closed","template":"","meta":{"footnotes":""},"class_list":["post-6483","page","type-page","status-publish","hentry"],"_links":{"self":[{"href":"https:\/\/atauni.edu.tr\/yonetim-bilisim-sistemleri-bolumu\/wp-json\/wp\/v2\/pages\/6483","targetHints":{"allow":["GET"]}}],"collection":[{"href":"https:\/\/atauni.edu.tr\/yonetim-bilisim-sistemleri-bolumu\/wp-json\/wp\/v2\/pages"}],"about":[{"href":"https:\/\/atauni.edu.tr\/yonetim-bilisim-sistemleri-bolumu\/wp-json\/wp\/v2\/types\/page"}],"author":[{"embeddable":true,"href":"https:\/\/atauni.edu.tr\/yonetim-bilisim-sistemleri-bolumu\/wp-json\/wp\/v2\/users\/507"}],"replies":[{"embeddable":true,"href":"https:\/\/atauni.edu.tr\/yonetim-bilisim-sistemleri-bolumu\/wp-json\/wp\/v2\/comments?post=6483"}],"version-history":[{"count":6,"href":"https:\/\/atauni.edu.tr\/yonetim-bilisim-sistemleri-bolumu\/wp-json\/wp\/v2\/pages\/6483\/revisions"}],"predecessor-version":[{"id":6649,"href":"https:\/\/atauni.edu.tr\/yonetim-bilisim-sistemleri-bolumu\/wp-json\/wp\/v2\/pages\/6483\/revisions\/6649"}],"wp:attachment":[{"href":"https:\/\/atauni.edu.tr\/yonetim-bilisim-sistemleri-bolumu\/wp-json\/wp\/v2\/media?parent=6483"}],"curies":[{"name":"wp","href":"https:\/\/api.w.org\/{rel}","templated":true}]}}