{"id":7102,"date":"2026-02-25T14:39:44","date_gmt":"2026-02-25T11:39:44","guid":{"rendered":"https:\/\/atauni.edu.tr\/yonetim-bilisim-sistemleri-bolumu\/?page_id=7102"},"modified":"2026-02-25T14:39:44","modified_gmt":"2026-02-25T11:39:44","slug":"program-egitim-amaclari","status":"publish","type":"page","link":"https:\/\/atauni.edu.tr\/yonetim-bilisim-sistemleri-bolumu\/program-egitim-amaclari\/","title":{"rendered":"Program E\u011fitim Ama\u00e7lar\u0131"},"content":{"rendered":"\n<p>1.&nbsp; Y\u00f6netim bilimleri, bilgi teknolojileri ve yapay zek\u00e2 temelli analitik y\u00f6ntemleri b\u00fct\u00fcnc\u00fcl bir yakla\u015f\u0131mla kullanabilen, \u00f6rg\u00fctsel ve y\u00f6netsel problemlere yenilik\u00e7i \u00e7\u00f6z\u00fcmler \u00fcretebilen profesyoneller yeti\u015ftirmek.<\/p>\n\n\n\n<p>2.&nbsp; Yapay zek\u00e2, veri bilimi ve ak\u0131ll\u0131 bilgi sistemlerinden yararlanarak, dinamik i\u015f ortamlar\u0131nda stratejik ve analitik kararlar alabilen y\u00f6neticiler yeti\u015ftirmek.<\/p>\n\n\n\n<p>&nbsp;3.&nbsp; Bilimsel ara\u015ft\u0131rma y\u00f6ntemlerini uygulayabilen, bilgi sistemleri ve dijital teknolojiler alanlar\u0131nda ara\u015ft\u0131rma yapabilen ve yenilik\u00e7i \u00e7\u00f6z\u00fcmler geli\u015ftirebilen profesyoneller yeti\u015ftirmek.<\/p>\n\n\n\n<p>&nbsp;4.&nbsp; Belirsizlik i\u00e7eren i\u015f ortamlar\u0131ndaki operasyonel ve stratejik i\u015f s\u00fcre\u00e7lerini destekleyen bilgi sistemlerini ve yapay zek\u00e2 uygulamalar\u0131n\u0131 geli\u015ftirebilen ve kullanabilen bilgi teknolojileri uzmanlar\u0131 yeti\u015ftirmek.<\/p>\n\n\n\n<p>&nbsp;5.&nbsp; Yapay zek\u00e2 ve bilgi sistemlerinin etik, hukuki ve toplumsal boyutlar\u0131n\u0131 g\u00f6zeten, s\u00fcrd\u00fcr\u00fclebilirlik ve toplumsal fayda odakl\u0131 yakla\u015f\u0131mlar geli\u015ftirebilen profesyoneller yeti\u015ftirmek.<\/p>\n\n\n\n<p>&nbsp;6.&nbsp; \u0130leti\u015fim, tak\u0131m \u00e7al\u0131\u015fmas\u0131 ve liderlik becerileri geli\u015fmi\u015f, k\u00fcresel i\u015f d\u00fcnyas\u0131n\u0131n gereksinimlerine uyum sa\u011flayabilen ve teknoloji temelli d\u00f6n\u00fc\u015f\u00fcmlere liderlik edebilecek profesyoneller yeti\u015ftirmek.<\/p>\n","protected":false},"excerpt":{"rendered":"<p>1.&nbsp; Y\u00f6netim bilimleri, bilgi teknolojileri ve yapay zek\u00e2 temelli analitik y\u00f6ntemleri b\u00fct\u00fcnc\u00fcl bir yakla\u015f\u0131mla kullanabilen, \u00f6rg\u00fctsel ve y\u00f6netsel problemlere yenilik\u00e7i \u00e7\u00f6z\u00fcmler \u00fcretebilen profesyoneller yeti\u015ftirmek. 2.&nbsp; Yapay zek\u00e2, veri bilimi ve ak\u0131ll\u0131 bilgi sistemlerinden yararlanarak, dinamik i\u015f ortamlar\u0131nda stratejik ve analitik kararlar alabilen y\u00f6neticiler yeti\u015ftirmek. &nbsp;3.&nbsp; Bilimsel ara\u015ft\u0131rma y\u00f6ntemlerini uygulayabilen, bilgi sistemleri ve dijital teknolojiler alanlar\u0131nda [&hellip;]<\/p>\n","protected":false},"author":586,"featured_media":0,"parent":0,"menu_order":0,"comment_status":"closed","ping_status":"closed","template":"","meta":{"footnotes":""},"class_list":["post-7102","page","type-page","status-publish","hentry"],"_links":{"self":[{"href":"https:\/\/atauni.edu.tr\/yonetim-bilisim-sistemleri-bolumu\/wp-json\/wp\/v2\/pages\/7102","targetHints":{"allow":["GET"]}}],"collection":[{"href":"https:\/\/atauni.edu.tr\/yonetim-bilisim-sistemleri-bolumu\/wp-json\/wp\/v2\/pages"}],"about":[{"href":"https:\/\/atauni.edu.tr\/yonetim-bilisim-sistemleri-bolumu\/wp-json\/wp\/v2\/types\/page"}],"author":[{"embeddable":true,"href":"https:\/\/atauni.edu.tr\/yonetim-bilisim-sistemleri-bolumu\/wp-json\/wp\/v2\/users\/586"}],"replies":[{"embeddable":true,"href":"https:\/\/atauni.edu.tr\/yonetim-bilisim-sistemleri-bolumu\/wp-json\/wp\/v2\/comments?post=7102"}],"version-history":[{"count":1,"href":"https:\/\/atauni.edu.tr\/yonetim-bilisim-sistemleri-bolumu\/wp-json\/wp\/v2\/pages\/7102\/revisions"}],"predecessor-version":[{"id":7103,"href":"https:\/\/atauni.edu.tr\/yonetim-bilisim-sistemleri-bolumu\/wp-json\/wp\/v2\/pages\/7102\/revisions\/7103"}],"wp:attachment":[{"href":"https:\/\/atauni.edu.tr\/yonetim-bilisim-sistemleri-bolumu\/wp-json\/wp\/v2\/media?parent=7102"}],"curies":[{"name":"wp","href":"https:\/\/api.w.org\/{rel}","templated":true}]}}