{"id":7143,"date":"2026-04-20T13:01:38","date_gmt":"2026-04-20T10:01:38","guid":{"rendered":"https:\/\/atauni.edu.tr\/yonetim-bilisim-sistemleri-bolumu\/?page_id=7143"},"modified":"2026-04-20T13:01:38","modified_gmt":"2026-04-20T10:01:38","slug":"kariyer-haftasi","status":"publish","type":"page","link":"https:\/\/atauni.edu.tr\/yonetim-bilisim-sistemleri-bolumu\/kariyer-haftasi\/","title":{"rendered":"Kariyer Haftas\u0131"},"content":{"rendered":"\n<p><em>YBS Kariyer Haftas\u0131 Etkinlikleri 2026 Ba\u015far\u0131yla Tamamland\u0131<\/em><\/p>\n\n\n\n<p>Atat\u00fcrk \u00dcniversitesi Y\u00f6netim Bili\u015fim Sistemleri B\u00f6l\u00fcm\u00fc olarak, <em>6\u201310 Nisan 2026<\/em> tarihleri aras\u0131nda ger\u00e7ekle\u015ftirdi\u011fimiz <em>\u201cYBS Kariyer Haftas\u0131 Etkinlikleri\u201d<\/em> yo\u011fun kat\u0131l\u0131m ve verimli i\u00e7eriklerle tamamland\u0131.<\/p>\n\n\n\n<p>Bu kapsamda d\u00fczenlenen <em>\u201cCV Haz\u0131rlama, M\u00fclakatlarda Etkili \u0130leti\u015fim ve Beden Dili\u201d<\/em> ba\u015fl\u0131kl\u0131 etkinli\u011fimizde, \u0130\u015f ve Meslek Dan\u0131\u015fman\u0131 &amp; \u0130\u015f Kul\u00fcb\u00fc Lideri <em>Ali Haydar Kolik<\/em> hem s\u00f6yle\u015fi ger\u00e7ekle\u015ftirmi\u015f hem de uygulamal\u0131 oturumlarla \u00f6\u011frencilerimize de\u011ferli katk\u0131lar sunmu\u015ftur.<\/p>\n\n\n\n<p>\ud83d\udccc <em>Etkinlikten \u00d6ne \u00c7\u0131kan Ba\u015fl\u0131klar:<\/em><\/p>\n\n\n\n<p>\ud83d\udd39 Kariyer fark\u0131ndal\u0131\u011f\u0131 ve bireysel geli\u015fim<\/p>\n\n\n\n<ul class=\"wp-block-list\">\n<li>Sosyal sermaye ve gizli i\u015f g\u00fcc\u00fc piyasas\u0131<\/li>\n\n\n\n<li>Hayal kurman\u0131n \u00f6nemi ve kendimizle y\u00fczle\u015fme<\/li>\n\n\n\n<li>Empati, duygusal zeka ve deneyimlerden ders \u00e7\u0131karma<\/li>\n<\/ul>\n\n\n\n<p>\ud83d\udd39 CV haz\u0131rlama ve ba\u015fvuru s\u00fcre\u00e7leri<\/p>\n\n\n\n<ul class=\"wp-block-list\">\n<li>CV\u2019nin \u201ccanl\u0131 bir belge\u201d oldu\u011fu yakla\u015f\u0131m\u0131<\/li>\n\n\n\n<li>Aday takip sistemleri (ATS) ve yapay zeka filtreleri<\/li>\n\n\n\n<li>\u0130\u015f ilan\u0131na uygun, hedef odakl\u0131 i\u00e7erik olu\u015fturma<\/li>\n\n\n\n<li>En g\u00fcncel deneyimlerin \u00fcstte yer almas\u0131<\/li>\n\n\n\n<li>CV\u2019nin sade, net ve maksimum 2\u20132.5 sayfa olmas\u0131<\/li>\n<\/ul>\n\n\n\n<p>\ud83d\udd39 Dikkat edilmesi gereken kritik noktalar<\/p>\n\n\n\n<ul class=\"wp-block-list\">\n<li>&#8220;Her do\u011fru her yerde s\u00f6ylenmez&#8221;: ileti\u015fim stratejisi<\/li>\n\n\n\n<li>Olumlu \u00f6zelliklerin vurgulanmas\u0131 ve d\u00fcr\u00fcstl\u00fck<\/li>\n\n\n\n<li>Gereksiz bilgi payla\u015f\u0131m\u0131ndan ka\u00e7\u0131nma<\/li>\n\n\n\n<li>CV\u2019de s\u0131k yap\u0131lan ve elenmeye neden olan hatalar<\/li>\n<\/ul>\n\n\n\n<p>\ud83d\udd39 Ki\u015fisel ve profesyonel profil<\/p>\n\n\n\n<ul class=\"wp-block-list\">\n<li>Deneyim, g\u00f6n\u00fcll\u00fcl\u00fck ve projelerin \u00f6nemi<\/li>\n\n\n\n<li>Hobilerin detayland\u0131r\u0131lmas\u0131 ve bireysel yetkinliklerle ili\u015fkilendirilmesi<\/li>\n\n\n\n<li>LinkedIn ve dijital platformlar\u0131n etkin kullan\u0131m\u0131<\/li>\n<\/ul>\n\n\n\n<p>\ud83d\udd39 M\u00fclakat s\u00fcre\u00e7leri<\/p>\n\n\n\n<ul class=\"wp-block-list\">\n<li>Beden dilinin etkili kullan\u0131m\u0131<\/li>\n\n\n\n<li>Kurum hakk\u0131nda bilgi (misyon, vizyon, de\u011ferler)<\/li>\n\n\n\n<li>\u201cBu i\u015fi yapabilir mi, uyum sa\u011flayabilir mi?\u201d sorusuna odaklanma<\/li>\n<\/ul>\n\n\n\n<p>\ud83d\udd39 Ek kazan\u0131mlar<\/p>\n\n\n\n<ul class=\"wp-block-list\">\n<li>Mesleki Yeterlilik Kurumu (MYK) belgeleri<\/li>\n\n\n\n<li>KPSS \u015fart\u0131 aramayan kariyer f\u0131rsatlar\u0131<\/li>\n\n\n\n<li>Mesleki e\u011fitim programlar\u0131n\u0131n \u00f6nemi\n<ol start=\"21\" class=\"wp-block-list\">\n<li>yy becerileri ve yetkinlikleri<\/li>\n<\/ol>\n<\/li>\n<\/ul>\n\n\n\n<p>\ud83d\udccc Ayr\u0131ca etkinli\u011fin ikinci g\u00fcn\u00fcnde ger\u00e7ekle\u015ftirilen <em>grup m\u00fclakat\u0131 uygulamas\u0131<\/em>, \u00f6\u011frencilerimizin ger\u00e7ek m\u00fclakat deneyimi ya\u015famalar\u0131na \u00f6nemli katk\u0131 sa\u011flam\u0131\u015ft\u0131r. Etkinlik oturumlar\u0131n\u0131n tamam\u0131na kat\u0131lan \u00f6\u011frencilerimize kat\u0131l\u0131m belgeleri takdim edilmi\u015ftir.<\/p>\n\n\n\n<p>Bu de\u011ferli katk\u0131lar\u0131ndan dolay\u0131 Say\u0131n <em>Ali Haydar Kolik\u2019e<\/em> te\u015fekk\u00fcr ediyor, etkinliklerimize kat\u0131l\u0131m sa\u011flayan t\u00fcm \u00f6\u011frencilerimize ba\u015far\u0131lar diliyoruz.<\/p>\n\n\n\n<figure class=\"wp-block-image size-large\"><img fetchpriority=\"high\" decoding=\"async\" width=\"1024\" height=\"768\" src=\"https:\/\/atauni.edu.tr\/yonetim-bilisim-sistemleri-bolumu\/wp-content\/uploads\/sites\/174\/2026\/04\/WhatsApp-Image-2026-04-18-at-16.33.52-1024x768.jpeg\" alt=\"\" class=\"wp-image-7144\" srcset=\"https:\/\/atauni.edu.tr\/yonetim-bilisim-sistemleri-bolumu\/wp-content\/uploads\/sites\/174\/2026\/04\/WhatsApp-Image-2026-04-18-at-16.33.52-1024x768.jpeg 1024w, https:\/\/atauni.edu.tr\/yonetim-bilisim-sistemleri-bolumu\/wp-content\/uploads\/sites\/174\/2026\/04\/WhatsApp-Image-2026-04-18-at-16.33.52-300x225.jpeg 300w, https:\/\/atauni.edu.tr\/yonetim-bilisim-sistemleri-bolumu\/wp-content\/uploads\/sites\/174\/2026\/04\/WhatsApp-Image-2026-04-18-at-16.33.52-768x576.jpeg 768w, https:\/\/atauni.edu.tr\/yonetim-bilisim-sistemleri-bolumu\/wp-content\/uploads\/sites\/174\/2026\/04\/WhatsApp-Image-2026-04-18-at-16.33.52-1536x1152.jpeg 1536w, https:\/\/atauni.edu.tr\/yonetim-bilisim-sistemleri-bolumu\/wp-content\/uploads\/sites\/174\/2026\/04\/WhatsApp-Image-2026-04-18-at-16.33.52-600x450.jpeg 600w, https:\/\/atauni.edu.tr\/yonetim-bilisim-sistemleri-bolumu\/wp-content\/uploads\/sites\/174\/2026\/04\/WhatsApp-Image-2026-04-18-at-16.33.52-560x420.jpeg 560w, https:\/\/atauni.edu.tr\/yonetim-bilisim-sistemleri-bolumu\/wp-content\/uploads\/sites\/174\/2026\/04\/WhatsApp-Image-2026-04-18-at-16.33.52.jpeg 1600w\" sizes=\"(max-width: 1024px) 100vw, 1024px\" \/><\/figure>\n","protected":false},"excerpt":{"rendered":"<p>YBS Kariyer Haftas\u0131 Etkinlikleri 2026 Ba\u015far\u0131yla Tamamland\u0131 Atat\u00fcrk \u00dcniversitesi Y\u00f6netim Bili\u015fim Sistemleri B\u00f6l\u00fcm\u00fc olarak, 6\u201310 Nisan 2026 tarihleri aras\u0131nda ger\u00e7ekle\u015ftirdi\u011fimiz \u201cYBS Kariyer Haftas\u0131 Etkinlikleri\u201d yo\u011fun kat\u0131l\u0131m ve verimli i\u00e7eriklerle tamamland\u0131. Bu kapsamda d\u00fczenlenen \u201cCV Haz\u0131rlama, M\u00fclakatlarda Etkili \u0130leti\u015fim ve Beden Dili\u201d ba\u015fl\u0131kl\u0131 etkinli\u011fimizde, \u0130\u015f ve Meslek Dan\u0131\u015fman\u0131 &amp; \u0130\u015f Kul\u00fcb\u00fc Lideri Ali Haydar Kolik hem [&hellip;]<\/p>\n","protected":false},"author":586,"featured_media":0,"parent":0,"menu_order":0,"comment_status":"closed","ping_status":"closed","template":"","meta":{"footnotes":""},"class_list":["post-7143","page","type-page","status-publish","hentry"],"_links":{"self":[{"href":"https:\/\/atauni.edu.tr\/yonetim-bilisim-sistemleri-bolumu\/wp-json\/wp\/v2\/pages\/7143","targetHints":{"allow":["GET"]}}],"collection":[{"href":"https:\/\/atauni.edu.tr\/yonetim-bilisim-sistemleri-bolumu\/wp-json\/wp\/v2\/pages"}],"about":[{"href":"https:\/\/atauni.edu.tr\/yonetim-bilisim-sistemleri-bolumu\/wp-json\/wp\/v2\/types\/page"}],"author":[{"embeddable":true,"href":"https:\/\/atauni.edu.tr\/yonetim-bilisim-sistemleri-bolumu\/wp-json\/wp\/v2\/users\/586"}],"replies":[{"embeddable":true,"href":"https:\/\/atauni.edu.tr\/yonetim-bilisim-sistemleri-bolumu\/wp-json\/wp\/v2\/comments?post=7143"}],"version-history":[{"count":2,"href":"https:\/\/atauni.edu.tr\/yonetim-bilisim-sistemleri-bolumu\/wp-json\/wp\/v2\/pages\/7143\/revisions"}],"predecessor-version":[{"id":7148,"href":"https:\/\/atauni.edu.tr\/yonetim-bilisim-sistemleri-bolumu\/wp-json\/wp\/v2\/pages\/7143\/revisions\/7148"}],"wp:attachment":[{"href":"https:\/\/atauni.edu.tr\/yonetim-bilisim-sistemleri-bolumu\/wp-json\/wp\/v2\/media?parent=7143"}],"curies":[{"name":"wp","href":"https:\/\/api.w.org\/{rel}","templated":true}]}}

Kariyer Haftası

<p><em>YBS Kariyer Haftası Etkinlikleri 2026 Başarıyla Tamamlandı</em></p>



<p>Atatürk Üniversitesi Yönetim Bilişim Sistemleri Bölümü olarak, <em>6–10 Nisan 2026</em> tarihleri arasında gerçekleştirdiğimiz <em>“YBS Kariyer Haftası Etkinlikleri”</em> yoğun katılım ve verimli içeriklerle tamamlandı.</p>



<p>Bu kapsamda düzenlenen <em>“CV Hazırlama, Mülakatlarda Etkili İletişim ve Beden Dili”</em> başlıklı etkinliğimizde, İş ve Meslek Danışmanı &amp; İş Kulübü Lideri <em>Ali Haydar Kolik</em> hem söyleşi gerçekleştirmiş hem de uygulamalı oturumlarla öğrencilerimize değerli katkılar sunmuştur.</p>



<p>📌 <em>Etkinlikten Öne Çıkan Başlıklar:</em></p>



<p>🔹 Kariyer farkındalığı ve bireysel gelişim</p>



<ul class="wp-block-list">
<li>Sosyal sermaye ve gizli iş gücü piyasası</li>



<li>Hayal kurmanın önemi ve kendimizle yüzleşme</li>



<li>Empati, duygusal zeka ve deneyimlerden ders çıkarma</li>
</ul>



<p>🔹 CV hazırlama ve başvuru süreçleri</p>



<ul class="wp-block-list">
<li>CV’nin “canlı bir belge” olduğu yaklaşımı</li>



<li>Aday takip sistemleri (ATS) ve yapay zeka filtreleri</li>



<li>İş ilanına uygun, hedef odaklı içerik oluşturma</li>



<li>En güncel deneyimlerin üstte yer alması</li>



<li>CV’nin sade, net ve maksimum 2–2.5 sayfa olması</li>
</ul>



<p>🔹 Dikkat edilmesi gereken kritik noktalar</p>



<ul class="wp-block-list">
<li>&#8220;Her doğru her yerde söylenmez&#8221;: iletişim stratejisi</li>



<li>Olumlu özelliklerin vurgulanması ve dürüstlük</li>



<li>Gereksiz bilgi paylaşımından kaçınma</li>



<li>CV’de sık yapılan ve elenmeye neden olan hatalar</li>
</ul>



<p>🔹 Kişisel ve profesyonel profil</p>



<ul class="wp-block-list">
<li>Deneyim, gönüllülük ve projelerin önemi</li>



<li>Hobilerin detaylandırılması ve bireysel yetkinliklerle ilişkilendirilmesi</li>



<li>LinkedIn ve dijital platformların etkin kullanımı</li>
</ul>



<p>🔹 Mülakat süreçleri</p>



<ul class="wp-block-list">
<li>Beden dilinin etkili kullanımı</li>



<li>Kurum hakkında bilgi (misyon, vizyon, değerler)</li>



<li>“Bu işi yapabilir mi, uyum sağlayabilir mi?” sorusuna odaklanma</li>
</ul>



<p>🔹 Ek kazanımlar</p>



<ul class="wp-block-list">
<li>Mesleki Yeterlilik Kurumu (MYK) belgeleri</li>



<li>KPSS şartı aramayan kariyer fırsatları</li>



<li>Mesleki eğitim programlarının önemi
<ol start="21" class="wp-block-list">
<li>yy becerileri ve yetkinlikleri</li>
</ol>
</li>
</ul>



<p>📌 Ayrıca etkinliğin ikinci gününde gerçekleştirilen <em>grup mülakatı uygulaması</em>, öğrencilerimizin gerçek mülakat deneyimi yaşamalarına önemli katkı sağlamıştır. Etkinlik oturumlarının tamamına katılan öğrencilerimize katılım belgeleri takdim edilmiştir.</p>



<p>Bu değerli katkılarından dolayı Sayın <em>Ali Haydar Kolik’e</em> teşekkür ediyor, etkinliklerimize katılım sağlayan tüm öğrencilerimize başarılar diliyoruz.</p>



<figure class="wp-block-image size-large"><img fetchpriority="high" decoding="async" width="1024" height="768" src="https://atauni.edu.tr/yonetim-bilisim-sistemleri-bolumu/wp-content/uploads/sites/174/2026/04/WhatsApp-Image-2026-04-18-at-16.33.52-1024x768.jpeg" alt="" class="wp-image-7144" srcset="https://atauni.edu.tr/yonetim-bilisim-sistemleri-bolumu/wp-content/uploads/sites/174/2026/04/WhatsApp-Image-2026-04-18-at-16.33.52-1024x768.jpeg 1024w, https://atauni.edu.tr/yonetim-bilisim-sistemleri-bolumu/wp-content/uploads/sites/174/2026/04/WhatsApp-Image-2026-04-18-at-16.33.52-300x225.jpeg 300w, https://atauni.edu.tr/yonetim-bilisim-sistemleri-bolumu/wp-content/uploads/sites/174/2026/04/WhatsApp-Image-2026-04-18-at-16.33.52-768x576.jpeg 768w, https://atauni.edu.tr/yonetim-bilisim-sistemleri-bolumu/wp-content/uploads/sites/174/2026/04/WhatsApp-Image-2026-04-18-at-16.33.52-1536x1152.jpeg 1536w, https://atauni.edu.tr/yonetim-bilisim-sistemleri-bolumu/wp-content/uploads/sites/174/2026/04/WhatsApp-Image-2026-04-18-at-16.33.52-600x450.jpeg 600w, https://atauni.edu.tr/yonetim-bilisim-sistemleri-bolumu/wp-content/uploads/sites/174/2026/04/WhatsApp-Image-2026-04-18-at-16.33.52-560x420.jpeg 560w, https://atauni.edu.tr/yonetim-bilisim-sistemleri-bolumu/wp-content/uploads/sites/174/2026/04/WhatsApp-Image-2026-04-18-at-16.33.52.jpeg 1600w" sizes="(max-width: 1024px) 100vw, 1024px" /></figure>

<p>YBS Kariyer Haftası Etkinlikleri 2026 Başarıyla Tamamlandı Atatürk Üniversitesi Yönetim Bilişim Sistemleri Bölümü olarak, 6–10 Nisan 2026 tarihleri arasında gerçekleştirdiğimiz “YBS Kariyer Haftası Etkinlikleri” yoğun katılım ve verimli içeriklerle tamamlandı. Bu kapsamda düzenlenen “CV Hazırlama, Mülakatlarda Etkili İletişim ve Beden Dili” başlıklı etkinliğimizde, İş ve Meslek Danışmanı &amp; İş Kulübü Lideri Ali Haydar Kolik hem [&hellip;]</p>
