{"id":5774,"date":"2021-07-13T13:54:52","date_gmt":"2021-07-13T10:54:52","guid":{"rendered":"https:\/\/portaltest.atauni.edu.tr\/muhendislik-fakultesi\/?page_id=5774"},"modified":"2025-05-25T16:30:29","modified_gmt":"2025-05-25T13:30:29","slug":"tarihce","status":"publish","type":"page","link":"https:\/\/atauni.edu.tr\/ziraat-fakultesi\/tarihce\/","title":{"rendered":"Tarih\u00e7e"},"content":{"rendered":"<h2>Tarih\u00e7e<\/h2>\n<p>Atat\u00fcrk \u00dcniversitesi, Ziraat Fak\u00fcltesi 17 Kas\u0131m 1958 tarihinde \u00f6\u011fretime a\u00e7\u0131lm\u0131\u015ft\u0131r.\u00a0<\/p>\n<p>Land-grant tipi \u00fcniversite misyonuna uygun olarak, 1961 y\u0131l\u0131nda Fak\u00fclte b\u00fcnyesinde \u201cZirai Ara\u015ft\u0131rma Enstit\u00fcs\u00fc\u201d ad\u0131yla, 1984 y\u0131l\u0131nda \u201cTar\u0131msal Ara\u015ft\u0131rma ve Yay\u0131m Merkezi\u201d ad\u0131n\u0131 alan \u00f6zel bir birim olu\u015fturulmu\u015ftur.\u00a0<\/p>\n<p>Di\u011fer taraftan kurulu\u015fundan k\u0131sa bir s\u00fcre sonra ABD-Nebraska \u00dcniversitesi ile 10 y\u0131ll\u0131k i\u015fbirli\u011fi yapan fak\u00fclte, \u00e7ok say\u0131da \u00f6\u011fretim eleman\u0131n\u0131n kar\u015f\u0131l\u0131kl\u0131 de\u011fi\u015fiminde b\u00fcy\u00fck bir ba\u015far\u0131 sa\u011flam\u0131\u015f, \u00f6zellikle Nebraska \u00dcniversitesi Ziraat Fak\u00fcltesi \u00f6\u011fretim \u00fcyeleri, fak\u00fcltemizin geli\u015fmesine \u00f6nemli katk\u0131larda bulunmu\u015flard\u0131r.\u00a0<\/p>\n<p>Son d\u00f6nemlerde ise ABD Ohio State \u00dcniversitesi ve New York \u00dcniversiteleri (SUNY) ile benzer bir program ba\u015flat\u0131lm\u0131\u015f ve her y\u0131l belli say\u0131da \u00f6\u011fretim eleman\u0131m\u0131z\u0131n k\u0131sa d\u00f6nemlerle bu \u00fcniversitelerde bilimsel \u00e7al\u0131\u015fmalar yapmas\u0131na f\u0131rsat sa\u011flanm\u0131\u015ft\u0131r.\u00a0<\/p>\n<p>Fak\u00fclte, kurulu\u015fundan g\u00fcn\u00fcm\u00fcze kadar aral\u0131ks\u0131z e\u011fitim-\u00f6\u011fretim, ara\u015ft\u0131rma ve yay\u0131m faaliyetleriyle \u00f6nemli hizmetler sunmu\u015f ve sunmaya devam etmektedir. Kurulu\u015fundan k\u0131sa bir s\u00fcre sonra da lisans\u00fcst\u00fc \u00f6\u011frenime ba\u015flayarak \u00fclkemizin ihtiyac\u0131 olan ihtisasla\u015fm\u0131\u015f meslek adam\u0131 ve \u00f6zellikle daha sonra kurulmu\u015f olan \u00fcniversitelerde g\u00f6rev alan \u00e7ok say\u0131da bilim adam\u0131n\u0131n yeti\u015ftirilmesinde \u00f6nemli bir hizmet yapm\u0131\u015ft\u0131r.\u00a0<\/p>\n<p>Fak\u00fclte 10.000\u2019in \u00fczerinde Ziraat Y\u00fcksek M\u00fchendisi, Ziraat M\u00fchendisi, G\u0131da M\u00fchendisi ve Peyzaj Mimar\u0131 mezun etmi\u015f; \u00e7ok say\u0131da ders notu, ders kitab\u0131 ve makale yay\u0131nlam\u0131\u015f; bilimsel kongre ve sempozyumlar d\u00fczenlemi\u015ftir.\u00a0<\/p>\n<p>Lisans d\u00fczeyindeki m\u00fchendislik \u00f6\u011fretiminin yan\u0131 s\u0131ra, lisans\u00fcst\u00fc d\u00fczeyde y\u00fcksek lisans ve doktora \u00f6\u011frenimini Fen Bilimleri Enstit\u00fcs\u00fc b\u00fcnyesinde s\u00fcrd\u00fcrmektedir.<\/p>\n","protected":false},"excerpt":{"rendered":"<p>Tarih\u00e7e Atat\u00fcrk \u00dcniversitesi, Ziraat Fak\u00fcltesi 17 Kas\u0131m 1958 tarihinde \u00f6\u011fretime a\u00e7\u0131lm\u0131\u015ft\u0131r.\u00a0 Land-grant tipi \u00fcniversite misyonuna uygun olarak, 1961 y\u0131l\u0131nda Fak\u00fclte b\u00fcnyesinde \u201cZirai Ara\u015ft\u0131rma Enstit\u00fcs\u00fc\u201d ad\u0131yla, 1984 y\u0131l\u0131nda \u201cTar\u0131msal Ara\u015ft\u0131rma ve Yay\u0131m Merkezi\u201d ad\u0131n\u0131 alan \u00f6zel bir birim olu\u015fturulmu\u015ftur.\u00a0 Di\u011fer taraftan kurulu\u015fundan k\u0131sa bir s\u00fcre sonra ABD-Nebraska \u00dcniversitesi ile 10 y\u0131ll\u0131k i\u015fbirli\u011fi yapan fak\u00fclte, \u00e7ok say\u0131da [&hellip;]<\/p>\n","protected":false},"author":1,"featured_media":0,"parent":0,"menu_order":0,"comment_status":"closed","ping_status":"closed","template":"elementor_header_footer","meta":{"footnotes":""},"class_list":["post-5774","page","type-page","status-publish","hentry"],"_links":{"self":[{"href":"https:\/\/atauni.edu.tr\/ziraat-fakultesi\/wp-json\/wp\/v2\/pages\/5774","targetHints":{"allow":["GET"]}}],"collection":[{"href":"https:\/\/atauni.edu.tr\/ziraat-fakultesi\/wp-json\/wp\/v2\/pages"}],"about":[{"href":"https:\/\/atauni.edu.tr\/ziraat-fakultesi\/wp-json\/wp\/v2\/types\/page"}],"author":[{"embeddable":true,"href":"https:\/\/atauni.edu.tr\/ziraat-fakultesi\/wp-json\/wp\/v2\/users\/1"}],"replies":[{"embeddable":true,"href":"https:\/\/atauni.edu.tr\/ziraat-fakultesi\/wp-json\/wp\/v2\/comments?post=5774"}],"version-history":[{"count":32,"href":"https:\/\/atauni.edu.tr\/ziraat-fakultesi\/wp-json\/wp\/v2\/pages\/5774\/revisions"}],"predecessor-version":[{"id":6937,"href":"https:\/\/atauni.edu.tr\/ziraat-fakultesi\/wp-json\/wp\/v2\/pages\/5774\/revisions\/6937"}],"wp:attachment":[{"href":"https:\/\/atauni.edu.tr\/ziraat-fakultesi\/wp-json\/wp\/v2\/media?parent=5774"}],"curies":[{"name":"wp","href":"https:\/\/api.w.org\/{rel}","templated":true}]}}